{"id":2514,"date":"2017-12-30T21:03:28","date_gmt":"2017-12-30T21:03:28","guid":{"rendered":"http:\/\/biblian.is\/biblian\/m%c2%92ka-3-kafli\/"},"modified":"2024-06-26T23:22:42","modified_gmt":"2024-06-26T23:22:42","slug":"mika-3-kafli","status":"publish","type":"page","link":"https:\/\/biblian.is\/biblian\/mika-3-kafli\/","title":{"rendered":"M\u00edka 3. kafli"},"content":{"rendered":"<h3 class=\"millifyrirsogn_2007\"> Gegn lei\u00f0togum \u00fej\u00f3\u00f0arinnar<\/h3>\n<p><span class=\"ljodatexti\"> <a name=\"1\"><span class=\"versanumer_ljod\">1<\/span><\/a>\u00c9g sag\u00f0i: <br \/>Heyri\u00f0, h\u00f6f\u00f0ingjar Jakobs <br \/>og lei\u00f0togar \u00cdsraels \u00e6ttar. <br \/>Vissulega \u00e1ttu\u00f0 \u00fe\u00e9r a\u00f0 vita hva\u00f0 r\u00e9tt er.<br \/> <\/span> <span class=\"ljodatexti\"> <a name=\"2\"><span class=\"versanumer_ljod\">2<\/span><\/a>En \u00fe\u00e9r hati\u00f0 \u00fea\u00f0 sem gott er <br \/>og elski\u00f0 \u00fea\u00f0 sem illt er, <br \/>fl\u00e1i\u00f0 af m\u00f6nnum h\u00fa\u00f0ina,<br \/>t\u00e6ti\u00f0 hold af beinum \u00feeirra. <br \/> <\/span> <span class=\"ljodatexti\"> <a name=\"3\"><span class=\"versanumer_ljod\">3<\/span><\/a>\u00deeir eta hold \u00fej\u00f3\u00f0ar minnar, <br \/>fl\u00e1 af skinni\u00f0 <br \/>og brj\u00f3ta beinin, <br \/>hluta holdi\u00f0 ni\u00f0ur eins og kj\u00f6t \u00ed pott <br \/>e\u00f0a steik \u00e1 p\u00f6nnu. <br \/> <\/span> <span class=\"ljodatexti\"> <a name=\"4\"><span class=\"versanumer_ljod\">4<\/span><\/a>\u00deeir munu hr\u00f3pa til Drottins <br \/>en hann mun ekki svara, <br \/>heldur byrgja auglit sitt fyrir \u00feeim <br \/>\u00fev\u00ed a\u00f0 verk \u00feeirra voru ill. <br \/> <\/span>                                                                                                                                                                                                                                                                                                                                                                                                                                                                                                                     <\/p>\n<h3 class=\"millifyrirsogn_2007\">Gegn sp\u00e1m\u00f6nnum<\/h3>\n<p><span class=\"ljodatexti\"> <a name=\"5\"><span class=\"versanumer_ljod\">5<\/span><\/a>Svo m\u00e6lir Drottinn um sp\u00e1mennina <br \/>sem villa um fyrir \u00fej\u00f3\u00f0 minni: <br \/>Fyrir matartuggu bo\u00f0a \u00feeir fri\u00f0<br \/>en str\u00ed\u00f0 hverjum \u00feeim <br \/>sem engu stingur upp \u00ed \u00fe\u00e1. <br \/> <\/span> <span class=\"ljodatexti\"> <a name=\"6\"><span class=\"versanumer_ljod\">6<\/span><\/a>\u00deess vegna mun n\u00f3tt <br \/>koma yfir y\u00f0ur<br \/>en engar vitranir, <br \/>myrkur en engir sp\u00e1d\u00f3mar.<br \/>S\u00f3l sp\u00e1mannanna mun setjast <br \/>og dagar myrkvast. <br \/> <\/span> <span class=\"ljodatexti\"> <a name=\"7\"><span class=\"versanumer_ljod\">7<\/span><\/a>Sj\u00e1endur ver\u00f0a s\u00e9r til minnkunar <br \/>og sp\u00e1sagnamenn haf\u00f0ir a\u00f0 spotti.<br \/>Allir munu \u00feeir hylja andlit sitt <br \/>\u00fev\u00ed a\u00f0 Gu\u00f0 veitir \u00feeim engin sv\u00f6r.<br \/> <\/span> <span class=\"ljodatexti\"> <a name=\"8\"><span class=\"versanumer_ljod\">8<\/span><\/a>En m\u00e9r hefur andi Drottins <br \/>veitt fullan \u00fer\u00f3tt, <br \/>r\u00e9tts\u00fdni og hugrekki <br \/>til a\u00f0 \u00e1telja Jakob fyrir brot hans <br \/>og \u00cdsrael fyrir synd hans. <br \/> <\/span>                                                                                                                                                                                                                                                                                                                                                                                                                                                                                                                     <\/p>\n<h3 class=\"millifyrirsogn_2007\">Gegn m\u00fatu\u00fe\u00e6gum lei\u00f0togum og prestum<\/h3>\n<p><span class=\"ljodatexti\"> <a name=\"9\"><span class=\"versanumer_ljod\">9<\/span><\/a>Heyri\u00f0 \u00feetta, lei\u00f0togar Jakobs \u00e6ttar, <br \/>h\u00f6f\u00f0ingjar \u00cdsraels \u00e6ttar, <br \/>\u00fe\u00e9r sem hafi\u00f0 andstygg\u00f0 \u00e1 r\u00e9ttl\u00e6ti <br \/>og halli\u00f0 hverju \u00fev\u00ed sem r\u00e9tt er, <br \/> <\/span> <span class=\"ljodatexti\"> <a name=\"10\"><span class=\"versanumer_ljod\">10<\/span><\/a>\u00fe\u00e9r sem byggi\u00f0 S\u00edon me\u00f0 bl\u00f3\u00f0i <br \/>og Jer\u00fasalem me\u00f0 \u00f3d\u00e6\u00f0isverkum. <br \/> <\/span> <span class=\"ljodatexti\"> <a name=\"11\"><span class=\"versanumer_ljod\">11<\/span><\/a>H\u00f6f\u00f0ingjar hennar \u00feiggja m\u00fatur fyrir d\u00f3ma s\u00edna, <br \/>prestar hennar f\u00e9 fyrir r\u00e1\u00f0 s\u00edn <br \/>og sp\u00e1menn hennar sp\u00e1 gegn gjaldi. <br \/>\u00de\u00f3 rei\u00f0a \u00feeir sig \u00e1 Drottin og segja: <br \/>\u201eEr Drottinn ekki me\u00f0 oss? <br \/>Engin \u00f3g\u00e6fa hendir oss.\u201c <br \/> <\/span> <span class=\"ljodatexti\"> <a name=\"12\"><span class=\"versanumer_ljod\">12<\/span><\/a>Af y\u00f0ar s\u00f6kum<br \/>ver\u00f0ur S\u00edon pl\u00e6g\u00f0 sem akur, <br \/>Jer\u00fasalem ver\u00f0ur a\u00f0 r\u00fast <br \/>og musterisfjalli\u00f0 a\u00f0 kjarrivaxinni h\u00e6\u00f0. <\/span> <\/p>\n","protected":false},"excerpt":{"rendered":"<p>Gegn lei\u00f0togum \u00fej\u00f3\u00f0arinnar 1\u00c9g sag\u00f0i: Heyri\u00f0, h\u00f6f\u00f0ingjar Jakobs og lei\u00f0togar \u00cdsraels \u00e6ttar. Vissulega \u00e1ttu\u00f0 \u00fe\u00e9r a\u00f0 vita hva\u00f0 r\u00e9tt er. 2En \u00fe\u00e9r hati\u00f0 \u00fea\u00f0 sem gott er og elski\u00f0 \u00fea\u00f0 sem illt er, fl\u00e1i\u00f0 af m\u00f6nnum h\u00fa\u00f0ina,t\u00e6ti\u00f0 hold af beinum \u00feeirra. 3\u00deeir eta hold \u00fej\u00f3\u00f0ar minnar, fl\u00e1 af skinni\u00f0 og brj\u00f3ta beinin, hluta holdi\u00f0 ni\u00f0ur eins og kj\u00f6t \u00ed pott e\u00f0a steik \u00e1 p\u00f6nnu. 4\u00deeir munu hr\u00f3pa til Drottins en hann mun ekki svara, heldur byrgja auglit sitt fyrir \u00feeim \u00fev\u00ed a\u00f0 verk \u00feeirra voru ill. Gegn sp\u00e1m\u00f6nnum 5Svo m\u00e6lir Drottinn um sp\u00e1mennina sem villa um fyrir \u00fej\u00f3\u00f0 minni: Fyrir <a href=\"https:\/\/biblian.is\/biblian\/mika-3-kafli\/\"> [&#8230;]<\/a><\/p>\n","protected":false},"author":1,"featured_media":0,"parent":0,"menu_order":0,"comment_status":"open","ping_status":"open","template":"bibliukaflar_NT.php","meta":{"footnotes":""},"class_list":["post-2514","page","type-page","status-publish","hentry"],"_links":{"self":[{"href":"https:\/\/biblian.is\/biblian\/wp-json\/wp\/v2\/pages\/2514","targetHints":{"allow":["GET"]}}],"collection":[{"href":"https:\/\/biblian.is\/biblian\/wp-json\/wp\/v2\/pages"}],"about":[{"href":"https:\/\/biblian.is\/biblian\/wp-json\/wp\/v2\/types\/page"}],"author":[{"embeddable":true,"href":"https:\/\/biblian.is\/biblian\/wp-json\/wp\/v2\/users\/1"}],"replies":[{"embeddable":true,"href":"https:\/\/biblian.is\/biblian\/wp-json\/wp\/v2\/comments?post=2514"}],"version-history":[{"count":0,"href":"https:\/\/biblian.is\/biblian\/wp-json\/wp\/v2\/pages\/2514\/revisions"}],"wp:attachment":[{"href":"https:\/\/biblian.is\/biblian\/wp-json\/wp\/v2\/media?parent=2514"}],"curies":[{"name":"wp","href":"https:\/\/api.w.org\/{rel}","templated":true}]}}