{"id":2513,"date":"2017-12-30T21:03:28","date_gmt":"2017-12-30T21:03:28","guid":{"rendered":"http:\/\/biblian.is\/biblian\/m%c2%92ka-2-kafli\/"},"modified":"2024-06-26T23:22:42","modified_gmt":"2024-06-26T23:22:42","slug":"mika-2-kafli","status":"publish","type":"page","link":"https:\/\/biblian.is\/biblian\/mika-2-kafli\/","title":{"rendered":"M\u00edka 2. kafli"},"content":{"rendered":"<h3 class=\"millifyrirsogn_2007\"> Gegn \u00e1girnd ofr\u00edkismanna<\/h3>\n<p><span class=\"ljodatexti\"> <a name=\"1\"><span class=\"versanumer_ljod\">1<\/span><\/a>Vei \u00feeim sem efna til ranginda, <br \/>hyggja \u00e1 ill verk \u00ed hv\u00edlu sinni <br \/>og vinna \u00feau \u00feegar dagur rennur, <br \/>\u00fev\u00ed a\u00f0 \u00feess eru \u00feeir megnugir.<br \/> <\/span> <span class=\"ljodatexti\"> <a name=\"2\"><span class=\"versanumer_ljod\">2<\/span><\/a>\u00deeir \u00e1girnast akra <br \/>og r\u00e6na \u00feeim, <br \/>h\u00fas og stela \u00feeim. <br \/>\u00deeir svipta menn heimilum s\u00ednum <br \/>og f\u00f3lki\u00f0 arfleif\u00f0 sinni. <br \/> <\/span> <span class=\"ljodatexti\"> <a name=\"3\"><span class=\"versanumer_ljod\">3<\/span><\/a>Vegna \u00feessa segir Drottinn: <br \/>Meiri \u00f3g\u00e6fu baka \u00e9g \u00feessari kynsl\u00f3\u00f0 <br \/>en \u00fe\u00e9r f\u00e1i\u00f0 risi\u00f0 undir. <br \/>Uppr\u00e9ttir munu\u00f0 \u00fe\u00e9r eigi ganga, <br \/>sl\u00edk ver\u00f0ur s\u00fa h\u00f6rmungat\u00ed\u00f0. <br \/> <\/span> <span class=\"ljodatexti\"> <a name=\"4\"><span class=\"versanumer_ljod\">4<\/span><\/a>\u00c1 \u00feeim degi <br \/>ver\u00f0ur n\u00ed\u00f0 kve\u00f0i\u00f0 um y\u00f0ur<br \/>og harmas\u00f6ngur hafinn: <br \/>\u201eV\u00e9r erum glata\u00f0ir.<br \/>Eignum \u00fej\u00f3\u00f0ar minnar er svipt burt,<br \/>landi\u00f0 teki\u00f0 af henni <br \/>og \u00fev\u00ed deilt milli k\u00fagara.\u201c<br \/> <\/span> <span class=\"ljodatexti\"> <a name=\"5\"><span class=\"versanumer_ljod\">5<\/span><\/a>Og sannarlega mun enginn y\u00f0ar <br \/>kasta m\u00e6lisn\u00faru <span class=\"nedan_mal\" title=\" Merkingin er a\u00f0 f\u00e1 land me\u00f0 hlutkesti.\">[<\/span> yfir land <br \/>\u00ed vi\u00f0urvist safna\u00f0ar Drottins.<br \/> <\/span> <span class=\"ljodatexti\"> <a name=\"6\"><span class=\"versanumer_ljod\">6<\/span><\/a>\u201eH\u00e6tti\u00f0 \u00feessu \u00ferugli,\u201c \u00ferugla \u00feeir. <br \/>\u201eEngin \u00fe\u00f6rf er \u00e1 svona \u00ferugli. <br \/>Vor b\u00ed\u00f0ur engin sm\u00e1n.\u201c <br \/> <\/span> <span class=\"ljodatexti\"> <a name=\"7\"><span class=\"versanumer_ljod\">7<\/span><\/a>Er ford\u00e6ming \u00fe\u00e1 komin yfir \u00e6tt Jakobs? <br \/>Er Drottinn or\u00f0inn br\u00e1\u00f0lyndur? <br \/>Er \u00feetta h\u00e1ttur hans?<br \/>Bo\u00f0a or\u00f0 hans hinum r\u00e1\u00f0v\u00f6ndu ekki g\u00e6fu? <br \/> <\/span> <span class=\"ljodatexti\"> <a name=\"8\"><span class=\"versanumer_ljod\">8<\/span><\/a>En \u00fe\u00e9r r\u00edsi\u00f0 gegn \u00fej\u00f3\u00f0 minni <span class=\"nedan_mal\" title=\" \u00d6nnur hugsanleg \u00fe\u00fd\u00f0ing: N\u00fdlega hefur \u00fej\u00f3\u00f0 m\u00edn risi\u00f0 upp.\">[<\/span> <br \/>sem fjandmenn, <br \/>\u00fe\u00e9r r\u00edfi\u00f0 kyrtilinn af hinum fri\u00f0sama <br \/>og ugglausa vegfarendur taki\u00f0 \u00fe\u00e9r herfangi. <br \/> <\/span> <span class=\"ljodatexti\"> <a name=\"9\"><span class=\"versanumer_ljod\">9<\/span><\/a>\u00de\u00e9r reki\u00f0 konur \u00fej\u00f3\u00f0ar minnar <br \/>af heimilunum, sem voru yndi \u00feeirra, <br \/>og svipti\u00f0 b\u00f6rn \u00feeirra a\u00f0 eil\u00edfu hei\u00f0rinum <br \/>sem \u00feau hafa \u00feegi\u00f0 af m\u00e9r.<br \/> <\/span> <span class=\"ljodatexti\"> <a name=\"10\"><span class=\"versanumer_ljod\">10<\/span><\/a>Burt h\u00e9\u00f0an. Fari\u00f0 burt. <br \/>H\u00e9r eigi\u00f0 \u00fe\u00e9r engan samasta\u00f0. <br \/>Spilling y\u00f0ar saurgar <br \/>og ber \u00ed s\u00e9r \u00f3m\u00e6lda h\u00f6rmung. <br \/> <\/span> <span class=\"ljodatexti\"> <a name=\"11\"><span class=\"versanumer_ljod\">11<\/span><\/a>En k\u00e6mi n\u00fa hr\u00e6snari <br \/>og bo\u00f0a\u00f0i h\u00e9g\u00f3ma og lygi sem svo: <br \/>\u201e\u00c9g bo\u00f0a \u00fe\u00e9r v\u00edn og \u00e1fengan drykk,\u201c <br \/>\u00fe\u00e1 v\u00e6ri \u00fea\u00f0 sp\u00e1ma\u00f0ur fyrir \u00fev\u00edl\u00edka \u00fej\u00f3\u00f0.<br \/> <\/span>                                                                                                                                                                                                                                                                                                                                                                                                                                                                                                                     <\/p>\n<h3 class=\"millifyrirsogn_2007\">Fyrirheit<\/h3>\n<p><span class=\"ljodatexti\"> <a name=\"12\"><span class=\"versanumer_ljod\">12<\/span><\/a>\u00c9g mun safna y\u00f0ur \u00f6llum saman, <br \/>Jakobs \u00e6tt, <br \/>og smala saman sau\u00f0um \u00cdsraels eins og sau\u00f0f\u00e9 \u00ed r\u00e9tt, <br \/>eins og hj\u00f6r\u00f0 \u00ed haga, <br \/>og \u00fe\u00e1 ver\u00f0ur kli\u00f0urinn mikill af mannmerg\u00f0inni.<br \/> <\/span> <span class=\"ljodatexti\"> <a name=\"13\"><span class=\"versanumer_ljod\">13<\/span><\/a>Fyrir \u00feeim fer brautry\u00f0jandinn, <br \/>\u00feeir ry\u00f0jast \u00fat um hli\u00f0i\u00f0. <br \/>Fremstur fer konungur \u00feeirra <br \/>og Drottinn \u00ed broddi fylkingar. <\/span> <\/p>\n","protected":false},"excerpt":{"rendered":"<p>Gegn \u00e1girnd ofr\u00edkismanna 1Vei \u00feeim sem efna til ranginda, hyggja \u00e1 ill verk \u00ed hv\u00edlu sinni og vinna \u00feau \u00feegar dagur rennur, \u00fev\u00ed a\u00f0 \u00feess eru \u00feeir megnugir. 2\u00deeir \u00e1girnast akra og r\u00e6na \u00feeim, h\u00fas og stela \u00feeim. \u00deeir svipta menn heimilum s\u00ednum og f\u00f3lki\u00f0 arfleif\u00f0 sinni. 3Vegna \u00feessa segir Drottinn: Meiri \u00f3g\u00e6fu baka \u00e9g \u00feessari kynsl\u00f3\u00f0 en \u00fe\u00e9r f\u00e1i\u00f0 risi\u00f0 undir. Uppr\u00e9ttir munu\u00f0 \u00fe\u00e9r eigi ganga, sl\u00edk ver\u00f0ur s\u00fa h\u00f6rmungat\u00ed\u00f0. 4\u00c1 \u00feeim degi ver\u00f0ur n\u00ed\u00f0 kve\u00f0i\u00f0 um y\u00f0urog harmas\u00f6ngur hafinn: \u201eV\u00e9r erum glata\u00f0ir.Eignum \u00fej\u00f3\u00f0ar minnar er svipt burt,landi\u00f0 teki\u00f0 af henni og \u00fev\u00ed deilt milli k\u00fagara.\u201c 5Og sannarlega mun <a href=\"https:\/\/biblian.is\/biblian\/mika-2-kafli\/\"> [&#8230;]<\/a><\/p>\n","protected":false},"author":1,"featured_media":0,"parent":0,"menu_order":0,"comment_status":"open","ping_status":"open","template":"bibliukaflar_NT.php","meta":{"footnotes":""},"class_list":["post-2513","page","type-page","status-publish","hentry"],"_links":{"self":[{"href":"https:\/\/biblian.is\/biblian\/wp-json\/wp\/v2\/pages\/2513","targetHints":{"allow":["GET"]}}],"collection":[{"href":"https:\/\/biblian.is\/biblian\/wp-json\/wp\/v2\/pages"}],"about":[{"href":"https:\/\/biblian.is\/biblian\/wp-json\/wp\/v2\/types\/page"}],"author":[{"embeddable":true,"href":"https:\/\/biblian.is\/biblian\/wp-json\/wp\/v2\/users\/1"}],"replies":[{"embeddable":true,"href":"https:\/\/biblian.is\/biblian\/wp-json\/wp\/v2\/comments?post=2513"}],"version-history":[{"count":0,"href":"https:\/\/biblian.is\/biblian\/wp-json\/wp\/v2\/pages\/2513\/revisions"}],"wp:attachment":[{"href":"https:\/\/biblian.is\/biblian\/wp-json\/wp\/v2\/media?parent=2513"}],"curies":[{"name":"wp","href":"https:\/\/api.w.org\/{rel}","templated":true}]}}