{"id":2509,"date":"2017-12-30T21:03:28","date_gmt":"2017-12-30T21:03:28","guid":{"rendered":"http:\/\/biblian.is\/biblian\/j%c2%97nas-2-kafli\/"},"modified":"2023-02-25T04:41:27","modified_gmt":"2023-02-25T04:41:27","slug":"jonas-2-kafli","status":"publish","type":"page","link":"https:\/\/biblian.is\/biblian\/jonas-2-kafli\/","title":{"rendered":"J\u00f3nas 2. kafli"},"content":{"rendered":"<h3 class=\"millifyrirsogn_2007\"> J\u00f3nas syngur \u00feakkars\u00e1lm<\/h3>\n<p><a name=\"1\"><span class=\"versanumer_2007\">1<\/span><\/a> Drottinn sendi st\u00f3ran fisk og l\u00e9t hann gleypa J\u00f3nas og var J\u00f3nas \u00ed kvi\u00f0i fisksins \u00ed \u00ferj\u00e1 daga og \u00ferj\u00e1r n\u00e6tur. <a name=\"2\"><span class=\"versanumer_2007\">2<\/span><\/a> \u00dar kvi\u00f0i fisksins ba\u00f0 hann til Drottins, Gu\u00f0s s\u00edns: <br \/> <span class=\"ljodatexti\"> <a name=\"3\"><span class=\"versanumer_ljod\">3<\/span><\/a>\u00cd ney\u00f0 minni kalla\u00f0i \u00e9g til Drottins <br \/>og hann svara\u00f0i m\u00e9r.<br \/>\u00dar dj\u00fapi heljar hr\u00f3pa\u00f0i \u00e9g \u00e1 hj\u00e1lp <br \/>og \u00fe\u00fa heyr\u00f0ir hr\u00f3p mitt.<br \/> <\/span> <span class=\"ljodatexti\"> <a name=\"4\"><span class=\"versanumer_ljod\">4<\/span><\/a>\u00de\u00fa varpa\u00f0ir m\u00e9r ni\u00f0ur \u00e1 hyld\u00fdpi \u00e1 reginhafi, <br \/>straum\u00feunginn umlukti mig, <br \/>allar bylgjur \u00fe\u00ednar og bo\u00f0af\u00f6ll gengu yfir mig. <br \/> <\/span> <span class=\"ljodatexti\"> <a name=\"5\"><span class=\"versanumer_ljod\">5<\/span><\/a>\u00de\u00e1 hugsa\u00f0i \u00e9g:<br \/>\u00c9g er burt rekinn fr\u00e1 augum \u00fe\u00ednum.<br \/>Samt mun \u00e9g enn f\u00e1 <br \/>a\u00f0 l\u00edta \u00feitt heilaga musteri.<br \/> <\/span> <span class=\"ljodatexti\"> <a name=\"6\"><span class=\"versanumer_ljod\">6<\/span><\/a>V\u00f6tnin \u00e6tlu\u00f0u a\u00f0 drekkja m\u00e9r,<br \/>hyld\u00fdpi\u00f0 umlukti mig<br \/>og \u00feangi\u00f0 vaf\u00f0ist m\u00e9r um h\u00f6fu\u00f0. <br \/> <\/span> <span class=\"ljodatexti\"> <a name=\"7\"><span class=\"versanumer_ljod\">7<\/span><\/a>\u00c9g steig ni\u00f0ur a\u00f0 r\u00f3tum fjallanna<br \/>og slagbrandar jar\u00f0arinnar skullu aftur a\u00f0 baki m\u00e9r a\u00f0 eil\u00edfu.<br \/>En \u00fe\u00fa leiddir mig lifandi upp \u00far gl\u00f6tunargr\u00f6finni,<br \/>Drottinn Gu\u00f0 minn. <br \/> <\/span> <span class=\"ljodatexti\"> <a name=\"8\"><span class=\"versanumer_ljod\">8<\/span><\/a>Er \u00e9g var a\u00f0 dau\u00f0a kominn<br \/>minntist \u00e9g Drottins<br \/>og b\u00e6n m\u00edn kom fram fyrir \u00feig<br \/>\u00ed \u00fe\u00ednu heilaga musteri. <br \/> <\/span> <span class=\"ljodatexti\"> <a name=\"9\"><span class=\"versanumer_ljod\">9<\/span><\/a>\u00deeir sem d\u00fdrka f\u00e1n\u00fdta hj\u00e1gu\u00f0i<br \/>hafa brug\u00f0i\u00f0 tr\u00fana\u00f0i vi\u00f0 Drottin. <br \/> <\/span> <span class=\"ljodatexti\"> <a name=\"10\"><span class=\"versanumer_ljod\">10<\/span><\/a>En \u00e9g vil f\u00e6ra \u00fe\u00e9r f\u00f3rn <br \/>og syngja \u00fe\u00e9r \u00feakkars\u00e1lm. <br \/>Heiti\u00f0, sem \u00e9g hef unni\u00f0, vil \u00e9g efna.<br \/>Hj\u00e1lpin er hj\u00e1 Drottni. <br \/> <\/span> <a name=\"11\"><span class=\"versanumer_2007\">11<\/span><\/a> \u00de\u00e1 bau\u00f0 Drottinn fiskinum a\u00f0 sp\u00faa J\u00f3nasi upp \u00e1 \u00feurrt land. <\/p>\n","protected":false},"excerpt":{"rendered":"<p>J\u00f3nas syngur \u00feakkars\u00e1lm 1 Drottinn sendi st\u00f3ran fisk og l\u00e9t hann gleypa J\u00f3nas og var J\u00f3nas \u00ed kvi\u00f0i fisksins \u00ed \u00ferj\u00e1 daga og \u00ferj\u00e1r n\u00e6tur. 2 \u00dar kvi\u00f0i fisksins ba\u00f0 hann til Drottins, Gu\u00f0s s\u00edns: 3\u00cd ney\u00f0 minni kalla\u00f0i \u00e9g til Drottins og hann svara\u00f0i m\u00e9r.\u00dar dj\u00fapi heljar hr\u00f3pa\u00f0i \u00e9g \u00e1 hj\u00e1lp og \u00fe\u00fa heyr\u00f0ir hr\u00f3p mitt. 4\u00de\u00fa varpa\u00f0ir m\u00e9r ni\u00f0ur \u00e1 hyld\u00fdpi \u00e1 reginhafi, straum\u00feunginn umlukti mig, allar bylgjur \u00fe\u00ednar og bo\u00f0af\u00f6ll gengu yfir mig. 5\u00de\u00e1 hugsa\u00f0i \u00e9g:\u00c9g er burt rekinn fr\u00e1 augum \u00fe\u00ednum.Samt mun \u00e9g enn f\u00e1 a\u00f0 l\u00edta \u00feitt heilaga musteri. 6V\u00f6tnin \u00e6tlu\u00f0u a\u00f0 drekkja m\u00e9r,hyld\u00fdpi\u00f0 umlukti <a href=\"https:\/\/biblian.is\/biblian\/jonas-2-kafli\/\"> [&#8230;]<\/a><\/p>\n","protected":false},"author":1,"featured_media":0,"parent":0,"menu_order":0,"comment_status":"open","ping_status":"open","template":"bibliukaflar_NT.php","meta":{"footnotes":""},"class_list":["post-2509","page","type-page","status-publish","hentry"],"_links":{"self":[{"href":"https:\/\/biblian.is\/biblian\/wp-json\/wp\/v2\/pages\/2509","targetHints":{"allow":["GET"]}}],"collection":[{"href":"https:\/\/biblian.is\/biblian\/wp-json\/wp\/v2\/pages"}],"about":[{"href":"https:\/\/biblian.is\/biblian\/wp-json\/wp\/v2\/types\/page"}],"author":[{"embeddable":true,"href":"https:\/\/biblian.is\/biblian\/wp-json\/wp\/v2\/users\/1"}],"replies":[{"embeddable":true,"href":"https:\/\/biblian.is\/biblian\/wp-json\/wp\/v2\/comments?post=2509"}],"version-history":[{"count":0,"href":"https:\/\/biblian.is\/biblian\/wp-json\/wp\/v2\/pages\/2509\/revisions"}],"wp:attachment":[{"href":"https:\/\/biblian.is\/biblian\/wp-json\/wp\/v2\/media?parent=2509"}],"curies":[{"name":"wp","href":"https:\/\/api.w.org\/{rel}","templated":true}]}}