{"id":2507,"date":"2017-12-30T21:03:28","date_gmt":"2017-12-30T21:03:28","guid":{"rendered":"http:\/\/biblian.is\/biblian\/ibad%c2%92a-1-kafli\/"},"modified":"2024-03-19T16:13:10","modified_gmt":"2024-03-19T16:13:10","slug":"obadia-1-kafli","status":"publish","type":"page","link":"https:\/\/biblian.is\/biblian\/obadia-1-kafli\/","title":{"rendered":"\u00d3bad\u00eda 1. kafli"},"content":{"rendered":"<h3 class=\"millifyrirsogn_2007\"> Ey\u00f0ing Ed\u00f3m\u00edta<\/h3>\n<p><span class=\"ljodatexti\"> <a name=\"1\"><span class=\"versanumer_ljod\">1<\/span><\/a>Vitrun \u00d3bad\u00eda.<br \/>T\u00ed\u00f0indi hafa borist fr\u00e1 Drottni <br \/>og bo\u00f0beri er sendur til \u00fej\u00f3\u00f0anna:<br \/>\u201eKomum n\u00fa. Herjum \u00e1 Ed\u00f3m\u00edta.\u201c<br \/>Svo segir Drottinn Gu\u00f0 um Ed\u00f3m:<br \/> <\/span> <span class=\"ljodatexti\"> <a name=\"2\"><span class=\"versanumer_ljod\">2<\/span><\/a>\u00deig geri \u00e9g sm\u00e6stan me\u00f0al \u00fej\u00f3\u00f0a, <br \/>\u00fe\u00fa ver\u00f0ur fyrirlitinn mj\u00f6g.<br \/> <\/span> <span class=\"ljodatexti\"> <a name=\"3\"><span class=\"versanumer_ljod\">3<\/span><\/a>Hroki hjarta \u00fe\u00edns hefur dregi\u00f0 \u00feig \u00e1 t\u00e1lar,<br \/>\u00fe\u00fa sem b\u00fdr\u00f0 \u00ed klettaskorum,<br \/>\u00e1tt dvalarsta\u00f0 \u00e1 h\u00e6\u00f0um uppi <br \/>og segir \u00ed hjarta \u00fe\u00ednu:<br \/>\u201eHver getur steypt m\u00e9r til jar\u00f0ar?\u201c<br \/> <\/span> <span class=\"ljodatexti\"> <a name=\"4\"><span class=\"versanumer_ljod\">4<\/span><\/a>\u00de\u00f3tt \u00fe\u00fa sv\u00edfir eins h\u00e1tt og \u00f6rninn <br \/>og gerir \u00fe\u00e9r hrei\u00f0ur me\u00f0al stjarnanna <br \/>mun \u00e9g steypa \u00fe\u00e9r ni\u00f0ur, segir Drottinn.<br \/> <\/span> <span class=\"ljodatexti\"> <a name=\"5\"><span class=\"versanumer_ljod\">5<\/span><\/a>Komi \u00fej\u00f3far a\u00f0 \u00fe\u00e9r, <br \/>r\u00e6ningjar a\u00f0 n\u00e6tur\u00feeli, <br \/>\u00fe\u00e1 stela \u00feeir ekki umfram \u00fe\u00f6rf s\u00edna. <br \/>Komi v\u00ednyrkjumenn til \u00fe\u00edn <br \/>munu \u00feeir eftirl\u00e1ta \u00fe\u00e9r eftirt\u00ednsluna.<br \/>Hve algj\u00f6r er ey\u00f0ing \u00fe\u00edn or\u00f0in.<br \/> <\/span> <span class=\"ljodatexti\"> <a name=\"6\"><span class=\"versanumer_ljod\">6<\/span><\/a>Hve \u00feaulrannsaka\u00f0ur ver\u00f0ur Esa\u00fa <br \/> og f\u00f3lgin au\u00f0\u00e6fi hans leitu\u00f0 uppi.<br \/> <\/span> <span class=\"ljodatexti\"> <a name=\"7\"><span class=\"versanumer_ljod\">7<\/span><\/a>Allir bandamenn \u00fe\u00ednir hrekja \u00feig <br \/>allt a\u00f0 landam\u00e6runum,<br \/>lagsmenn \u00fe\u00ednir villa um fyrir \u00fe\u00e9r <br \/>og bera \u00feig ofurli\u00f0i<br \/>og m\u00f6tunautar \u00fe\u00ednir <br \/>hafa lagt sn\u00f6rur fyrir \u00feig. <br \/> <\/span> <span class=\"ljodatexti\"> <a name=\"8\"><span class=\"versanumer_ljod\">8<\/span><\/a>\u00c1 \u00feeim degi, segir Drottinn, <br \/>ey\u00f0i \u00e9g hinum vitru \u00ed Ed\u00f3m <br \/>og viskunni af fjalli Esa\u00fa. <br \/>Og hyggindi hans mun \u00ferj\u00f3ta.<br \/> <\/span> <span class=\"ljodatexti\"> <a name=\"9\"><span class=\"versanumer_ljod\">9<\/span><\/a>Kappar \u00fe\u00ednir, Teman, skulu skelfast.<br \/>\u00c1 fjalli Esa\u00fa mun enginn lifa manndr\u00e1pin af.<br \/> <\/span> <span class=\"ljodatexti\"> <a name=\"10\"><span class=\"versanumer_ljod\">10<\/span><\/a>Sakir ofbeldisverka \u00feinna <br \/>gegn Jakob, br\u00f3\u00f0ur \u00fe\u00ednum, <br \/>mun sm\u00e1nin hvolfast yfir \u00feig <br \/>og \u00fe\u00fa tort\u00edmast a\u00f0 eil\u00edfu. <br \/> <\/span> <span class=\"ljodatexti\"> <a name=\"11\"><span class=\"versanumer_ljod\">11<\/span><\/a>\u00deann dag sem \u00fe\u00fa l\u00e9st afskiptalaust <br \/>a\u00f0 a\u00f0komumenn flyttu burt eigur hans,<br \/>\u00feegar \u00fatlendingar h\u00e9ldu inn um hli\u00f0 hans <br \/>og v\u00f6rpu\u00f0u hlutkesti um Jer\u00fasalem, <br \/>varst \u00fe\u00fa sem einn af \u00feeim. <br \/> <\/span> <span class=\"ljodatexti\"> <a name=\"12\"><span class=\"versanumer_ljod\">12<\/span><\/a>Horf\u00f0u ekki meinf\u00fdsinn <br \/>\u00e1 \u00f6rl\u00f6g br\u00f3\u00f0ur \u00fe\u00edns <br \/>\u00e1 degi \u00f3g\u00e6fu hans. <br \/>Hlakka\u00f0u ekki <br \/>yfir \u00fej\u00f3\u00f0 J\u00fada <br \/>\u00e1 degi tort\u00edmingar hennar. <br \/>Spara\u00f0u \u00fe\u00e9r st\u00f3ryr\u00f0i <br \/>\u00e1 degi angistar hennar. <br \/> <\/span> <span class=\"ljodatexti\"> <a name=\"13\"><span class=\"versanumer_ljod\">13<\/span><\/a>Ry\u00f0stu ekki inn um hli\u00f0 \u00fej\u00f3\u00f0ar minnar <br \/>\u00e1 degi gl\u00f6tunar hennar.<br \/>Hlakka\u00f0u ekki me\u00f0 hinum yfir \u00f3f\u00f6rum hennar <br \/>\u00e1 degi gl\u00f6tunar hennar,<br \/>seilstu ekki eftir eigum hennar<br \/>\u00e1 degi gl\u00f6tunar hennar. <br \/> <\/span> <span class=\"ljodatexti\"> <a name=\"14\"><span class=\"versanumer_ljod\">14<\/span><\/a>Nem eigi sta\u00f0ar vi\u00f0 vegam\u00f3tin <br \/>til a\u00f0 drepa fl\u00f3ttamenn hennar <br \/>og framseldu ekki \u00fe\u00e1 er undan komast <br \/>\u00e1 degi ney\u00f0arinnar. <br \/> <\/span> <span class=\"ljodatexti\"> <a name=\"15\"><span class=\"versanumer_ljod\">15<\/span><\/a>Dagur Drottins <br \/>vofir yfir \u00f6llum \u00fej\u00f3\u00f0um.<br \/>Eins og \u00fe\u00fa breyttir vi\u00f0 a\u00f0ra, <br \/>\u00feannig ver\u00f0ur breytt vi\u00f0 \u00feig.<br \/>Verk \u00fe\u00edn munu koma sj\u00e1lfum \u00fe\u00e9r \u00ed koll. <br \/> <\/span> <span class=\"ljodatexti\"> <a name=\"16\"><span class=\"versanumer_ljod\">16<\/span><\/a>Eins og \u00fe\u00e9r drukku\u00f0 <br \/>\u00e1 helgu fjalli m\u00ednu,<br \/>\u00feannig munu allar \u00fej\u00f3\u00f0ir \u00e6vinlega drekka.<br \/>\u00de\u00e6r munu drekka og drekka st\u00f3rum <br \/>og ver\u00f0a eins og \u00fe\u00e6r hef\u00f0u aldrei veri\u00f0 til. <\/span> <\/p>\n<h3 class=\"millifyrirsogn_2007\">Sigur \u00cdsraels<\/h3>\n<p><span class=\"ljodatexti\"> <a name=\"17\"><span class=\"versanumer_ljod\">17<\/span><\/a>En \u00e1 S\u00edonarfjalli munu menn komast af<br \/>og \u00fea\u00f0 skal ver\u00f0a heilagt<br \/>og Jakobsni\u00f0jar munu endurheimta eigur s\u00ednar.<br \/> <\/span> <span class=\"ljodatexti\"> <a name=\"18\"><span class=\"versanumer_ljod\">18<\/span><\/a>\u00c6tt Jakobs ver\u00f0ur sem eldur <br \/>og \u00e6tt J\u00f3sefs sem b\u00e1l<br \/>en \u00e6tt Esa\u00fa ver\u00f0ur a\u00f0 h\u00e1lmi.<br \/>\u00deeir munu kveikja \u00ed honum og ey\u00f0a <br \/>og enginn mun undan komast af ni\u00f0jum Esa\u00fa <br \/> \u00fev\u00ed a\u00f0 svo hefur Drottinn m\u00e6lt.<br \/> <\/span> <span class=\"ljodatexti\"> <a name=\"19\"><span class=\"versanumer_ljod\">19<\/span><\/a>Sunnlendingar munu f\u00e1 fjall Esa\u00fa til eignar <br \/>og \u00edb\u00faar vesturhl\u00ed\u00f0anna Filisteu.<br \/>Og \u00feeir munu eignast Efra\u00edmsland og Samar\u00eduh\u00e9ra\u00f0 <br \/>en Benjam\u00edn G\u00edlea\u00f0. <br \/> <\/span> <span class=\"ljodatexti\"> <a name=\"20\"><span class=\"versanumer_ljod\">20<\/span><\/a>Brottfluttir hermenn \u00cdsraels <br \/>munu taka l\u00f6nd Kanverja til eignar <br \/>allt til Sarefta<br \/>og \u00fatlagarnir fr\u00e1 Jer\u00fasalem,<br \/>sem dveljast \u00ed Sefarad, <br \/>munu eignast borgir Su\u00f0urlandsins.<br \/> <\/span> <span class=\"ljodatexti\"> <a name=\"21\"><span class=\"versanumer_ljod\">21<\/span><\/a>Sem bjargv\u00e6ttir munu \u00feeir halda <br \/>upp til S\u00edonarfjalls <br \/>og d\u00e6ma \u00fea\u00f0an fjall Esa\u00fa <br \/>og Drottinn hl\u00fdtur konungd\u00e6mi\u00f0. <\/span> <\/p>\n","protected":false},"excerpt":{"rendered":"<p>Ey\u00f0ing Ed\u00f3m\u00edta 1Vitrun \u00d3bad\u00eda.T\u00ed\u00f0indi hafa borist fr\u00e1 Drottni og bo\u00f0beri er sendur til \u00fej\u00f3\u00f0anna:\u201eKomum n\u00fa. Herjum \u00e1 Ed\u00f3m\u00edta.\u201cSvo segir Drottinn Gu\u00f0 um Ed\u00f3m: 2\u00deig geri \u00e9g sm\u00e6stan me\u00f0al \u00fej\u00f3\u00f0a, \u00fe\u00fa ver\u00f0ur fyrirlitinn mj\u00f6g. 3Hroki hjarta \u00fe\u00edns hefur dregi\u00f0 \u00feig \u00e1 t\u00e1lar,\u00fe\u00fa sem b\u00fdr\u00f0 \u00ed klettaskorum,\u00e1tt dvalarsta\u00f0 \u00e1 h\u00e6\u00f0um uppi og segir \u00ed hjarta \u00fe\u00ednu:\u201eHver getur steypt m\u00e9r til jar\u00f0ar?\u201c 4\u00de\u00f3tt \u00fe\u00fa sv\u00edfir eins h\u00e1tt og \u00f6rninn og gerir \u00fe\u00e9r hrei\u00f0ur me\u00f0al stjarnanna mun \u00e9g steypa \u00fe\u00e9r ni\u00f0ur, segir Drottinn. 5Komi \u00fej\u00f3far a\u00f0 \u00fe\u00e9r, r\u00e6ningjar a\u00f0 n\u00e6tur\u00feeli, \u00fe\u00e1 stela \u00feeir ekki umfram \u00fe\u00f6rf s\u00edna. Komi v\u00ednyrkjumenn til \u00fe\u00edn munu \u00feeir eftirl\u00e1ta <a href=\"https:\/\/biblian.is\/biblian\/obadia-1-kafli\/\"> [&#8230;]<\/a><\/p>\n","protected":false},"author":1,"featured_media":0,"parent":0,"menu_order":0,"comment_status":"closed","ping_status":"closed","template":"bibliukaflar_NT.php","meta":{"footnotes":""},"class_list":["post-2507","page","type-page","status-publish","hentry"],"_links":{"self":[{"href":"https:\/\/biblian.is\/biblian\/wp-json\/wp\/v2\/pages\/2507","targetHints":{"allow":["GET"]}}],"collection":[{"href":"https:\/\/biblian.is\/biblian\/wp-json\/wp\/v2\/pages"}],"about":[{"href":"https:\/\/biblian.is\/biblian\/wp-json\/wp\/v2\/types\/page"}],"author":[{"embeddable":true,"href":"https:\/\/biblian.is\/biblian\/wp-json\/wp\/v2\/users\/1"}],"replies":[{"embeddable":true,"href":"https:\/\/biblian.is\/biblian\/wp-json\/wp\/v2\/comments?post=2507"}],"version-history":[{"count":0,"href":"https:\/\/biblian.is\/biblian\/wp-json\/wp\/v2\/pages\/2507\/revisions"}],"wp:attachment":[{"href":"https:\/\/biblian.is\/biblian\/wp-json\/wp\/v2\/media?parent=2507"}],"curies":[{"name":"wp","href":"https:\/\/api.w.org\/{rel}","templated":true}]}}