{"id":2505,"date":"2017-12-30T21:03:28","date_gmt":"2017-12-30T21:03:28","guid":{"rendered":"http:\/\/biblian.is\/biblian\/amos-8-kafli\/"},"modified":"2024-03-19T16:11:03","modified_gmt":"2024-03-19T16:11:03","slug":"amos-8-kafli","status":"publish","type":"page","link":"https:\/\/biblian.is\/biblian\/amos-8-kafli\/","title":{"rendered":"Amos 8. kafli"},"content":{"rendered":"<h3 class=\"millifyrirsogn_2007\"> Fj\u00f3r\u00f0a s\u00fdn: \u00c1vaxtakarfa<\/h3>\n<p><span class=\"ljodatexti\"> <a name=\"1\"><span class=\"versanumer_ljod\">1<\/span><\/a>Drottinn Gu\u00f0 birti m\u00e9r \u00ed s\u00fdn: <br \/>Sj\u00e1\u00f0u, \u00fearna er karfa me\u00f0 sumar\u00e1v\u00f6xtum. <br \/> <\/span> <span class=\"ljodatexti\"> <a name=\"2\"><span class=\"versanumer_ljod\">2<\/span><\/a>Hann spur\u00f0i: \u201eHva\u00f0 s\u00e9r\u00f0u, Amos?\u201c <br \/>\u00c9g svara\u00f0i: \u201eK\u00f6rfu me\u00f0 sumar\u00e1v\u00f6xtum.\u201c <br \/>\u00de\u00e1 sag\u00f0i Drottinn vi\u00f0 mig: <br \/>\u201eEndalokin eru komin yfir l\u00fd\u00f0 minn, \u00cdsrael, <br \/>\u00e9g mun ekki l\u00e1ta hann afskiptalausan framar. <br \/> <\/span> <span class=\"ljodatexti\"> <a name=\"3\"><span class=\"versanumer_ljod\">3<\/span><\/a>S\u00f6ngkonur hallarinnar munu kveina \u00e1 \u00feeim degi,\u201c <br \/>segir Drottinn, Gu\u00f0 minn: <br \/>\u201eFj\u00f6ldi l\u00edka liggur \u00e1 v\u00ed\u00f0 og dreif. Hafi\u00f0 hlj\u00f3tt.\u201c <\/span> <\/p>\n<h3 class=\"millifyrirsogn_2007\">Okrurum refsa\u00f0<\/h3>\n<p><span class=\"ljodatexti\"> <a name=\"4\"><span class=\"versanumer_ljod\">4<\/span><\/a>Heyri\u00f0 \u00feetta, \u00fe\u00e9r sem tro\u00f0i\u00f0 f\u00e1t\u00e6klingana ni\u00f0ur <br \/>og geri\u00f0 \u00fat af vi\u00f0 \u00feurfamenn \u00ed landinu. <br \/> <\/span> <span class=\"ljodatexti\"> <a name=\"5\"><span class=\"versanumer_ljod\">5<\/span><\/a>\u00de\u00e9r sem spyrji\u00f0: \u201eHven\u00e6r tekur tunglkomuh\u00e1t\u00ed\u00f0in enda<br \/>svo a\u00f0 v\u00e9r getum haldi\u00f0 \u00e1fram a\u00f0 selja korn?<br \/>Hven\u00e6r l\u00ed\u00f0ur hv\u00edldardagurinn hj\u00e1? <br \/>V\u00e9r viljum geta opna\u00f0 kornhl\u00f6\u00f0urnar. <br \/>V\u00e9r \u00e6tlum a\u00f0 minnka kornm\u00e1li\u00f0, h\u00e6kka ver\u00f0i\u00f0 og falsa vogina. <br \/> <\/span> <span class=\"ljodatexti\"> <a name=\"6\"><span class=\"versanumer_ljod\">6<\/span><\/a>\u00de\u00e1 getum v\u00e9r keypt hina umkomulausu fyrir silfur <br \/>og f\u00e1t\u00e6klinginn fyrir eina ilsk\u00f3. <br \/>\u00dea\u00f0 er \u00fargangskorn sem v\u00e9r seljum.\u201c <br \/> <\/span> <span class=\"ljodatexti\"> <a name=\"7\"><span class=\"versanumer_ljod\">7<\/span><\/a>Drottinn hefur svari\u00f0 vi\u00f0 stolt Jakobs: <br \/>Aldrei nokkru sinni mun \u00e9g gleyma verkum \u00feeirra. <br \/> <\/span> <span class=\"ljodatexti\"> <a name=\"8\"><span class=\"versanumer_ljod\">8<\/span><\/a>Hl\u00fdtur ekki \u00f6ll j\u00f6r\u00f0in a\u00f0 skj\u00e1lfa vegna \u00feess <br \/>og allir sem \u00e1 henni b\u00faa a\u00f0 syrgja? <br \/>Hl\u00fdtur h\u00fan ekki a\u00f0 vaxa eins og flj\u00f3t, <br \/>b\u00f3lgna og r\u00e9na s\u00ed\u00f0an aftur, <br \/>eins og flj\u00f3t Egyptalands? <\/span> <\/p>\n<h3 class=\"millifyrirsogn_2007\">D\u00f3msdagur<\/h3>\n<p><span class=\"ljodatexti\"> <a name=\"9\"><span class=\"versanumer_ljod\">9<\/span><\/a>\u00c1 \u00feeim degi, segir Drottinn Gu\u00f0, <br \/>mun \u00e9g l\u00e1ta s\u00f3lina ganga til vi\u00f0ar um h\u00e1degi <br \/>og myrkva landi\u00f0 um h\u00e1bjartan dag. <br \/> <\/span> <span class=\"ljodatexti\"> <a name=\"10\"><span class=\"versanumer_ljod\">10<\/span><\/a>\u00c9g mun sn\u00faa h\u00e1t\u00ed\u00f0um y\u00f0ar \u00ed sorgarathafnir, <br \/>breyta lofs\u00f6ngvum y\u00f0ar \u00ed harmlj\u00f3\u00f0. <br \/>\u00c9g mun gyr\u00f0a allar lendar me\u00f0 h\u00e6rusekk <br \/>og kr\u00fanuraka hvert h\u00f6fu\u00f0.<br \/> <\/span> <span class=\"ljodatexti\"> \u00c9g mun f\u00e6ra landinu sorg <br \/>eins og sorg eftir einbirni, <br \/>endalokin ver\u00f0a eins og hinn bitri dagur dau\u00f0ans. <br \/> <\/span> <span class=\"ljodatexti\"> <a name=\"11\"><span class=\"versanumer_ljod\">11<\/span><\/a>Sj\u00e1, \u00feeir dagar koma, segir Drottinn Gu\u00f0, <br \/>a\u00f0 \u00e9g sendi hungur til landsins, <br \/>hvorki hungur eftir brau\u00f0i n\u00e9 \u00feorsta eftir vatni, <br \/>heldur eftir or\u00f0i Drottins. <br \/> <\/span> <span class=\"ljodatexti\"> <a name=\"12\"><span class=\"versanumer_ljod\">12<\/span><\/a>\u00de\u00e1 munu menn reika fr\u00e1 einu hafi til annars, <br \/>flakka fr\u00e1 nor\u00f0ri til austurs<br \/>og leita a\u00f0 or\u00f0i Drottins <br \/>en \u00feeir munu ekki finna \u00fea\u00f0. <br \/> <\/span> <span class=\"ljodatexti\"> <a name=\"13\"><span class=\"versanumer_ljod\">13<\/span><\/a>\u00c1 \u00feeim degi ver\u00f0a fr\u00ed\u00f0ar ungmeyjar <br \/>og \u00e6skumenn \u00f6rmagna af \u00feorsta. <br \/> <\/span> <span class=\"ljodatexti\"> <a name=\"14\"><span class=\"versanumer_ljod\">14<\/span><\/a>\u00deeir sem sverja vi\u00f0 syndarsekt Samar\u00edu <br \/>og segja: \u201eSvo sannarlega sem Gu\u00f0 \u00feinn lifir, Dan,\u201c <br \/>og: \u201eSvo sannarlega sem Gu\u00f0 Beerseba lifir.\u201c<br \/>\u00deeir munu falla og aldrei r\u00edsa upp aftur. <\/span> <\/p>\n","protected":false},"excerpt":{"rendered":"<p>Fj\u00f3r\u00f0a s\u00fdn: \u00c1vaxtakarfa 1Drottinn Gu\u00f0 birti m\u00e9r \u00ed s\u00fdn: Sj\u00e1\u00f0u, \u00fearna er karfa me\u00f0 sumar\u00e1v\u00f6xtum. 2Hann spur\u00f0i: \u201eHva\u00f0 s\u00e9r\u00f0u, Amos?\u201c \u00c9g svara\u00f0i: \u201eK\u00f6rfu me\u00f0 sumar\u00e1v\u00f6xtum.\u201c \u00de\u00e1 sag\u00f0i Drottinn vi\u00f0 mig: \u201eEndalokin eru komin yfir l\u00fd\u00f0 minn, \u00cdsrael, \u00e9g mun ekki l\u00e1ta hann afskiptalausan framar. 3S\u00f6ngkonur hallarinnar munu kveina \u00e1 \u00feeim degi,\u201c segir Drottinn, Gu\u00f0 minn: \u201eFj\u00f6ldi l\u00edka liggur \u00e1 v\u00ed\u00f0 og dreif. Hafi\u00f0 hlj\u00f3tt.\u201c Okrurum refsa\u00f0 4Heyri\u00f0 \u00feetta, \u00fe\u00e9r sem tro\u00f0i\u00f0 f\u00e1t\u00e6klingana ni\u00f0ur og geri\u00f0 \u00fat af vi\u00f0 \u00feurfamenn \u00ed landinu. 5\u00de\u00e9r sem spyrji\u00f0: \u201eHven\u00e6r tekur tunglkomuh\u00e1t\u00ed\u00f0in endasvo a\u00f0 v\u00e9r getum haldi\u00f0 \u00e1fram a\u00f0 selja korn?Hven\u00e6r l\u00ed\u00f0ur hv\u00edldardagurinn hj\u00e1? V\u00e9r <a href=\"https:\/\/biblian.is\/biblian\/amos-8-kafli\/\"> [&#8230;]<\/a><\/p>\n","protected":false},"author":1,"featured_media":0,"parent":0,"menu_order":0,"comment_status":"open","ping_status":"open","template":"bibliukaflar_NT.php","meta":{"footnotes":""},"class_list":["post-2505","page","type-page","status-publish","hentry"],"_links":{"self":[{"href":"https:\/\/biblian.is\/biblian\/wp-json\/wp\/v2\/pages\/2505","targetHints":{"allow":["GET"]}}],"collection":[{"href":"https:\/\/biblian.is\/biblian\/wp-json\/wp\/v2\/pages"}],"about":[{"href":"https:\/\/biblian.is\/biblian\/wp-json\/wp\/v2\/types\/page"}],"author":[{"embeddable":true,"href":"https:\/\/biblian.is\/biblian\/wp-json\/wp\/v2\/users\/1"}],"replies":[{"embeddable":true,"href":"https:\/\/biblian.is\/biblian\/wp-json\/wp\/v2\/comments?post=2505"}],"version-history":[{"count":0,"href":"https:\/\/biblian.is\/biblian\/wp-json\/wp\/v2\/pages\/2505\/revisions"}],"wp:attachment":[{"href":"https:\/\/biblian.is\/biblian\/wp-json\/wp\/v2\/media?parent=2505"}],"curies":[{"name":"wp","href":"https:\/\/api.w.org\/{rel}","templated":true}]}}