{"id":2501,"date":"2017-12-30T21:03:28","date_gmt":"2017-12-30T21:03:28","guid":{"rendered":"http:\/\/biblian.is\/biblian\/amos-4-kafli\/"},"modified":"2024-03-19T16:11:01","modified_gmt":"2024-03-19T16:11:01","slug":"amos-4-kafli","status":"publish","type":"page","link":"https:\/\/biblian.is\/biblian\/amos-4-kafli\/","title":{"rendered":"Amos 4. kafli"},"content":{"rendered":"<h3 class=\"millifyrirsogn_2007\"> Gegn hef\u00f0arfr\u00fam \u00ed Samar\u00edu<\/h3>\n<p><span class=\"ljodatexti\"> <a name=\"1\"><span class=\"versanumer_ljod\">1<\/span><\/a>Heyri\u00f0 \u00feetta or\u00f0, Basansk\u00fdr \u00e1 Samar\u00edufjalli,<br \/>\u00fe\u00e9r sem k\u00fagi\u00f0 hina umkomulausu, mis\u00feyrmi\u00f0 f\u00e1t\u00e6kum <br \/>og segi\u00f0 vi\u00f0 eiginmenn y\u00f0ar: \u201eKomi\u00f0 me\u00f0 eitthva\u00f0 a\u00f0 drekka.\u201c <br \/> <\/span> <span class=\"ljodatexti\"> <a name=\"2\"><span class=\"versanumer_ljod\">2<\/span><\/a>Drottinn Gu\u00f0 hefur svari\u00f0 vi\u00f0 heilagleika sinn: <br \/>J\u00e1, taki\u00f0 eftir. Yfir y\u00f0ur koma \u00feeir dagar <br \/>a\u00f0 \u00fe\u00e9r ver\u00f0i\u00f0 teymdar \u00ed burtu me\u00f0 kj\u00f6tkr\u00f3kum <br \/>og \u00fe\u00e6r sem eftir ver\u00f0a me\u00f0 \u00f6nglum. <br \/> <\/span> <span class=\"ljodatexti\"> <a name=\"3\"><span class=\"versanumer_ljod\">3<\/span><\/a>\u00de\u00e9r ver\u00f0i\u00f0 a\u00f0 fara \u00fat um veggsk\u00f6r\u00f0in, ein og ein, beint af augum. <br \/>S\u00ed\u00f0an ver\u00f0i\u00f0 \u00fe\u00e9r reknar \u00ed \u00e1tt til Hermonfjalls,<br \/>segir Drottinn. <\/span> <\/p>\n<h3 class=\"millifyrirsogn_2007\">Gegn f\u00e1n\u00fdtri gu\u00f0sd\u00fdrkun<\/h3>\n<p><span class=\"ljodatexti\"> <a name=\"4\"><span class=\"versanumer_ljod\">4<\/span><\/a>Komi\u00f0 til Betel og syndgi\u00f0. <br \/>Komi\u00f0 til Gilgal og syndgi\u00f0 enn meira. <br \/>F\u00e6ri\u00f0 sl\u00e1turf\u00f3rnir y\u00f0ar a\u00f0 morgni <br \/>og t\u00edund y\u00f0ar \u00e1 \u00feri\u00f0ja degi. <br \/> <\/span> <span class=\"ljodatexti\"> <a name=\"5\"><span class=\"versanumer_ljod\">5<\/span><\/a>Brenni\u00f0 s\u00fdrt brau\u00f0 \u00ed \u00feakkarf\u00f3rn, <br \/>bo\u00f0i\u00f0 til sj\u00e1lfviljaf\u00f3rna, hr\u00f3pi\u00f0 h\u00e1tt. <br \/>\u00deetta \u00e1stundi\u00f0 \u00fe\u00e9r me\u00f0 \u00e1n\u00e6gju, \u00cdsraelsmenn, <br \/>segir Drottinn Gu\u00f0. <\/span> <\/p>\n<h3 class=\"millifyrirsogn_2007\">\u00d3hl\u00fd\u00f0ni \u00cdsraels og d\u00f3mur<\/h3>\n<p><span class=\"ljodatexti\"> <a name=\"6\"><span class=\"versanumer_ljod\">6<\/span><\/a>\u00c9g h\u00e9lt t\u00f6nnum y\u00f0ar hreinum \u00ed \u00f6llum borgum y\u00f0ar <br \/>og l\u00e9t brau\u00f0 skorta \u00ed \u00f6llum \u00feorpum y\u00f0ar <br \/>en \u00fe\u00e9r sneru\u00f0 ekki aftur til m\u00edn, <br \/>segir Drottinn. <br \/> <\/span> <span class=\"ljodatexti\"> <a name=\"7\"><span class=\"versanumer_ljod\">7<\/span><\/a>\u00c9g synja\u00f0i y\u00f0ur um regn \u00feegar \u00fer\u00edr m\u00e1nu\u00f0ir voru til uppskeru. <br \/>\u00de\u00e1 l\u00e9t \u00e9g rigna \u00e1 eina borg en ekki \u00e1 a\u00f0ra, <br \/>einn akur var v\u00f6kva\u00f0ur regni <br \/>en annar, sem \u00e9g v\u00f6kva\u00f0i ekki, skr\u00e6lna\u00f0i.<br \/> <\/span> <span class=\"ljodatexti\"> <a name=\"8\"><span class=\"versanumer_ljod\">8<\/span><\/a>F\u00f3lk eigra\u00f0i til s\u00f6mu borgar fr\u00e1 tveimur, \u00feremur \u00f6\u00f0rum <br \/>til a\u00f0 f\u00e1 vatn a\u00f0 drekka <br \/>en f\u00e9kk ekki n\u00e6gju s\u00edna. <br \/>En \u00fe\u00e9r sneru\u00f0 ekki aftur til m\u00edn, <br \/>segir Drottinn. <br \/> <\/span> <span class=\"ljodatexti\"> <a name=\"9\"><span class=\"versanumer_ljod\">9<\/span><\/a>\u00c9g laust y\u00f0ur me\u00f0 korndrepi og gulnun, <br \/>\u00e9g l\u00e9t gar\u00f0a y\u00f0ar og v\u00ednekrur \u00feorna, <br \/>engisprettur \u00e1tu f\u00edkjutr\u00e9 y\u00f0ar og \u00f3l\u00edfutr\u00e9 <br \/>en \u00fe\u00e9r sneru\u00f0 ekki aftur til m\u00edn, <br \/>segir Drottinn. <br \/> <\/span> <span class=\"ljodatexti\"> <a name=\"10\"><span class=\"versanumer_ljod\">10<\/span><\/a>\u00c9g sendi dreps\u00f3tt gegn y\u00f0ur eins og \u00ed Egyptalandi, <br \/>felldi \u00e6skumenn y\u00f0ar me\u00f0 sver\u00f0i <br \/>og hestar y\u00f0ar ur\u00f0u herfang. <br \/>\u00c9g l\u00e9t n\u00e1lyktina \u00ed herb\u00fa\u00f0um y\u00f0ar leggja fyrir vit y\u00f0ar <br \/>en \u00fe\u00e9r sneru\u00f0 ekki aftur til m\u00edn, <br \/>segir Drottinn. <br \/> <\/span> <span class=\"ljodatexti\"> <a name=\"11\"><span class=\"versanumer_ljod\">11<\/span><\/a>\u00c9g kollvarpa\u00f0i \u00f6llu y\u00f0ar \u00e1 me\u00f0al <br \/>eins og \u00e9g kollvarpa\u00f0i S\u00f3d\u00f3mu og G\u00f3morru.<br \/>\u00de\u00e1 ur\u00f0u\u00f0 \u00fe\u00e9r eins og raftur \u00far eldi dreginn <br \/>en \u00fe\u00e9r sneru\u00f0 ekki aftur til m\u00edn, <br \/>segir Drottinn. <br \/> <\/span> <span class=\"ljodatexti\"> <a name=\"12\"><span class=\"versanumer_ljod\">12<\/span><\/a>\u00deess vegna mun \u00e9g fara svona me\u00f0 \u00feig, \u00cdsrael, <br \/>og vegna \u00feess a\u00f0 \u00e9g \u00e6tla a\u00f0 fara svona me\u00f0 \u00feig <br \/>skaltu b\u00faa \u00feig undir a\u00f0 m\u00e6ta Gu\u00f0i \u00fe\u00ednum, \u00cdsrael. <br \/> <\/span> <span class=\"ljodatexti\"> <a name=\"13\"><span class=\"versanumer_ljod\">13<\/span><\/a>Sj\u00e1, hann m\u00f3tar fj\u00f6llin, hann skapar vindinn, <br \/>hann bo\u00f0ar manninum \u00fea\u00f0 sem hann hefur \u00ed hyggju. <br \/>Hann breytir myrkri \u00ed morgunro\u00f0a <br \/>og gengur yfir h\u00e6\u00f0ir jar\u00f0arinnar, <br \/>Drottinn, Gu\u00f0 hersveitanna, er nafn hans. <\/span> <\/p>\n","protected":false},"excerpt":{"rendered":"<p>Gegn hef\u00f0arfr\u00fam \u00ed Samar\u00edu 1Heyri\u00f0 \u00feetta or\u00f0, Basansk\u00fdr \u00e1 Samar\u00edufjalli,\u00fe\u00e9r sem k\u00fagi\u00f0 hina umkomulausu, mis\u00feyrmi\u00f0 f\u00e1t\u00e6kum og segi\u00f0 vi\u00f0 eiginmenn y\u00f0ar: \u201eKomi\u00f0 me\u00f0 eitthva\u00f0 a\u00f0 drekka.\u201c 2Drottinn Gu\u00f0 hefur svari\u00f0 vi\u00f0 heilagleika sinn: J\u00e1, taki\u00f0 eftir. Yfir y\u00f0ur koma \u00feeir dagar a\u00f0 \u00fe\u00e9r ver\u00f0i\u00f0 teymdar \u00ed burtu me\u00f0 kj\u00f6tkr\u00f3kum og \u00fe\u00e6r sem eftir ver\u00f0a me\u00f0 \u00f6nglum. 3\u00de\u00e9r ver\u00f0i\u00f0 a\u00f0 fara \u00fat um veggsk\u00f6r\u00f0in, ein og ein, beint af augum. S\u00ed\u00f0an ver\u00f0i\u00f0 \u00fe\u00e9r reknar \u00ed \u00e1tt til Hermonfjalls,segir Drottinn. Gegn f\u00e1n\u00fdtri gu\u00f0sd\u00fdrkun 4Komi\u00f0 til Betel og syndgi\u00f0. Komi\u00f0 til Gilgal og syndgi\u00f0 enn meira. F\u00e6ri\u00f0 sl\u00e1turf\u00f3rnir y\u00f0ar a\u00f0 morgni og t\u00edund <a href=\"https:\/\/biblian.is\/biblian\/amos-4-kafli\/\"> [&#8230;]<\/a><\/p>\n","protected":false},"author":1,"featured_media":0,"parent":0,"menu_order":0,"comment_status":"open","ping_status":"open","template":"bibliukaflar_NT.php","meta":{"footnotes":""},"class_list":["post-2501","page","type-page","status-publish","hentry"],"_links":{"self":[{"href":"https:\/\/biblian.is\/biblian\/wp-json\/wp\/v2\/pages\/2501","targetHints":{"allow":["GET"]}}],"collection":[{"href":"https:\/\/biblian.is\/biblian\/wp-json\/wp\/v2\/pages"}],"about":[{"href":"https:\/\/biblian.is\/biblian\/wp-json\/wp\/v2\/types\/page"}],"author":[{"embeddable":true,"href":"https:\/\/biblian.is\/biblian\/wp-json\/wp\/v2\/users\/1"}],"replies":[{"embeddable":true,"href":"https:\/\/biblian.is\/biblian\/wp-json\/wp\/v2\/comments?post=2501"}],"version-history":[{"count":0,"href":"https:\/\/biblian.is\/biblian\/wp-json\/wp\/v2\/pages\/2501\/revisions"}],"wp:attachment":[{"href":"https:\/\/biblian.is\/biblian\/wp-json\/wp\/v2\/media?parent=2501"}],"curies":[{"name":"wp","href":"https:\/\/api.w.org\/{rel}","templated":true}]}}