{"id":2497,"date":"2017-12-30T21:03:23","date_gmt":"2017-12-30T21:03:23","guid":{"rendered":"http:\/\/biblian.is\/biblian\/j%c2%97el-4-kafli\/"},"modified":"2024-03-19T16:13:51","modified_gmt":"2024-03-19T16:13:51","slug":"joel-4-kafli","status":"publish","type":"page","link":"https:\/\/biblian.is\/biblian\/joel-4-kafli\/","title":{"rendered":"J\u00f3el 4. kafli"},"content":{"rendered":"<h3 class=\"millifyrirsogn_2007\"> \u00dej\u00f3\u00f0irnar d\u00e6mdar<\/h3>\n<p><span class=\"ljodatexti\"> <a name=\"1\"><span class=\"versanumer_ljod\">1<\/span><\/a>                                                                                                                                                                                                                                                                                                                                                                                                                                                                                                                     <span class=\"nedan_mal\" title=\" Kaflaskipting ritsins er \u00f6nnur en t\u00ed\u00f0kast hefur \u00ed \u00edslensku Bibl\u00edunni. Teki\u00f0 er mi\u00f0 af hebreska textanum.\">[<\/span> \u00c1 \u00feeim t\u00edma og \u00e1 \u00feeim d\u00f6gum <br \/>er \u00e9g r\u00e9tti hag J\u00fada og Jer\u00fasalem <br \/> <\/span> <span class=\"ljodatexti\"> <a name=\"2\"><span class=\"versanumer_ljod\">2<\/span><\/a>safna \u00e9g saman \u00f6llum \u00fej\u00f3\u00f0um <br \/>og stefni \u00feeim ni\u00f0ur \u00ed J\u00f3safatsdal. <br \/>Og \u00fear s\u00e6ki \u00e9g \u00fe\u00e6r til saka <br \/>vegna l\u00fd\u00f0s m\u00edns og arfleif\u00f0ar \u00cdsraels <br \/>\u00fev\u00ed a\u00f0 \u00fe\u00e6r hafa tv\u00edstra\u00f0 henni me\u00f0al \u00fej\u00f3\u00f0anna <br \/>og hluta\u00f0 sundur land mitt. <br \/> <\/span> <span class=\"ljodatexti\"> <a name=\"3\"><span class=\"versanumer_ljod\">3<\/span><\/a>\u00deeir hafa varpa\u00f0 hlutkesti um \u00fej\u00f3\u00f0 m\u00edna,<br \/>l\u00e1ti\u00f0 pilt fyrir sk\u00e6kju <br \/>og ungmey fyrir v\u00edni\u00f0 sem \u00feeir drukku. <br \/> <\/span> <a name=\"4\"><span class=\"versanumer_2007\">4<\/span><\/a> Hva\u00f0 vilji\u00f0 \u00fe\u00e9r m\u00e9r, T\u00fdrus, S\u00eddon og \u00f6ll Filisteah\u00e9ru\u00f0? Hyggi\u00f0 \u00fe\u00e9r \u00e1 m\u00e1lagj\u00f6ld einhvers sem \u00e9g hef gert y\u00f0ur? Hyggist \u00fe\u00e9r endurgjalda m\u00e9r? Skj\u00f3tt og sviplega l\u00e6t \u00e9g \u00fe\u00e1 verk y\u00f0ar koma y\u00f0ur \u00ed koll. <a name=\"5\"><span class=\"versanumer_2007\">5<\/span><\/a> \u00de\u00e9r hafi\u00f0 r\u00e6nt silfri m\u00ednu og gulli og f\u00e6rt \u00e1g\u00e6tustu gersemar m\u00ednar \u00ed hof y\u00f0ar. <a name=\"6\"><span class=\"versanumer_2007\">6<\/span><\/a> J\u00fadamenn og Jer\u00fasalemb\u00faa hafi\u00f0 \u00fe\u00e9r selt Grikkjum \u00feannig a\u00f0 \u00feeir fluttust langt burt fr\u00e1 \u00e1tth\u00f6gum s\u00ednum. <a name=\"7\"><span class=\"versanumer_2007\">7<\/span><\/a> En \u00e9g kalla \u00fe\u00e1 burt \u00fea\u00f0an sem \u00fe\u00e9r seldu\u00f0 \u00fe\u00e1, og verk y\u00f0ar munu hitta sj\u00e1lfa y\u00f0ur fyrir. <a name=\"8\"><span class=\"versanumer_2007\">8<\/span><\/a> Syni y\u00f0ar og d\u00e6tur sel \u00e9g J\u00fadam\u00f6nnum. \u00deeir munu aftur selja \u00feau Sabam\u00f6nnum, fjarl\u00e6gri \u00fej\u00f3\u00f0, \u00fev\u00ed a\u00f0 svo hefur Drottinn m\u00e6lt. <br \/> <span class=\"ljodatexti\"> <a name=\"9\"><span class=\"versanumer_ljod\">9<\/span><\/a>Bo\u00f0i\u00f0 \u00feetta me\u00f0al \u00fej\u00f3\u00f0anna: <br \/>B\u00fai\u00f0 y\u00f0ur til str\u00ed\u00f0s. <br \/>Kalli\u00f0 \u00fat kempurnar.<br \/>Allir str\u00ed\u00f0smenn komi fram og b\u00faist til herna\u00f0ar.<br \/> <\/span> <span class=\"ljodatexti\"> <a name=\"10\"><span class=\"versanumer_ljod\">10<\/span><\/a>Sm\u00ed\u00f0i\u00f0 sver\u00f0 \u00far pl\u00f3gj\u00e1rnum y\u00f0ar <br \/>og spj\u00f3t \u00far sni\u00f0lum y\u00f0ar. <br \/>Hver vesalingur hr\u00f3pi: \u201e\u00c9g er garpur.\u201c <br \/> <\/span> <span class=\"ljodatexti\"> <a name=\"11\"><span class=\"versanumer_ljod\">11<\/span><\/a>Skundi\u00f0 af sta\u00f0, komi\u00f0 hva\u00f0an\u00e6va, allar \u00fej\u00f3\u00f0ir. <br \/>Safnist \u00fear saman. <br \/>Drottinn, sendu ni\u00f0ur kappa \u00fe\u00edna \u00feanga\u00f0. <br \/> <\/span> <span class=\"ljodatexti\"> <a name=\"12\"><span class=\"versanumer_ljod\">12<\/span><\/a>\u00dej\u00f3\u00f0irnar skulu halda \u00ed fl\u00fdti <br \/>upp til J\u00f3safatsdals. <br \/>\u00dear sest \u00e9g \u00ed d\u00f3maras\u00e6ti <br \/>yfir grann\u00fej\u00f3\u00f0unum \u00f6llum. <br \/> <\/span> <span class=\"ljodatexti\"> <a name=\"13\"><span class=\"versanumer_ljod\">13<\/span><\/a>Breg\u00f0i\u00f0 sig\u00f0inni,<br \/>v\u00ednberin eru full\u00ferosku\u00f0. <br \/>Komi\u00f0 og tro\u00f0i\u00f0. <br \/>Svo full er v\u00edn\u00fer\u00f3in <br \/>a\u00f0 lagarkerin fl\u00f3a yfir. <br \/>Svo mikil er illska \u00feeirra.<br \/> <\/span> <span class=\"ljodatexti\"> <a name=\"14\"><span class=\"versanumer_ljod\">14<\/span><\/a>Mann\u00fer\u00f6ng, manns\u00e6gur <br \/>\u00ed Dal d\u00f3msins. <br \/>N\u00e1l\u00e6gur er dagur Drottins <br \/>\u00ed Dal d\u00f3msins. <\/span> <\/p>\n<h3 class=\"millifyrirsogn_2007\">Dagur Drottins<\/h3>\n<p><span class=\"ljodatexti\"> <a name=\"15\"><span class=\"versanumer_ljod\">15<\/span><\/a>S\u00f3l og tungl myrkvast <br \/>og stj\u00f6rnurnar synja um birtu s\u00edna. <br \/> <\/span> <span class=\"ljodatexti\"> <a name=\"16\"><span class=\"versanumer_ljod\">16<\/span><\/a>En Drottinn \u00ferumar fr\u00e1 S\u00edon <br \/>og hefur upp raust s\u00edna fr\u00e1 Jer\u00fasalem <br \/>svo a\u00f0 himinn og j\u00f6r\u00f0 n\u00f6tra. <br \/>En l\u00fd\u00f0 s\u00ednum veitir Drottinn skj\u00f3l <br \/>og \u00cdsraelsm\u00f6nnum er hann athvarf. <br \/> <\/span> <span class=\"ljodatexti\"> <a name=\"17\"><span class=\"versanumer_ljod\">17<\/span><\/a>Og y\u00f0ur ver\u00f0ur lj\u00f3st a\u00f0 \u00e9g, Drottinn, Gu\u00f0 y\u00f0ar,<br \/>b\u00fd \u00e1 S\u00edon, hinu heilaga fjalli m\u00ednu.<br \/>Jer\u00fasalem ver\u00f0ur heil\u00f6g,<br \/>a\u00f0komumenn munu aldrei framar ry\u00f0jast \u00fear \u00ed gegn. <br \/> <\/span> <span class=\"ljodatexti\"> <a name=\"18\"><span class=\"versanumer_ljod\">18<\/span><\/a>\u00c1 \u00feeim degi <br \/>dr\u00fdpur v\u00ednl\u00f6gur af fj\u00f6llunum, <br \/>h\u00e6\u00f0irnar flj\u00f3ta \u00ed mj\u00f3lk <br \/>og vatn mun streyma um alla farvegi \u00ed J\u00fada. <br \/>Og lind mun streyma fr\u00e1 h\u00fasi Drottins <br \/>og fylla farveg Akas\u00edudalsins. <\/span> <\/p>\n<h3 class=\"millifyrirsogn_2007\">Endurlausn J\u00fada<\/h3>\n<p><span class=\"ljodatexti\"> <a name=\"19\"><span class=\"versanumer_ljod\">19<\/span><\/a>Egyptaland ver\u00f0ur a\u00f0 au\u00f0n <br \/>og Ed\u00f3m a\u00f0 mannlausum \u00f6r\u00e6fum <br \/>vegna ofbeldisins gegn J\u00fadam\u00f6nnum. <br \/>\u00cd landi \u00feeirra \u00fathelltu \u00feeir saklausu bl\u00f3\u00f0i. <br \/> <\/span> <span class=\"ljodatexti\"> <a name=\"20\"><span class=\"versanumer_ljod\">20<\/span><\/a>En J\u00fada ver\u00f0ur bygg\u00f0 a\u00f0 eil\u00edfu <br \/>og Jer\u00fasalem um aldir alda. <br \/> <\/span> <span class=\"ljodatexti\"> <a name=\"21\"><span class=\"versanumer_ljod\">21<\/span><\/a>Saklaust mun \u00e9g telja \u00fea\u00f0 bl\u00f3\u00f0 <br \/>sem \u00e9g mat \u00e1\u00f0ur til bl\u00f3\u00f0sakar. <br \/>Og Drottinn mun dveljast um kyrrt \u00e1 S\u00edon. <\/span> <\/p>\n","protected":false},"excerpt":{"rendered":"<p>\u00dej\u00f3\u00f0irnar d\u00e6mdar 1 [ \u00c1 \u00feeim t\u00edma og \u00e1 \u00feeim d\u00f6gum er \u00e9g r\u00e9tti hag J\u00fada og Jer\u00fasalem 2safna \u00e9g saman \u00f6llum \u00fej\u00f3\u00f0um og stefni \u00feeim ni\u00f0ur \u00ed J\u00f3safatsdal. Og \u00fear s\u00e6ki \u00e9g \u00fe\u00e6r til saka vegna l\u00fd\u00f0s m\u00edns og arfleif\u00f0ar \u00cdsraels \u00fev\u00ed a\u00f0 \u00fe\u00e6r hafa tv\u00edstra\u00f0 henni me\u00f0al \u00fej\u00f3\u00f0anna og hluta\u00f0 sundur land mitt. 3\u00deeir hafa varpa\u00f0 hlutkesti um \u00fej\u00f3\u00f0 m\u00edna,l\u00e1ti\u00f0 pilt fyrir sk\u00e6kju og ungmey fyrir v\u00edni\u00f0 sem \u00feeir drukku. 4 Hva\u00f0 vilji\u00f0 \u00fe\u00e9r m\u00e9r, T\u00fdrus, S\u00eddon og \u00f6ll Filisteah\u00e9ru\u00f0? Hyggi\u00f0 \u00fe\u00e9r \u00e1 m\u00e1lagj\u00f6ld einhvers sem \u00e9g hef gert y\u00f0ur? Hyggist \u00fe\u00e9r endurgjalda m\u00e9r? Skj\u00f3tt og sviplega l\u00e6t <a href=\"https:\/\/biblian.is\/biblian\/joel-4-kafli\/\"> [&#8230;]<\/a><\/p>\n","protected":false},"author":1,"featured_media":0,"parent":0,"menu_order":0,"comment_status":"open","ping_status":"open","template":"bibliukaflar_NT.php","meta":{"footnotes":""},"class_list":["post-2497","page","type-page","status-publish","hentry"],"_links":{"self":[{"href":"https:\/\/biblian.is\/biblian\/wp-json\/wp\/v2\/pages\/2497","targetHints":{"allow":["GET"]}}],"collection":[{"href":"https:\/\/biblian.is\/biblian\/wp-json\/wp\/v2\/pages"}],"about":[{"href":"https:\/\/biblian.is\/biblian\/wp-json\/wp\/v2\/types\/page"}],"author":[{"embeddable":true,"href":"https:\/\/biblian.is\/biblian\/wp-json\/wp\/v2\/users\/1"}],"replies":[{"embeddable":true,"href":"https:\/\/biblian.is\/biblian\/wp-json\/wp\/v2\/comments?post=2497"}],"version-history":[{"count":0,"href":"https:\/\/biblian.is\/biblian\/wp-json\/wp\/v2\/pages\/2497\/revisions"}],"wp:attachment":[{"href":"https:\/\/biblian.is\/biblian\/wp-json\/wp\/v2\/media?parent=2497"}],"curies":[{"name":"wp","href":"https:\/\/api.w.org\/{rel}","templated":true}]}}