{"id":2493,"date":"2017-12-30T21:03:23","date_gmt":"2017-12-30T21:03:23","guid":{"rendered":"http:\/\/biblian.is\/biblian\/h%c2%97sea-14-kafli\/"},"modified":"2024-03-19T16:12:49","modified_gmt":"2024-03-19T16:12:49","slug":"hosea-14-kafli","status":"publish","type":"page","link":"https:\/\/biblian.is\/biblian\/hosea-14-kafli\/","title":{"rendered":"H\u00f3sea 14. kafli"},"content":{"rendered":"<p><span class=\"ljodatexti\"> <a name=\"1\"><span class=\"versanumer_ljod\">1<\/span><\/a>Samar\u00eda er sek<br \/>\u00fev\u00ed a\u00f0 h\u00fan reis gegn Gu\u00f0i s\u00ednum.<br \/>\u00cdb\u00faar hennar munu falla fyrir sver\u00f0i,<br \/>brj\u00f3stmylkingum ver\u00f0ur slegi\u00f0 vi\u00f0<br \/>og \u00feunga\u00f0ar konur ristar \u00e1 kvi\u00f0. <\/span> <\/p>\n<h3 class=\"millifyrirsogn_2007\">Hvatt til i\u00f0runar og afturhvarfs<\/h3>\n<p><span class=\"ljodatexti\"> <a name=\"2\"><span class=\"versanumer_ljod\">2<\/span><\/a>Sn\u00fa \u00fe\u00fa aftur, \u00cdsrael,<br \/>til Drottins, Gu\u00f0s \u00fe\u00edns,<br \/>\u00fev\u00ed a\u00f0 misgj\u00f6r\u00f0 \u00fe\u00edn var\u00f0 \u00fe\u00e9r a\u00f0 falli.<br \/> <\/span> <span class=\"ljodatexti\"> <a name=\"3\"><span class=\"versanumer_ljod\">3<\/span><\/a>Taki\u00f0 or\u00f0 me\u00f0 y\u00f0ur <br \/>og hverfi\u00f0 aftur til Drottins.<br \/>Segi\u00f0 vi\u00f0 hann:<br \/>\u201e\u00de\u00fa fyrirgefur hverja sekt,<br \/>taktu vi\u00f0 or\u00f0um vorum,<br \/>v\u00e9r f\u00e6rum fram varir vorar \u00ed sta\u00f0 nauta.<br \/> <\/span> <span class=\"ljodatexti\"> <a name=\"4\"><span class=\"versanumer_ljod\">4<\/span><\/a>Ass\u00fdr\u00eda bjargar oss ekki,<br \/>v\u00e9r r\u00ed\u00f0um ekki oftar \u00e1 str\u00ed\u00f0sf\u00e1kum <br \/>og segjum ekki framar: \u201eGu\u00f0 vor\u201c<br \/>vi\u00f0 eigin handaverk<br \/>\u00fev\u00ed a\u00f0 muna\u00f0arleysinginn hl\u00fdtur miskunn hj\u00e1 \u00fe\u00e9r.\u201c<br \/> <\/span> <span class=\"ljodatexti\"> <a name=\"5\"><span class=\"versanumer_ljod\">5<\/span><\/a>\u00c9g \u00e6tla a\u00f0 l\u00e6kna trygg\u00f0arof \u00feeirra<br \/>og elska \u00fe\u00e1 af frj\u00e1lsum og f\u00fasum vilja.<br \/>Rei\u00f0i m\u00edn er sn\u00fain fr\u00e1 \u00feeim.<br \/> <\/span> <span class=\"ljodatexti\"> <a name=\"6\"><span class=\"versanumer_ljod\">6<\/span><\/a>\u00c9g ver\u00f0 \u00cdsrael sem d\u00f6gg,<br \/>hann mun bl\u00f3mgast eins og lilja,<br \/>skj\u00f3ta r\u00f3tum eins og tr\u00e9n \u00ed L\u00edbanon.<br \/> <\/span> <span class=\"ljodatexti\"> <a name=\"7\"><span class=\"versanumer_ljod\">7<\/span><\/a>Greinar hans munu brei\u00f0a \u00far s\u00e9r<br \/>og kr\u00f3nan ver\u00f0ur eins og \u00e1 \u00f3l\u00edfutr\u00e9,<br \/>og hann mun ilma eins og sk\u00f3gurinn \u00ed L\u00edbanon.<br \/> <\/span> <span class=\"ljodatexti\"> <a name=\"8\"><span class=\"versanumer_ljod\">8<\/span><\/a>\u00deeir sem b\u00faa \u00ed skugga Drottins<br \/>munu r\u00e6kta korn<br \/>og bl\u00f3mgast sem v\u00ednvi\u00f0ur.<br \/> <\/span> <span class=\"ljodatexti\"> <a name=\"9\"><span class=\"versanumer_ljod\">9<\/span><\/a>Hva\u00f0a gagn hefur Efra\u00edm af skur\u00f0go\u00f0um? <br \/>\u00c9g mun b\u00e6nheyra hann og annast hann.<br \/>\u00c9g er sem gr\u00f3skumikill einirunni,<br \/>hj\u00e1 m\u00e9r muntu finna n\u00e6gan \u00e1v\u00f6xt. <\/span> <\/p>\n<h3 class=\"millifyrirsogn_2007\">Lokaor\u00f0<\/h3>\n<p><span class=\"ljodatexti\"> <a name=\"10\"><span class=\"versanumer_ljod\">10<\/span><\/a>Hver er svo vitur a\u00f0 hann skilji \u00feetta,<br \/>svo gl\u00f6ggur a\u00f0 hann j\u00e1ti \u00fea\u00f0?<br \/>Vegir Drottins eru beinir,<br \/>r\u00e9ttl\u00e1tir fara \u00fe\u00e1<br \/>en syndarar hrasa \u00e1 \u00feeim. <\/span> <\/p>\n","protected":false},"excerpt":{"rendered":"<p>1Samar\u00eda er sek\u00fev\u00ed a\u00f0 h\u00fan reis gegn Gu\u00f0i s\u00ednum.\u00cdb\u00faar hennar munu falla fyrir sver\u00f0i,brj\u00f3stmylkingum ver\u00f0ur slegi\u00f0 vi\u00f0og \u00feunga\u00f0ar konur ristar \u00e1 kvi\u00f0. Hvatt til i\u00f0runar og afturhvarfs 2Sn\u00fa \u00fe\u00fa aftur, \u00cdsrael,til Drottins, Gu\u00f0s \u00fe\u00edns,\u00fev\u00ed a\u00f0 misgj\u00f6r\u00f0 \u00fe\u00edn var\u00f0 \u00fe\u00e9r a\u00f0 falli. 3Taki\u00f0 or\u00f0 me\u00f0 y\u00f0ur og hverfi\u00f0 aftur til Drottins.Segi\u00f0 vi\u00f0 hann:\u201e\u00de\u00fa fyrirgefur hverja sekt,taktu vi\u00f0 or\u00f0um vorum,v\u00e9r f\u00e6rum fram varir vorar \u00ed sta\u00f0 nauta. 4Ass\u00fdr\u00eda bjargar oss ekki,v\u00e9r r\u00ed\u00f0um ekki oftar \u00e1 str\u00ed\u00f0sf\u00e1kum og segjum ekki framar: \u201eGu\u00f0 vor\u201cvi\u00f0 eigin handaverk\u00fev\u00ed a\u00f0 muna\u00f0arleysinginn hl\u00fdtur miskunn hj\u00e1 \u00fe\u00e9r.\u201c 5\u00c9g \u00e6tla a\u00f0 l\u00e6kna trygg\u00f0arof \u00feeirraog elska \u00fe\u00e1 af frj\u00e1lsum og f\u00fasum <a href=\"https:\/\/biblian.is\/biblian\/hosea-14-kafli\/\"> [&#8230;]<\/a><\/p>\n","protected":false},"author":1,"featured_media":0,"parent":0,"menu_order":0,"comment_status":"open","ping_status":"open","template":"bibliukaflar_NT.php","meta":{"footnotes":""},"class_list":["post-2493","page","type-page","status-publish","hentry"],"_links":{"self":[{"href":"https:\/\/biblian.is\/biblian\/wp-json\/wp\/v2\/pages\/2493","targetHints":{"allow":["GET"]}}],"collection":[{"href":"https:\/\/biblian.is\/biblian\/wp-json\/wp\/v2\/pages"}],"about":[{"href":"https:\/\/biblian.is\/biblian\/wp-json\/wp\/v2\/types\/page"}],"author":[{"embeddable":true,"href":"https:\/\/biblian.is\/biblian\/wp-json\/wp\/v2\/users\/1"}],"replies":[{"embeddable":true,"href":"https:\/\/biblian.is\/biblian\/wp-json\/wp\/v2\/comments?post=2493"}],"version-history":[{"count":0,"href":"https:\/\/biblian.is\/biblian\/wp-json\/wp\/v2\/pages\/2493\/revisions"}],"wp:attachment":[{"href":"https:\/\/biblian.is\/biblian\/wp-json\/wp\/v2\/media?parent=2493"}],"curies":[{"name":"wp","href":"https:\/\/api.w.org\/{rel}","templated":true}]}}