{"id":2491,"date":"2017-12-30T21:03:23","date_gmt":"2017-12-30T21:03:23","guid":{"rendered":"http:\/\/biblian.is\/biblian\/h%c2%97sea-12-kafli\/"},"modified":"2024-03-19T16:12:49","modified_gmt":"2024-03-19T16:12:49","slug":"hosea-12-kafli","status":"publish","type":"page","link":"https:\/\/biblian.is\/biblian\/hosea-12-kafli\/","title":{"rendered":"H\u00f3sea 12. kafli"},"content":{"rendered":"<h3 class=\"millifyrirsogn_2007\"> Svikul \u00fej\u00f3\u00f0<\/h3>\n<p><span class=\"ljodatexti\"> <a name=\"1\"><span class=\"versanumer_ljod\">1<\/span><\/a>Efra\u00edm umkringdi mig me\u00f0 lygi<br \/>og \u00cdsraelsmenn me\u00f0 svikum.<br \/>En J\u00fada gengur enn me\u00f0 Gu\u00f0i,<br \/>tryggur Hinum heilaga. <span class=\"nedan_mal\" title=\" \u00d6nnur hugsanleg \u00fe\u00fd\u00f0ing: hinum heil\u00f6gu. \">[<\/span> <br \/> <\/span> <span class=\"ljodatexti\"> <a name=\"2\"><span class=\"versanumer_ljod\">2<\/span><\/a>Efra\u00edm hefur vingast vi\u00f0 vindinn <br \/>og eltir austanstorminn allan daginn,<br \/>hann margfaldar lygi og ofbeldi.<br \/>\u00deeir gera s\u00e1ttm\u00e1la vi\u00f0 Ass\u00fdr\u00edu<br \/>og flytja ol\u00edu til Egyptalands.<br \/> <\/span> <span class=\"ljodatexti\"> <a name=\"3\"><span class=\"versanumer_ljod\">3<\/span><\/a>\u00deess vegna s\u00e6kir Drottinn m\u00e1l \u00e1 hendur \u00cdsrael<br \/>til a\u00f0 draga Jakob til \u00e1byrg\u00f0ar fyrir breytni hans.<br \/> <\/span> <span class=\"ljodatexti\"> <a name=\"4\"><span class=\"versanumer_ljod\">4<\/span><\/a>\u00cd m\u00f3\u00f0urkvi\u00f0i blekkti hann br\u00f3\u00f0ur sinn<br \/>og fullvaxinn gl\u00edmdi hann vi\u00f0 Gu\u00f0,<br \/> <\/span> <span class=\"ljodatexti\"> <a name=\"5\"><span class=\"versanumer_ljod\">5<\/span><\/a>hann gl\u00edmdi vi\u00f0 engil og haf\u00f0i betur,<br \/>hann gr\u00e9t og ba\u00f0 um miskunn.<br \/>\u00cd Betel fann Drottinn hann<br \/>og tala\u00f0i vi\u00f0 hann,<br \/> <\/span> <span class=\"ljodatexti\"> <a name=\"6\"><span class=\"versanumer_ljod\">6<\/span><\/a>Drottinn, Gu\u00f0 allsherjar,<br \/>Drottinn er nafn hans.<br \/> <\/span> <span class=\"ljodatexti\"> <a name=\"7\"><span class=\"versanumer_ljod\">7<\/span><\/a>En \u00fe\u00fa skalt sn\u00faa aftur til Gu\u00f0s \u00fe\u00edns.<br \/>Vertu tr\u00far og r\u00e9ttl\u00e1tur <br \/>og vona st\u00f6\u00f0ugt \u00e1 Gu\u00f0.<br \/> <\/span> <span class=\"ljodatexti\"> <a name=\"8\"><span class=\"versanumer_ljod\">8<\/span><\/a>Prangari me\u00f0 svikna vog \u00ed hendi<br \/>s\u00e6kist eftir a\u00f0 pretta<br \/> <\/span> <span class=\"ljodatexti\"> <a name=\"9\"><span class=\"versanumer_ljod\">9<\/span><\/a>en Efra\u00edm sag\u00f0i:<br \/>\u201e\u00c9g er kominn \u00ed \u00e1lnir,<br \/>\u00e9g hef afla\u00f0 m\u00e9r fj\u00e1r, <br \/>ekkert af gr\u00f3\u00f0a m\u00ednum,<br \/>ekkert af gr\u00f3\u00f0a m\u00ednum hefur gert mig sekan um synd.\u201c<br \/> <\/span> <span class=\"ljodatexti\"> <a name=\"10\"><span class=\"versanumer_ljod\">10<\/span><\/a>\u00c9g er Drottinn, Gu\u00f0 \u00feinn,<br \/>s\u00ed\u00f0an \u00ed Egyptalandi,<br \/>\u00e9g f\u00e6 \u00fe\u00e9r aftur b\u00fasta\u00f0 \u00ed tj\u00f6ldum<br \/>eins og \u00feegar vi\u00f0 fundumst fyrst. <span class=\"nedan_mal\" title=\" \u00d6nnur hugsanleg \u00fe\u00fd\u00f0ing: \u00feegar vi\u00f0 fundumst \u00e1 h\u00e1t\u00ed\u00f0isd\u00f6gum.\">[<\/span> <br \/> <\/span> <span class=\"ljodatexti\"> <a name=\"11\"><span class=\"versanumer_ljod\">11<\/span><\/a>\u00c9g mun tala til sp\u00e1mannanna<br \/>og \u00e9g mun fj\u00f6lga s\u00fdnunum<br \/>og fyrir munn sp\u00e1mannanna mun \u00e9g tala \u00ed l\u00edkingum. <br \/> <\/span> <span class=\"ljodatexti\"> <a name=\"12\"><span class=\"versanumer_ljod\">12<\/span><\/a>S\u00e9 G\u00edlea\u00f0 illur<br \/>eru \u00feeir einskis n\u00fdtir.<br \/>\u00cd Gilgal f\u00f3rnu\u00f0u menn nautum<br \/>en \u00f6lturu \u00feeirra ur\u00f0u eins og grj\u00f3thr\u00fagur<br \/>\u00ed pl\u00f3gf\u00f6rum \u00e1 \u00f6krum. <br \/> <\/span> <span class=\"ljodatexti\"> <a name=\"13\"><span class=\"versanumer_ljod\">13<\/span><\/a>Jakob fl\u00fd\u00f0i til Aramsl\u00e9ttu,<br \/>\u00cdsrael ger\u00f0ist \u00fej\u00f3nn vegna konu,<br \/>vegna konu g\u00e6tti hann fj\u00e1r.<br \/> <\/span> <span class=\"ljodatexti\"> <a name=\"14\"><span class=\"versanumer_ljod\">14<\/span><\/a>Fyrir me\u00f0alg\u00f6ngu sp\u00e1manns <br \/>leiddi Drottinn \u00cdsrael \u00fat af Egyptalandi<br \/>og um hann var annast <br \/>fyrir me\u00f0alg\u00f6ngu sp\u00e1manns.<br \/> <\/span> <span class=\"ljodatexti\"> <a name=\"15\"><span class=\"versanumer_ljod\">15<\/span><\/a>Efra\u00edm olli s\u00e1rri gremju.<br \/>\u00dev\u00ed mun Drottinn leggja hans eigin bl\u00f3\u00f0sekt \u00e1 hann<br \/>og l\u00e1ta sv\u00edvir\u00f0ingu hans koma honum \u00ed koll. <\/span> <\/p>\n","protected":false},"excerpt":{"rendered":"<p>Svikul \u00fej\u00f3\u00f0 1Efra\u00edm umkringdi mig me\u00f0 lygiog \u00cdsraelsmenn me\u00f0 svikum.En J\u00fada gengur enn me\u00f0 Gu\u00f0i,tryggur Hinum heilaga. [ 2Efra\u00edm hefur vingast vi\u00f0 vindinn og eltir austanstorminn allan daginn,hann margfaldar lygi og ofbeldi.\u00deeir gera s\u00e1ttm\u00e1la vi\u00f0 Ass\u00fdr\u00eduog flytja ol\u00edu til Egyptalands. 3\u00deess vegna s\u00e6kir Drottinn m\u00e1l \u00e1 hendur \u00cdsraeltil a\u00f0 draga Jakob til \u00e1byrg\u00f0ar fyrir breytni hans. 4\u00cd m\u00f3\u00f0urkvi\u00f0i blekkti hann br\u00f3\u00f0ur sinnog fullvaxinn gl\u00edmdi hann vi\u00f0 Gu\u00f0, 5hann gl\u00edmdi vi\u00f0 engil og haf\u00f0i betur,hann gr\u00e9t og ba\u00f0 um miskunn.\u00cd Betel fann Drottinn hannog tala\u00f0i vi\u00f0 hann, 6Drottinn, Gu\u00f0 allsherjar,Drottinn er nafn hans. 7En \u00fe\u00fa skalt sn\u00faa aftur til Gu\u00f0s \u00fe\u00edns.Vertu <a href=\"https:\/\/biblian.is\/biblian\/hosea-12-kafli\/\"> [&#8230;]<\/a><\/p>\n","protected":false},"author":1,"featured_media":0,"parent":0,"menu_order":0,"comment_status":"open","ping_status":"open","template":"bibliukaflar_NT.php","meta":{"footnotes":""},"class_list":["post-2491","page","type-page","status-publish","hentry"],"_links":{"self":[{"href":"https:\/\/biblian.is\/biblian\/wp-json\/wp\/v2\/pages\/2491","targetHints":{"allow":["GET"]}}],"collection":[{"href":"https:\/\/biblian.is\/biblian\/wp-json\/wp\/v2\/pages"}],"about":[{"href":"https:\/\/biblian.is\/biblian\/wp-json\/wp\/v2\/types\/page"}],"author":[{"embeddable":true,"href":"https:\/\/biblian.is\/biblian\/wp-json\/wp\/v2\/users\/1"}],"replies":[{"embeddable":true,"href":"https:\/\/biblian.is\/biblian\/wp-json\/wp\/v2\/comments?post=2491"}],"version-history":[{"count":0,"href":"https:\/\/biblian.is\/biblian\/wp-json\/wp\/v2\/pages\/2491\/revisions"}],"wp:attachment":[{"href":"https:\/\/biblian.is\/biblian\/wp-json\/wp\/v2\/media?parent=2491"}],"curies":[{"name":"wp","href":"https:\/\/api.w.org\/{rel}","templated":true}]}}