{"id":2484,"date":"2017-12-30T21:03:23","date_gmt":"2017-12-30T21:03:23","guid":{"rendered":"http:\/\/biblian.is\/biblian\/h%c2%97sea-5-kafli\/"},"modified":"2024-03-19T16:12:50","modified_gmt":"2024-03-19T16:12:50","slug":"hosea-5-kafli","status":"publish","type":"page","link":"https:\/\/biblian.is\/biblian\/hosea-5-kafli\/","title":{"rendered":"H\u00f3sea 5. kafli"},"content":{"rendered":"<h3 class=\"millifyrirsogn_2007\"> \u00cdsrael d\u00e6mdur<\/h3>\n<p><span class=\"ljodatexti\"> <a name=\"1\"><span class=\"versanumer_ljod\">1<\/span><\/a>Heyri\u00f0 \u00feetta, \u00fe\u00e9r prestar,<br \/>taki\u00f0 eftir, \u00cdsraelsmenn,<br \/>hlusta\u00f0u, konungs\u00e6tt,<br \/>\u00fev\u00ed a\u00f0 \u00fe\u00e9r \u00e1byrgist r\u00e9ttinn.<br \/>En \u00fe\u00e9r ur\u00f0u\u00f0 snara fyrir Mispa,<br \/>\u00fatbreitt net \u00e1 Tabor,<br \/> <\/span> <span class=\"ljodatexti\"> <a name=\"2\"><span class=\"versanumer_ljod\">2<\/span><\/a>dj\u00fap gr\u00f6f grafin \u00ed Sitt\u00edm<br \/>en \u00e9g mun refsa y\u00f0ur \u00f6llum. <br \/> <\/span> <span class=\"ljodatexti\"> <a name=\"3\"><span class=\"versanumer_ljod\">3<\/span><\/a>\u00c9g \u00feekki Efra\u00edm<br \/>og \u00cdsrael er m\u00e9r ekki hulinn<br \/>en n\u00fa hefur\u00f0u h\u00f3rast, Efra\u00edm,<br \/>\u00cdsrael hefur saurga\u00f0 sig.<br \/> <\/span> <span class=\"ljodatexti\"> <a name=\"4\"><span class=\"versanumer_ljod\">4<\/span><\/a>Verk \u00feeirra leyfa \u00feeim ekki<br \/>a\u00f0 hverfa aftur til Gu\u00f0s s\u00edns.<br \/>\u00dear sem h\u00f3rd\u00f3msandi er \u00ed brj\u00f3sti \u00feeirra<br \/>\u00feekkja \u00feeir ekki Drottin.<br \/> <\/span> <span class=\"ljodatexti\"> <a name=\"5\"><span class=\"versanumer_ljod\">5<\/span><\/a>Hroki \u00cdsraels vitnar gegn honum<br \/>og \u00cdsrael og Efra\u00edm l\u00ed\u00f0a undir lok vegna eigin sektar.<br \/>J\u00fada l\u00ed\u00f0ur einnig undir lok \u00e1samt \u00feeim.<br \/> <\/span> <span class=\"ljodatexti\"> <a name=\"6\"><span class=\"versanumer_ljod\">6<\/span><\/a>\u00deeir munu halda af sta\u00f0 me\u00f0 hjar\u00f0ir sau\u00f0a sinna og nauta<br \/>til a\u00f0 leita Drottins<br \/>en \u00feeir finna hann ekki,<br \/>hann hefur yfirgefi\u00f0 \u00fe\u00e1.<br \/> <\/span> <span class=\"ljodatexti\"> <a name=\"7\"><span class=\"versanumer_ljod\">7<\/span><\/a>\u00deeir hafa sviki\u00f0 Drottin<br \/>\u00fev\u00ed a\u00f0 \u00feeir hafa eignast \u00f3skilgetin b\u00f6rn.<br \/>N\u00fa skal tunglkoman ey\u00f0a \u00feeim og ekrum \u00feeirra.<br \/> <\/span> <span class=\"ljodatexti\"> <a name=\"8\"><span class=\"versanumer_ljod\">8<\/span><\/a>\u00deeyti\u00f0 horn \u00ed G\u00edbeu,<br \/>l\u00fa\u00f0ur \u00ed Rama,<br \/>hr\u00f3pi\u00f0 her\u00f3p \u00ed Betaven,<br \/>g\u00e6t \u00fe\u00edn, Benjam\u00edn. <br \/> <\/span> <span class=\"ljodatexti\"> <a name=\"9\"><span class=\"versanumer_ljod\">9<\/span><\/a>Efra\u00edm ver\u00f0ur au\u00f0n<br \/>\u00e1 degi refsingarinnar.<br \/>\u00c6ttb\u00e1lkum \u00cdsraels flyt \u00e9g<br \/>\u00e1rei\u00f0anlegan bo\u00f0skap. <br \/> <\/span> <span class=\"ljodatexti\"> <a name=\"10\"><span class=\"versanumer_ljod\">10<\/span><\/a>H\u00f6f\u00f0ingjar J\u00fada heg\u00f0a s\u00e9r eins og \u00feeir<br \/>sem f\u00e6ra til landamerki,<br \/>\u00e9g mun hella heift minni yfir \u00fe\u00e1<br \/>eins og vatni.<br \/> <\/span> <span class=\"ljodatexti\"> <a name=\"11\"><span class=\"versanumer_ljod\">11<\/span><\/a>Efra\u00edm er k\u00faga\u00f0ur, <br \/>r\u00e9tturinn f\u00f3tum tro\u00f0inn<br \/>\u00fev\u00ed a\u00f0 hann \u00e1kva\u00f0<br \/>a\u00f0 fylgja lygi. <br \/> <\/span> <span class=\"ljodatexti\"> <a name=\"12\"><span class=\"versanumer_ljod\">12<\/span><\/a>En \u00e9g reynist Efra\u00edm eins og m\u00f6lur<br \/>og J\u00fadam\u00f6nnum sem rotnun. <br \/> <\/span> <span class=\"ljodatexti\"> <a name=\"13\"><span class=\"versanumer_ljod\">13<\/span><\/a>\u00deegar Efra\u00edm uppg\u00f6tva\u00f0i sj\u00fakd\u00f3m sinn <br \/>og J\u00fada s\u00e1r s\u00edn<br \/>leita\u00f0i Efra\u00edm til Ass\u00fdr\u00edu <br \/>og sendi til st\u00f3rkonungsins<br \/>en hann gat ekki gert \u00fe\u00e1 heila,<br \/>ekki gr\u00e6tt s\u00e1r \u00feeirra.<br \/> <\/span> <span class=\"ljodatexti\"> <a name=\"14\"><span class=\"versanumer_ljod\">14<\/span><\/a>\u00dev\u00ed a\u00f0 \u00e9g reynist Efra\u00edm eins og lj\u00f3n,<br \/>J\u00fadam\u00f6nnum sem ungt lj\u00f3n,<br \/>sj\u00e1lfur r\u00edf \u00e9g \u00fe\u00e1 \u00ed sundur,<br \/>dreg \u00fe\u00e1 burt og enginn getur bjarga\u00f0.<br \/> <\/span> <span class=\"ljodatexti\"> <a name=\"15\"><span class=\"versanumer_ljod\">15<\/span><\/a>\u00c9g sn\u00fd aftur heim <br \/>og ver\u00f0 \u00fear uns \u00feeir i\u00f0rast<br \/>og leita auglitis m\u00edns.<br \/>\u00deeir munu leita til m\u00edn \u00ed ney\u00f0 sinni. <\/span> <\/p>\n","protected":false},"excerpt":{"rendered":"<p>\u00cdsrael d\u00e6mdur 1Heyri\u00f0 \u00feetta, \u00fe\u00e9r prestar,taki\u00f0 eftir, \u00cdsraelsmenn,hlusta\u00f0u, konungs\u00e6tt,\u00fev\u00ed a\u00f0 \u00fe\u00e9r \u00e1byrgist r\u00e9ttinn.En \u00fe\u00e9r ur\u00f0u\u00f0 snara fyrir Mispa,\u00fatbreitt net \u00e1 Tabor, 2dj\u00fap gr\u00f6f grafin \u00ed Sitt\u00edmen \u00e9g mun refsa y\u00f0ur \u00f6llum. 3\u00c9g \u00feekki Efra\u00edmog \u00cdsrael er m\u00e9r ekki hulinnen n\u00fa hefur\u00f0u h\u00f3rast, Efra\u00edm,\u00cdsrael hefur saurga\u00f0 sig. 4Verk \u00feeirra leyfa \u00feeim ekkia\u00f0 hverfa aftur til Gu\u00f0s s\u00edns.\u00dear sem h\u00f3rd\u00f3msandi er \u00ed brj\u00f3sti \u00feeirra\u00feekkja \u00feeir ekki Drottin. 5Hroki \u00cdsraels vitnar gegn honumog \u00cdsrael og Efra\u00edm l\u00ed\u00f0a undir lok vegna eigin sektar.J\u00fada l\u00ed\u00f0ur einnig undir lok \u00e1samt \u00feeim. 6\u00deeir munu halda af sta\u00f0 me\u00f0 hjar\u00f0ir sau\u00f0a sinna og nautatil a\u00f0 leita Drottinsen \u00feeir <a href=\"https:\/\/biblian.is\/biblian\/hosea-5-kafli\/\"> [&#8230;]<\/a><\/p>\n","protected":false},"author":1,"featured_media":0,"parent":0,"menu_order":0,"comment_status":"open","ping_status":"open","template":"bibliukaflar_NT.php","meta":{"footnotes":""},"class_list":["post-2484","page","type-page","status-publish","hentry"],"_links":{"self":[{"href":"https:\/\/biblian.is\/biblian\/wp-json\/wp\/v2\/pages\/2484","targetHints":{"allow":["GET"]}}],"collection":[{"href":"https:\/\/biblian.is\/biblian\/wp-json\/wp\/v2\/pages"}],"about":[{"href":"https:\/\/biblian.is\/biblian\/wp-json\/wp\/v2\/types\/page"}],"author":[{"embeddable":true,"href":"https:\/\/biblian.is\/biblian\/wp-json\/wp\/v2\/users\/1"}],"replies":[{"embeddable":true,"href":"https:\/\/biblian.is\/biblian\/wp-json\/wp\/v2\/comments?post=2484"}],"version-history":[{"count":0,"href":"https:\/\/biblian.is\/biblian\/wp-json\/wp\/v2\/pages\/2484\/revisions"}],"wp:attachment":[{"href":"https:\/\/biblian.is\/biblian\/wp-json\/wp\/v2\/media?parent=2484"}],"curies":[{"name":"wp","href":"https:\/\/api.w.org\/{rel}","templated":true}]}}