{"id":2482,"date":"2017-12-30T21:03:23","date_gmt":"2017-12-30T21:03:23","guid":{"rendered":"http:\/\/biblian.is\/biblian\/h%c2%97sea-3-kafli\/"},"modified":"2024-03-19T16:12:50","modified_gmt":"2024-03-19T16:12:50","slug":"hosea-3-kafli","status":"publish","type":"page","link":"https:\/\/biblian.is\/biblian\/hosea-3-kafli\/","title":{"rendered":"H\u00f3sea 3. kafli"},"content":{"rendered":"<h3 class=\"millifyrirsogn_2007\"> Eiginkonan tekin \u00ed s\u00e1tt<\/h3>\n<p><a name=\"1\"><span class=\"versanumer_2007\">1<\/span><\/a> Drottinn sag\u00f0i vi\u00f0 mig:<br \/> <span class=\"ljodatexti\"> \u201eFar\u00f0u aftur og elska\u00f0u konu<br \/>sem er elsku\u00f0 af manni s\u00ednum en heldur fram hj\u00e1.<br \/>Elska\u00f0u hana eins og Drottinn elskar \u00cdsraelsmenn<br \/>\u00fe\u00f3 a\u00f0 \u00feeir sn\u00fai s\u00e9r a\u00f0 \u00f6\u00f0rum gu\u00f0um<br \/>og s\u00e6kist eftir r\u00fas\u00ednuk\u00f6kum.\u201c<br \/> <\/span> <span class=\"ljodatexti\"> <a name=\"2\"><span class=\"versanumer_ljod\">2<\/span><\/a>\u00de\u00e1 keypti \u00e9g hana fyrir fimmt\u00e1n silfurpeninga<br \/>og h\u00e1lfan annan k\u00f3mer af byggi<br \/> <\/span> <span class=\"ljodatexti\"> <a name=\"3\"><span class=\"versanumer_ljod\">3<\/span><\/a>og sag\u00f0i vi\u00f0 hana:<br \/>\u201e\u00de\u00fa \u00e1tt a\u00f0 b\u00faa lengi hj\u00e1 m\u00e9r,<br \/>ekki halda fram hj\u00e1 og ekki gefast neinum manni<br \/>og \u00e9g mun heldur ekki ganga inn til \u00fe\u00edn.\u201c<br \/> <\/span> <span class=\"ljodatexti\"> <a name=\"4\"><span class=\"versanumer_ljod\">4<\/span><\/a>\u00dev\u00ed a\u00f0 \u00cdsraelsmenn ver\u00f0a lengi<br \/>\u00e1n konungs og h\u00f6f\u00f0ingja,<br \/>\u00e1n sl\u00e1turf\u00f3rna og merkisteins,<br \/>\u00e1n h\u00f6kuls og h\u00fasgu\u00f0a.<br \/> <\/span><span class=\"ljodatexti\"> <a name=\"5\"><span class=\"versanumer_ljod\">5<\/span><\/a>Eftir \u00fea\u00f0 munu \u00cdsraelsmenn hverfa aftur<br \/>og \u00feeir munu leita Drottins, Gu\u00f0s s\u00edns, og Dav\u00ed\u00f0s, konungs s\u00edns.<br \/>Skj\u00e1lfandi koma \u00feeir til Drottins<br \/>og g\u00f3\u00f0ra gjafa hans \u00e1 hinum s\u00ed\u00f0ustu d\u00f6gum.<br \/><\/span><\/p>\n","protected":false},"excerpt":{"rendered":"<p>Eiginkonan tekin \u00ed s\u00e1tt 1 Drottinn sag\u00f0i vi\u00f0 mig: \u201eFar\u00f0u aftur og elska\u00f0u konusem er elsku\u00f0 af manni s\u00ednum en heldur fram hj\u00e1.Elska\u00f0u hana eins og Drottinn elskar \u00cdsraelsmenn\u00fe\u00f3 a\u00f0 \u00feeir sn\u00fai s\u00e9r a\u00f0 \u00f6\u00f0rum gu\u00f0umog s\u00e6kist eftir r\u00fas\u00ednuk\u00f6kum.\u201c 2\u00de\u00e1 keypti \u00e9g hana fyrir fimmt\u00e1n silfurpeningaog h\u00e1lfan annan k\u00f3mer af byggi 3og sag\u00f0i vi\u00f0 hana:\u201e\u00de\u00fa \u00e1tt a\u00f0 b\u00faa lengi hj\u00e1 m\u00e9r,ekki halda fram hj\u00e1 og ekki gefast neinum manniog \u00e9g mun heldur ekki ganga inn til \u00fe\u00edn.\u201c 4\u00dev\u00ed a\u00f0 \u00cdsraelsmenn ver\u00f0a lengi\u00e1n konungs og h\u00f6f\u00f0ingja,\u00e1n sl\u00e1turf\u00f3rna og merkisteins,\u00e1n h\u00f6kuls og h\u00fasgu\u00f0a. 5Eftir \u00fea\u00f0 munu \u00cdsraelsmenn hverfa afturog \u00feeir munu leita <a href=\"https:\/\/biblian.is\/biblian\/hosea-3-kafli\/\"> [&#8230;]<\/a><\/p>\n","protected":false},"author":1,"featured_media":0,"parent":0,"menu_order":0,"comment_status":"open","ping_status":"open","template":"bibliukaflar_NT.php","meta":{"footnotes":""},"class_list":["post-2482","page","type-page","status-publish","hentry"],"_links":{"self":[{"href":"https:\/\/biblian.is\/biblian\/wp-json\/wp\/v2\/pages\/2482","targetHints":{"allow":["GET"]}}],"collection":[{"href":"https:\/\/biblian.is\/biblian\/wp-json\/wp\/v2\/pages"}],"about":[{"href":"https:\/\/biblian.is\/biblian\/wp-json\/wp\/v2\/types\/page"}],"author":[{"embeddable":true,"href":"https:\/\/biblian.is\/biblian\/wp-json\/wp\/v2\/users\/1"}],"replies":[{"embeddable":true,"href":"https:\/\/biblian.is\/biblian\/wp-json\/wp\/v2\/comments?post=2482"}],"version-history":[{"count":0,"href":"https:\/\/biblian.is\/biblian\/wp-json\/wp\/v2\/pages\/2482\/revisions"}],"wp:attachment":[{"href":"https:\/\/biblian.is\/biblian\/wp-json\/wp\/v2\/media?parent=2482"}],"curies":[{"name":"wp","href":"https:\/\/api.w.org\/{rel}","templated":true}]}}