{"id":2481,"date":"2017-12-30T21:03:23","date_gmt":"2017-12-30T21:03:23","guid":{"rendered":"http:\/\/biblian.is\/biblian\/h%c2%97sea-2-kafli\/"},"modified":"2024-03-19T16:12:50","modified_gmt":"2024-03-19T16:12:50","slug":"hosea-2-kafli","status":"publish","type":"page","link":"https:\/\/biblian.is\/biblian\/hosea-2-kafli\/","title":{"rendered":"H\u00f3sea 2. kafli"},"content":{"rendered":"<h3 class=\"millifyrirsogn_2007\"> Fyrirheit um n\u00e1\u00f0 Gu\u00f0s<\/h3>\n<p><a name=\"1\"><span class=\"versanumer_2007\">1<\/span><\/a> Fj\u00f6ldi \u00cdsraelsmanna ver\u00f0ur sem sandkorn \u00e1 sj\u00e1varstr\u00f6nd<br \/> <span class=\"ljodatexti\"> sem hvorki ver\u00f0a m\u00e6ld n\u00e9 talin.<br \/>\u00cd sta\u00f0 \u00feess a\u00f0 sagt er vi\u00f0 \u00fe\u00e1: \u201e\u00de\u00e9r eru\u00f0 ekki \u00fej\u00f3\u00f0 m\u00edn,\u201c<br \/>ver\u00f0a \u00feeir nefndir \u201eSynir hins lifandi Gu\u00f0s\u201c.<br \/> <\/span> <span class=\"ljodatexti\"> <a name=\"2\"><span class=\"versanumer_ljod\">2<\/span><\/a>J\u00fadamenn og \u00cdsraelsmenn munu sameinast<br \/>og taka s\u00e9r einn lei\u00f0toga <br \/>og sn\u00faa heim fr\u00e1 landinu<br \/>\u00fev\u00ed a\u00f0 mikill er dagur Jesreel.<br \/> <\/span> <span class=\"ljodatexti\"> <a name=\"3\"><span class=\"versanumer_ljod\">3<\/span><\/a>Segi\u00f0 vi\u00f0 br\u00e6\u00f0ur y\u00f0ar: \u201e\u00de\u00e9r eru\u00f0 l\u00fd\u00f0ur minn\u201c<br \/>og vi\u00f0 systur y\u00f0ar: \u201eY\u00f0ur er miskunna\u00f0\u201c. <\/span> <\/p>\n<h3 class=\"millifyrirsogn_2007\">\u00d3tr\u00fa eiginkona, \u00f3trygg\u00f0 \u00cdsraels<\/h3>\n<p><span class=\"ljodatexti\"> <a name=\"4\"><span class=\"versanumer_ljod\">4<\/span><\/a>K\u00e6ri\u00f0 m\u00f3\u00f0ur y\u00f0ar, k\u00e6ri\u00f0,<br \/>\u00fev\u00ed a\u00f0 h\u00fan er ekki eiginkona m\u00edn<br \/>og \u00e9g ekki eiginma\u00f0ur hennar.<br \/>H\u00fan skal fjarl\u00e6gja sk\u00e6kjumerki\u00f0 af andliti s\u00ednu <br \/>og h\u00f3rumerki\u00f0 milli brj\u00f3sta sinna.<br \/> <\/span> <span class=\"ljodatexti\"> <a name=\"5\"><span class=\"versanumer_ljod\">5<\/span><\/a>Annars fletti \u00e9g hana kl\u00e6\u00f0um og skil hana eftir nakta <br \/>eins og daginn sem h\u00fan f\u00e6ddist,<br \/>\u00e9g l\u00e6t hana ver\u00f0a eins og ey\u00f0im\u00f6rk,<br \/>geri hana eins og skr\u00e6lna\u00f0 land<br \/>og l\u00e6t hana deyja \u00far \u00feorsta.<br \/> <\/span> <span class=\"ljodatexti\"> <a name=\"6\"><span class=\"versanumer_ljod\">6<\/span><\/a>B\u00f6rnum hennar s\u00fdni \u00e9g enga miskunn<br \/>\u00fev\u00ed a\u00f0 \u00feau eru h\u00f3rb\u00f6rn.<br \/> <\/span> <span class=\"ljodatexti\"> <a name=\"7\"><span class=\"versanumer_ljod\">7<\/span><\/a>J\u00e1, m\u00f3\u00f0ir \u00feeirra dr\u00fdg\u00f0i h\u00f3r,<br \/>h\u00fan, sem bar \u00feau undir belti, var\u00f0 s\u00e9r til skammar<br \/>\u00fev\u00ed a\u00f0 h\u00fan sag\u00f0i:<br \/>\u201e\u00c9g elti \u00e1stmenn m\u00edna,<br \/>\u00feeir gefa m\u00e9r brau\u00f0 mitt og vatn,<br \/>ull m\u00edna og h\u00f6r,<br \/>ol\u00edu og v\u00edn.\u201c<br \/> <\/span> <span class=\"ljodatexti\"> <a name=\"8\"><span class=\"versanumer_ljod\">8<\/span><\/a>\u00deess vegna loka \u00e9g vegi \u00fe\u00ednum me\u00f0 \u00feyrniger\u00f0i<br \/>og hle\u00f0 fyrir me\u00f0 steinvegg,<br \/>svo a\u00f0 \u00fe\u00fa finnir ekki stigu \u00fe\u00edna.<br \/> <\/span> <span class=\"ljodatexti\"> <a name=\"9\"><span class=\"versanumer_ljod\">9<\/span><\/a>H\u00fan mun elta \u00e1stmenn s\u00edna<br \/>en ekki n\u00e1 \u00feeim,<br \/>h\u00fan mun leita \u00feeirra<br \/>en ekki finna \u00fe\u00e1.<br \/>\u00de\u00e1 mun h\u00fan segja:<br \/>\u201eN\u00fa fer \u00e9g og sn\u00fd aftur til fyrsta eiginmanns m\u00edns<br \/>\u00fev\u00ed a\u00f0 \u00fe\u00e1 lei\u00f0 m\u00e9r betur en n\u00fana.\u201c<br \/> <\/span> <span class=\"ljodatexti\"> <a name=\"10\"><span class=\"versanumer_ljod\">10<\/span><\/a>En h\u00fan skilur ekki a\u00f0 \u00fea\u00f0 var \u00e9g<br \/>sem gaf henni korn, v\u00edn og ol\u00edu<br \/>og j\u00f3s yfir hana silfri<br \/>og gulli sem nota\u00f0 var \u00ed Baalsmyndir.<br \/> <\/span> <span class=\"ljodatexti\"> <a name=\"11\"><span class=\"versanumer_ljod\">11<\/span><\/a>\u00deess vegna tek \u00e9g korn mitt aftur \u00feegar t\u00edmi \u00feess kemur<br \/>og v\u00edn mitt \u00feegar t\u00edmi \u00feess kemur,<br \/>ull m\u00edna og h\u00f6r<br \/>sem h\u00fan haf\u00f0i til a\u00f0 sk\u00fdla nekt sinni.<br \/> <\/span> <span class=\"ljodatexti\"> <a name=\"12\"><span class=\"versanumer_ljod\">12<\/span><\/a>N\u00fa bera \u00e9g blyg\u00f0un hennar<br \/>\u00ed augs\u00fdn \u00e1stmanna hennar<br \/>og enginn \u00feeirra mun bjarga henni \u00far greipum m\u00ednum.<br \/> <\/span> <span class=\"ljodatexti\"> <a name=\"13\"><span class=\"versanumer_ljod\">13<\/span><\/a>\u00c9g mun binda enda \u00e1 alla gle\u00f0i hennar,<br \/>h\u00e1t\u00ed\u00f0ir, tunglkomudaga og hv\u00edldardaga<br \/>og allar h\u00e1t\u00ed\u00f0arsamkomur hennar<br \/> <\/span> <span class=\"ljodatexti\"> <a name=\"14\"><span class=\"versanumer_ljod\">14<\/span><\/a>og ey\u00f0a v\u00ednvi\u00f0 hennar og f\u00edkjutr\u00e9<br \/>sem h\u00fan sag\u00f0i um:<br \/>\u201e\u00deau eru sk\u00e6kjulaun m\u00edn<br \/>sem \u00e1stmenn m\u00ednir greiddu m\u00e9r.\u201c<br \/>\u00c9g geri gar\u00f0a hennar a\u00f0 kjarri<br \/>sem villt d\u00fdr munu \u00e9ta.<br \/> <\/span> <span class=\"ljodatexti\"> <a name=\"15\"><span class=\"versanumer_ljod\">15<\/span><\/a>\u00c9g dreg hana til \u00e1byrg\u00f0ar fyrir h\u00e1t\u00ed\u00f0isdaga Baala, <br \/>\u00feegar h\u00fan f\u00e6r\u00f0i \u00feeim reykelsisf\u00f3rnir<br \/>og skreytti sig me\u00f0 nefhring og h\u00e1lsfesti<br \/>og elti \u00e1stmenn s\u00edna<br \/>en gleymdi m\u00e9r, segir Drottinn.<br \/> <\/span> <span class=\"ljodatexti\"> <a name=\"16\"><span class=\"versanumer_ljod\">16<\/span><\/a>\u00deess vegna lokka \u00e9g hana n\u00fa sj\u00e1lfur<br \/>og fer me\u00f0 hana \u00fat \u00ed ey\u00f0im\u00f6rkina<br \/>og hughreysti hana.<br \/> <\/span> <span class=\"ljodatexti\"> <a name=\"17\"><span class=\"versanumer_ljod\">17<\/span><\/a>\u00de\u00e1 gef \u00e9g henni v\u00edngar\u00f0a hennar aftur<br \/>og geri M\u00e6\u00f0udal a\u00f0 Vonarhli\u00f0i.<br \/>\u00de\u00e1 mun h\u00fan svara m\u00e9r eins og \u00e1 \u00e6skud\u00f6gum s\u00ednum,<br \/>daginn sem h\u00fan h\u00e9lt upp fr\u00e1 Egyptalandi. <\/span> <\/p>\n<h3 class=\"millifyrirsogn_2007\">N\u00fdr s\u00e1ttm\u00e1li<\/h3>\n<p><span class=\"ljodatexti\"> <a name=\"18\"><span class=\"versanumer_ljod\">18<\/span><\/a>\u00c1 \u00feeim degi munt \u00fe\u00fa, segir Drottinn,<br \/>\u00e1varpa mig \u201eeiginma\u00f0ur minn\u201c,<br \/>og ekki framar kalla til m\u00edn \u201eBaal minn\u201c.<br \/> <\/span> <span class=\"ljodatexti\"> <a name=\"19\"><span class=\"versanumer_ljod\">19<\/span><\/a>\u00c9g fjarl\u00e6gi n\u00f6fn Baala \u00far munni hennar<br \/>og \u00feeir ver\u00f0a ekki nefndir \u00e1 nafn framar.<br \/> <\/span> <span class=\"ljodatexti\"> <a name=\"20\"><span class=\"versanumer_ljod\">20<\/span><\/a>\u00c1 \u00feeim degi geri \u00e9g s\u00e1ttm\u00e1la fyrir \u00cdsraelsmenn<br \/>vi\u00f0 d\u00fdr merkurinnar og fugla himinsins og skri\u00f0d\u00fdr jar\u00f0arinnar<br \/>og ey\u00f0i boga, sver\u00f0i og str\u00ed\u00f0i \u00far landinu <br \/>og l\u00e6t \u00fe\u00e1 b\u00faa \u00f3hulta.<br \/> <\/span> <span class=\"ljodatexti\"> <a name=\"21\"><span class=\"versanumer_ljod\">21<\/span><\/a>\u00c9g festi \u00feig m\u00e9r um alla framt\u00ed\u00f0,<br \/>\u00e9g festi \u00feig m\u00e9r \u00ed r\u00e9ttl\u00e6ti, r\u00e9ttv\u00edsi, k\u00e6rleika og miskunnsemi,<br \/> <\/span> <span class=\"ljodatexti\"> <a name=\"22\"><span class=\"versanumer_ljod\">22<\/span><\/a> \u00e9g festi \u00feig m\u00e9r \u00ed trygg\u00f0,<br \/>og \u00fe\u00fa munt \u00feekkja Drottin.<br \/> <\/span> <span class=\"ljodatexti\"> <a name=\"23\"><span class=\"versanumer_ljod\">23<\/span><\/a> \u00c1 \u00feeim degi mun \u00e9g b\u00e6nheyra, segir Drottinn,<br \/>\u00e9g mun b\u00e6nheyra himininn<br \/>og hann mun b\u00e6nheyra j\u00f6r\u00f0ina<br \/> <\/span> <span class=\"ljodatexti\"> <a name=\"24\"><span class=\"versanumer_ljod\">24<\/span><\/a> og j\u00f6r\u00f0in mun b\u00e6nheyra korni\u00f0,<br \/>v\u00edni\u00f0 og ol\u00eduna,<br \/>og \u00feau munu b\u00e6nheyra Jesreel<br \/> <\/span> <span class=\"ljodatexti\"> <a name=\"25\"><span class=\"versanumer_ljod\">25<\/span><\/a> og m\u00edn vegna mun \u00e9g s\u00e1 henni \u00ed landi\u00f0. <span class=\"nedan_mal\" title=\" \u00cd frumtextanum er or\u00f0aleikur milli \u201emun \u00e9g s\u00e1\u201c og Jesreel. Me\u00f0 \u201ehenni\u201c er \u00e1tt vi\u00f0 \u00cdsraels\u00fej\u00f3\u00f0ina.\">[<\/span> <br \/>\u00c9g mun s\u00fdna Miskunnarvana miskunn<br \/>og segja vi\u00f0 Ekki-l\u00fd\u00f0-minn: \u201e\u00de\u00fa ert l\u00fd\u00f0ur minn,\u201c<br \/>og hann mun segja: \u201e\u00de\u00fa ert Gu\u00f0 minn.\u201c <\/span> <\/p>\n","protected":false},"excerpt":{"rendered":"<p>Fyrirheit um n\u00e1\u00f0 Gu\u00f0s 1 Fj\u00f6ldi \u00cdsraelsmanna ver\u00f0ur sem sandkorn \u00e1 sj\u00e1varstr\u00f6nd sem hvorki ver\u00f0a m\u00e6ld n\u00e9 talin.\u00cd sta\u00f0 \u00feess a\u00f0 sagt er vi\u00f0 \u00fe\u00e1: \u201e\u00de\u00e9r eru\u00f0 ekki \u00fej\u00f3\u00f0 m\u00edn,\u201cver\u00f0a \u00feeir nefndir \u201eSynir hins lifandi Gu\u00f0s\u201c. 2J\u00fadamenn og \u00cdsraelsmenn munu sameinastog taka s\u00e9r einn lei\u00f0toga og sn\u00faa heim fr\u00e1 landinu\u00fev\u00ed a\u00f0 mikill er dagur Jesreel. 3Segi\u00f0 vi\u00f0 br\u00e6\u00f0ur y\u00f0ar: \u201e\u00de\u00e9r eru\u00f0 l\u00fd\u00f0ur minn\u201cog vi\u00f0 systur y\u00f0ar: \u201eY\u00f0ur er miskunna\u00f0\u201c. \u00d3tr\u00fa eiginkona, \u00f3trygg\u00f0 \u00cdsraels 4K\u00e6ri\u00f0 m\u00f3\u00f0ur y\u00f0ar, k\u00e6ri\u00f0,\u00fev\u00ed a\u00f0 h\u00fan er ekki eiginkona m\u00ednog \u00e9g ekki eiginma\u00f0ur hennar.H\u00fan skal fjarl\u00e6gja sk\u00e6kjumerki\u00f0 af andliti s\u00ednu og h\u00f3rumerki\u00f0 milli brj\u00f3sta sinna. 5Annars fletti <a href=\"https:\/\/biblian.is\/biblian\/hosea-2-kafli\/\"> [&#8230;]<\/a><\/p>\n","protected":false},"author":1,"featured_media":0,"parent":0,"menu_order":0,"comment_status":"open","ping_status":"open","template":"bibliukaflar_NT.php","meta":{"footnotes":""},"class_list":["post-2481","page","type-page","status-publish","hentry"],"_links":{"self":[{"href":"https:\/\/biblian.is\/biblian\/wp-json\/wp\/v2\/pages\/2481","targetHints":{"allow":["GET"]}}],"collection":[{"href":"https:\/\/biblian.is\/biblian\/wp-json\/wp\/v2\/pages"}],"about":[{"href":"https:\/\/biblian.is\/biblian\/wp-json\/wp\/v2\/types\/page"}],"author":[{"embeddable":true,"href":"https:\/\/biblian.is\/biblian\/wp-json\/wp\/v2\/users\/1"}],"replies":[{"embeddable":true,"href":"https:\/\/biblian.is\/biblian\/wp-json\/wp\/v2\/comments?post=2481"}],"version-history":[{"count":0,"href":"https:\/\/biblian.is\/biblian\/wp-json\/wp\/v2\/pages\/2481\/revisions"}],"wp:attachment":[{"href":"https:\/\/biblian.is\/biblian\/wp-json\/wp\/v2\/media?parent=2481"}],"curies":[{"name":"wp","href":"https:\/\/api.w.org\/{rel}","templated":true}]}}