{"id":2454,"date":"2017-12-30T21:03:13","date_gmt":"2017-12-30T21:03:13","guid":{"rendered":"http:\/\/biblian.is\/biblian\/esek%c2%92el-35-kafli\/"},"modified":"2024-07-03T22:14:11","modified_gmt":"2024-07-03T22:14:11","slug":"esekiel-35-kafli","status":"publish","type":"page","link":"https:\/\/biblian.is\/biblian\/esekiel-35-kafli\/","title":{"rendered":"Esek\u00edel 35. kafli"},"content":{"rendered":"<h3 class=\"millifyrirsogn_2007\"> D\u00f3mur yfir Se\u00edr<\/h3>\n<p><a name=\"1\"><span class=\"versanumer_2007\">1<\/span><\/a> Or\u00f0 Drottins kom til m\u00edn: <a name=\"2\"><span class=\"versanumer_2007\">2<\/span><\/a> Mannssonur, sn\u00fa\u00f0u \u00fe\u00e9r a\u00f0 Se\u00edrfjalli, sp\u00e1\u00f0u gegn \u00fev\u00ed <a name=\"3\"><span class=\"versanumer_2007\">3<\/span><\/a> og seg\u00f0u: Svo segir Drottinn Gu\u00f0:<br \/> <span class=\"ljodatexti\"> N\u00fa held \u00e9g gegn \u00fe\u00e9r, Se\u00edrfjalllendi,<br \/>og r\u00e9tti \u00fat h\u00f6nd m\u00edna gegn \u00fe\u00e9r.<br \/>\u00c9g geri \u00feig a\u00f0 ey\u00f0im\u00f6rk og au\u00f0n,<br \/> <\/span> <span class=\"ljodatexti\"> <a name=\"4\"><span class=\"versanumer_ljod\">4<\/span><\/a>borgir \u00fe\u00ednar legg \u00e9g \u00ed r\u00fast<br \/>og \u00fe\u00fa skalt ver\u00f0a ey\u00f0im\u00f6rk. <br \/>\u00de\u00e1 muntu skilja a\u00f0 \u00e9g er Drottinn. <\/span> <br \/> <a name=\"5\"><span class=\"versanumer_2007\">5<\/span><\/a> \u00de\u00fa hefur ali\u00f0 \u00e1 fjandskap vi\u00f0 \u00cdsraelsmenn fr\u00e1 fornu fari og \u00fe\u00fa ofurseldir \u00fe\u00e1 sver\u00f0inu \u00e1 ney\u00f0arstund \u00feeirra, \u00e1 stund lokauppgj\u00f6rsins vi\u00f0 \u00fe\u00e1. <a name=\"6\"><span class=\"versanumer_2007\">6<\/span><\/a> \u00deess vegna, svo sannarlega sem \u00e9g lifi, segir Drottinn Gu\u00f0, mun \u00e9g l\u00e1ta \u00fe\u00e9r bl\u00e6\u00f0a og bl\u00f3\u00f0 skal ofs\u00e6kja \u00feig. \u00de\u00fa baka\u00f0ir \u00fe\u00e9r bl\u00f3\u00f0skuld, \u00fev\u00ed skal bl\u00f3\u00f0 ofs\u00e6kja \u00feig. <a name=\"7\"><span class=\"versanumer_2007\">7<\/span><\/a> \u00c9g mun gera Se\u00edrfjall a\u00f0 ey\u00f0im\u00f6rk og au\u00f0n og tort\u00edma \u00f6llum sem fara \u00fear um. <a name=\"8\"><span class=\"versanumer_2007\">8<\/span><\/a> \u00c9g mun \u00feekja fj\u00f6ll \u00feess vegnum m\u00f6nnum. \u00c1 h\u00f3lum \u00fe\u00ednum, \u00ed d\u00f6lum \u00fe\u00ednum og glj\u00fafrum munu \u00feeir falla sem lag\u00f0ir ver\u00f0a sver\u00f0i.<br \/> <span class=\"ljodatexti\"> <a name=\"9\"><span class=\"versanumer_ljod\">9<\/span><\/a>\u00c9g mun gera \u00feig a\u00f0 \u00e6varandi ey\u00f0im\u00f6rk,<br \/>borgir \u00fe\u00ednar ver\u00f0a au\u00f0ar. <br \/>\u00de\u00e1 munu\u00f0 \u00fei\u00f0 skilja a\u00f0 \u00e9g er Drottinn. <\/span> <br \/> <a name=\"10\"><span class=\"versanumer_2007\">10<\/span><\/a> \u00de\u00fa sag\u00f0ir: B\u00e1\u00f0ar \u00fej\u00f3\u00f0irnar og b\u00e6\u00f0i l\u00f6ndin eru m\u00edn eign og \u00e9g sl\u00e6 eign minni \u00e1 \u00feau \u00fe\u00f3 a\u00f0 Drottinn s\u00e9 \u00fear. <a name=\"11\"><span class=\"versanumer_2007\">11<\/span><\/a> \u00deess vegna segir Drottinn Gu\u00f0: Svo sannarlega sem \u00e9g lifi mun \u00e9g l\u00e1ta \u00feig kenna \u00e1 sams konar rei\u00f0i og \u00f6fund og \u00fe\u00fa l\u00e9st \u00fe\u00e1 kenna \u00e1 \u00ed hatri \u00fe\u00ednu. \u00c9g mun s\u00fdna \u00fe\u00e9r hver \u00e9g er \u00feegar \u00e9g d\u00e6mi \u00feig. <a name=\"12\"><span class=\"versanumer_2007\">12<\/span><\/a> \u00de\u00e1 muntu skilja a\u00f0 \u00e9g er Drottinn. \u00c9g hef heyrt \u00f6ll sm\u00e1naryr\u00f0in sem \u00fe\u00fa m\u00e6ltir gegn fj\u00f6llum \u00cdsraels \u00feegar \u00fe\u00fa sag\u00f0ir: \u201e\u00deau eru \u00ed ey\u00f0i, \u00feau hafa veri\u00f0 gefin okkur til vi\u00f0urv\u00e6ris.\u201c <a name=\"13\"><span class=\"versanumer_2007\">13<\/span><\/a> \u00dei\u00f0 hafi\u00f0 tala\u00f0 gegn m\u00e9r me\u00f0 g\u00edfuryr\u00f0um og beint a\u00f0 m\u00e9r \u00f3sv\u00edfnum or\u00f0um. \u00c9g heyr\u00f0i \u00fea\u00f0.<br \/> <a name=\"14\"><span class=\"versanumer_2007\">14<\/span><\/a> Svo segir Drottinn Gu\u00f0: \u00dear sem \u00fe\u00fa gladdist yfir \u00fev\u00ed a\u00f0 land mitt er \u00ed ey\u00f0i mun \u00e9g fara eins me\u00f0 \u00feig. <a name=\"15\"><span class=\"versanumer_2007\">15<\/span><\/a> \u00dear sem \u00fe\u00fa gladdist yfir a\u00f0 erf\u00f0aland \u00cdsraelsmanna var lagt \u00ed ey\u00f0i mun \u00e9g fara eins me\u00f0 \u00feig. Fjalllendi Se\u00edr og allt Ed\u00f3m skal ver\u00f0a ey\u00f0im\u00f6rk. \u00de\u00e1 munu \u00feeir skilja a\u00f0 \u00e9g er Drottinn.<\/p>\n","protected":false},"excerpt":{"rendered":"<p>D\u00f3mur yfir Se\u00edr 1 Or\u00f0 Drottins kom til m\u00edn: 2 Mannssonur, sn\u00fa\u00f0u \u00fe\u00e9r a\u00f0 Se\u00edrfjalli, sp\u00e1\u00f0u gegn \u00fev\u00ed 3 og seg\u00f0u: Svo segir Drottinn Gu\u00f0: N\u00fa held \u00e9g gegn \u00fe\u00e9r, Se\u00edrfjalllendi,og r\u00e9tti \u00fat h\u00f6nd m\u00edna gegn \u00fe\u00e9r.\u00c9g geri \u00feig a\u00f0 ey\u00f0im\u00f6rk og au\u00f0n, 4borgir \u00fe\u00ednar legg \u00e9g \u00ed r\u00fastog \u00fe\u00fa skalt ver\u00f0a ey\u00f0im\u00f6rk. \u00de\u00e1 muntu skilja a\u00f0 \u00e9g er Drottinn. 5 \u00de\u00fa hefur ali\u00f0 \u00e1 fjandskap vi\u00f0 \u00cdsraelsmenn fr\u00e1 fornu fari og \u00fe\u00fa ofurseldir \u00fe\u00e1 sver\u00f0inu \u00e1 ney\u00f0arstund \u00feeirra, \u00e1 stund lokauppgj\u00f6rsins vi\u00f0 \u00fe\u00e1. 6 \u00deess vegna, svo sannarlega sem \u00e9g lifi, segir Drottinn Gu\u00f0, mun \u00e9g l\u00e1ta \u00fe\u00e9r bl\u00e6\u00f0a <a href=\"https:\/\/biblian.is\/biblian\/esekiel-35-kafli\/\"> [&#8230;]<\/a><\/p>\n","protected":false},"author":1,"featured_media":0,"parent":0,"menu_order":0,"comment_status":"open","ping_status":"open","template":"bibliukaflar_NT.php","meta":{"footnotes":""},"class_list":["post-2454","page","type-page","status-publish","hentry"],"_links":{"self":[{"href":"https:\/\/biblian.is\/biblian\/wp-json\/wp\/v2\/pages\/2454","targetHints":{"allow":["GET"]}}],"collection":[{"href":"https:\/\/biblian.is\/biblian\/wp-json\/wp\/v2\/pages"}],"about":[{"href":"https:\/\/biblian.is\/biblian\/wp-json\/wp\/v2\/types\/page"}],"author":[{"embeddable":true,"href":"https:\/\/biblian.is\/biblian\/wp-json\/wp\/v2\/users\/1"}],"replies":[{"embeddable":true,"href":"https:\/\/biblian.is\/biblian\/wp-json\/wp\/v2\/comments?post=2454"}],"version-history":[{"count":0,"href":"https:\/\/biblian.is\/biblian\/wp-json\/wp\/v2\/pages\/2454\/revisions"}],"wp:attachment":[{"href":"https:\/\/biblian.is\/biblian\/wp-json\/wp\/v2\/media?parent=2454"}],"curies":[{"name":"wp","href":"https:\/\/api.w.org\/{rel}","templated":true}]}}

Esekíel 35. kafli

<h3 class="millifyrirsogn_2007"> Dómur yfir Seír</h3>
<p><a name="1"><span class="versanumer_2007">1</span></a> Orð Drottins kom til mín: <a name="2"><span class="versanumer_2007">2</span></a> Mannssonur, snúðu þér að Seírfjalli, spáðu gegn því <a name="3"><span class="versanumer_2007">3</span></a> og segðu: Svo segir Drottinn Guð:<br /> <span class="ljodatexti"> Nú held ég gegn þér, Seírfjalllendi,<br />og rétti út hönd mína gegn þér.<br />Ég geri þig að eyðimörk og auðn,<br /> </span> <span class="ljodatexti"> <a name="4"><span class="versanumer_ljod">4</span></a>borgir þínar legg ég í rúst<br />og þú skalt verða eyðimörk. <br />Þá muntu skilja að ég er Drottinn. </span> <br /> <a name="5"><span class="versanumer_2007">5</span></a> Þú hefur alið á fjandskap við Ísraelsmenn frá fornu fari og þú ofurseldir þá sverðinu á neyðarstund þeirra, á stund lokauppgjörsins við þá. <a name="6"><span class="versanumer_2007">6</span></a> Þess vegna, svo sannarlega sem ég lifi, segir Drottinn Guð, mun ég láta þér blæða og blóð skal ofsækja þig. Þú bakaðir þér blóðskuld, því skal blóð ofsækja þig. <a name="7"><span class="versanumer_2007">7</span></a> Ég mun gera Seírfjall að eyðimörk og auðn og tortíma öllum sem fara þar um. <a name="8"><span class="versanumer_2007">8</span></a> Ég mun þekja fjöll þess vegnum mönnum. Á hólum þínum, í dölum þínum og gljúfrum munu þeir falla sem lagðir verða sverði.<br /> <span class="ljodatexti"> <a name="9"><span class="versanumer_ljod">9</span></a>Ég mun gera þig að ævarandi eyðimörk,<br />borgir þínar verða auðar. <br />Þá munuð þið skilja að ég er Drottinn. </span> <br /> <a name="10"><span class="versanumer_2007">10</span></a> Þú sagðir: Báðar þjóðirnar og bæði löndin eru mín eign og ég slæ eign minni á þau þó að Drottinn sé þar. <a name="11"><span class="versanumer_2007">11</span></a> Þess vegna segir Drottinn Guð: Svo sannarlega sem ég lifi mun ég láta þig kenna á sams konar reiði og öfund og þú lést þá kenna á í hatri þínu. Ég mun sýna þér hver ég er þegar ég dæmi þig. <a name="12"><span class="versanumer_2007">12</span></a> Þá muntu skilja að ég er Drottinn. Ég hef heyrt öll smánaryrðin sem þú mæltir gegn fjöllum Ísraels þegar þú sagðir: „Þau eru í eyði, þau hafa verið gefin okkur til viðurværis.“ <a name="13"><span class="versanumer_2007">13</span></a> Þið hafið talað gegn mér með gífuryrðum og beint að mér ósvífnum orðum. Ég heyrði það.<br /> <a name="14"><span class="versanumer_2007">14</span></a> Svo segir Drottinn Guð: Þar sem þú gladdist yfir því að land mitt er í eyði mun ég fara eins með þig. <a name="15"><span class="versanumer_2007">15</span></a> Þar sem þú gladdist yfir að erfðaland Ísraelsmanna var lagt í eyði mun ég fara eins með þig. Fjalllendi Seír og allt Edóm skal verða eyðimörk. Þá munu þeir skilja að ég er Drottinn.</p>

<p>Dómur yfir Seír 1 Orð Drottins kom til mín: 2 Mannssonur, snúðu þér að Seírfjalli, spáðu gegn því 3 og segðu: Svo segir Drottinn Guð: Nú held ég gegn þér, Seírfjalllendi,og rétti út hönd mína gegn þér.Ég geri þig að eyðimörk og auðn, 4borgir þínar legg ég í rústog þú skalt verða eyðimörk. Þá muntu skilja að ég er Drottinn. 5 Þú hefur alið á fjandskap við Ísraelsmenn frá fornu fari og þú ofurseldir þá sverðinu á neyðarstund þeirra, á stund lokauppgjörsins við þá. 6 Þess vegna, svo sannarlega sem ég lifi, segir Drottinn Guð, mun ég láta þér blæða <a href="https://biblian.is/biblian/esekiel-35-kafli/"> [&#8230;]</a></p>
