{"id":2443,"date":"2017-12-30T21:03:13","date_gmt":"2017-12-30T21:03:13","guid":{"rendered":"http:\/\/biblian.is\/biblian\/esek%c2%92el-24-kafli\/"},"modified":"2024-07-03T22:14:09","modified_gmt":"2024-07-03T22:14:09","slug":"esekiel-24-kafli","status":"publish","type":"page","link":"https:\/\/biblian.is\/biblian\/esekiel-24-kafli\/","title":{"rendered":"Esek\u00edel 24. kafli"},"content":{"rendered":"<h3 class=\"millifyrirsogn_2007\"> Pottur \u00e1 hl\u00f3\u00f0um<\/h3>\n<p><a name=\"1\"><span class=\"versanumer_2007\">1<\/span><\/a> Or\u00f0 Drottins kom til m\u00edn \u00e1 t\u00edunda degi t\u00edunda m\u00e1na\u00f0arins \u00ed n\u00edunda \u00e1rinu: <a name=\"2\"><span class=\"versanumer_2007\">2<\/span><\/a> Mannssonur, skr\u00e1\u00f0u n\u00e1kv\u00e6mlega dagsetningu dagsins \u00ed dag. Konungurinn \u00ed Bab\u00fdlon h\u00f3f \u00e1r\u00e1s \u00e1 Jer\u00fasalem einmitt \u00feennan dag. <a name=\"3\"><span class=\"versanumer_2007\">3<\/span><\/a> Tala\u00f0u \u00ed l\u00edkingu til \u00feessarar \u00feverm\u00f3\u00f0skufullu \u00fej\u00f3\u00f0ar og seg\u00f0u: <br \/>Svo segir Drottinn Gu\u00f0:<br \/> <span class=\"ljodatexti\"> Settu pott \u00e1 hl\u00f3\u00f0ir, settu hann upp.<br \/>Helltu \u00ed hann vatni,<br \/> <\/span> <span class=\"ljodatexti\"> <a name=\"4\"><span class=\"versanumer_ljod\">4<\/span><\/a>b\u00e6ttu \u00ed kj\u00f6tstykkjum,<br \/>a\u00f0eins \u00farvalsbitum <br \/>af lend og b\u00f3gi.<br \/>Fylltu hann bestu beinunum.<br \/> <\/span> <span class=\"ljodatexti\"> <a name=\"5\"><span class=\"versanumer_ljod\">5<\/span><\/a>Taktu \u00fea\u00f0 v\u00e6nsta \u00far sau\u00f0ahj\u00f6r\u00f0inni.<br \/>Legg\u00f0u vi\u00f0 undir pottinn,<br \/>l\u00e1ttu su\u00f0una koma upp \u00e1 kj\u00f6tinu<br \/>og sj\u00f3ddu beinin me\u00f0. <\/span> <br \/> <a name=\"6\"><span class=\"versanumer_2007\">6<\/span><\/a> \u00deess vegna segir Drottinn Gu\u00f0: Vei hinni bl\u00f3\u00f0i drifnu borg, pottinum sem er ry\u00f0ga\u00f0ur og ry\u00f0i\u00f0 n\u00e6st ekki af. Taktu hvert kj\u00f6tstykki\u00f0 af \u00f6\u00f0ru upp \u00far honum \u00e1n \u00feess a\u00f0 varpa hlutum um \u00feau. <a name=\"7\"><span class=\"versanumer_2007\">7<\/span><\/a> \u00dev\u00ed a\u00f0 bl\u00f3\u00f0i\u00f0, sem h\u00fan \u00fathellti, er enn \u00ed henni. H\u00fan \u00fathellti \u00fev\u00ed \u00e1 bera kl\u00f6pp en ekki \u00e1 j\u00f6r\u00f0ina til a\u00f0 \u00fea\u00f0 yr\u00f0i huli\u00f0 mold. <a name=\"8\"><span class=\"versanumer_2007\">8<\/span><\/a> Til a\u00f0 vekja rei\u00f0i og hefna \u00feessa \u00fathellti \u00e9g bl\u00f3\u00f0i hennar \u00e1 bera kl\u00f6pp svo a\u00f0 \u00fea\u00f0 yr\u00f0i ekki huli\u00f0. <br \/> <a name=\"9\"><span class=\"versanumer_2007\">9<\/span><\/a> \u00deess vegna segir Drottinn Gu\u00f0: Vei hinni bl\u00f3\u00f0i drifnu borg. \u00c9g hle\u00f0 einnig mikinn b\u00e1lk\u00f6st. <a name=\"10\"><span class=\"versanumer_2007\">10<\/span><\/a> Hr\u00fagi\u00f0 upp vi\u00f0num, kveiki\u00f0 eld, fullsj\u00f3\u00f0i\u00f0 kj\u00f6ti\u00f0, helli\u00f0 af \u00fev\u00ed so\u00f0inu, l\u00e1ti\u00f0 beinin brenna. <a name=\"11\"><span class=\"versanumer_2007\">11<\/span><\/a> Setji\u00f0 s\u00ed\u00f0an t\u00f3man pottinn \u00e1 gl\u00f3andi kolin svo a\u00f0 hann hitni og eirinn ver\u00f0i gl\u00f3andi og \u00f3hreinindin \u00ed honum br\u00e1\u00f0ni og ry\u00f0i\u00f0 hverfi. <a name=\"12\"><span class=\"versanumer_2007\">12<\/span><\/a> En erfi\u00f0i\u00f0 var til einskis. Ry\u00f0i\u00f0 er svo miki\u00f0 a\u00f0 \u00fea\u00f0 n\u00e6st ekki af \u00ed eldinum. <a name=\"13\"><span class=\"versanumer_2007\">13<\/span><\/a> \u00c9g \u00e6tla\u00f0i a\u00f0 hreinsa \u00feig af sora \u00f3lifna\u00f0ar \u00fe\u00edns en \u00fe\u00fa var\u00f0st ekki hrein. \u00deess vegna skaltu ekki ver\u00f0a hrein af saurgun \u00feinni fyrr en \u00e9g hef svala\u00f0 heift minni \u00e1 \u00fe\u00e9r. <a name=\"14\"><span class=\"versanumer_2007\">14<\/span><\/a> \u00c9g, Drottinn, hef tala\u00f0 og \u00e9g mun framfylgja \u00fev\u00ed sem \u00e9g hef sagt. M\u00e9r fallast ekki hendur, \u00e9g s\u00fdni enga v\u00e6g\u00f0 og i\u00f0rast einskis. \u00c9g mun d\u00e6ma \u00feig eftir breytni \u00feinni og verkum, segir Drottinn Gu\u00f0.<\/p>\n<h3 class=\"millifyrirsogn_2007\">Sp\u00e1ma\u00f0urinn missir konu s\u00edna<\/h3>\n<p><a name=\"15\"><span class=\"versanumer_2007\">15<\/span><\/a> Or\u00f0 Drottins kom til m\u00edn: <a name=\"16\"><span class=\"versanumer_2007\">16<\/span><\/a> Mannssonur, n\u00fa svipti \u00e9g \u00feig yndi augna \u00feinna me\u00f0 sviplegum dau\u00f0a. \u00de\u00fa skalt hvorki syrgja, gr\u00e1ta n\u00e9 fella t\u00e1r. <a name=\"17\"><span class=\"versanumer_2007\">17<\/span><\/a> Andvarpa\u00f0u \u00ed hlj\u00f3\u00f0i og vi\u00f0haf\u00f0u ekki sorgarsi\u00f0i. \u00de\u00fa skalt binda \u00e1 \u00feig h\u00f6fu\u00f0kl\u00e6\u00f0i \u00feitt og setja sk\u00f3 \u00e1 f\u00e6tur \u00fe\u00e9r. \u00de\u00fa skalt hvorki hylja skegg \u00feitt n\u00e9 neyta sorgarbrau\u00f0s.<br \/> <a name=\"18\"><span class=\"versanumer_2007\">18<\/span><\/a> \u00c9g tala\u00f0i vi\u00f0 f\u00f3lki\u00f0 um morguninn. Eiginkona m\u00edn l\u00e9st a\u00f0 kv\u00f6ldi og \u00e9g ger\u00f0i eins og fyrir mig haf\u00f0i veri\u00f0 lagt morguninn eftir. <a name=\"19\"><span class=\"versanumer_2007\">19<\/span><\/a> \u00de\u00e1 spur\u00f0i f\u00f3lki\u00f0 mig: \u201eViltu ekki segja okkur hva\u00f0 \u00fea\u00f0 merkir sem \u00fe\u00fa gerir?\u201c<br \/> <a name=\"20\"><span class=\"versanumer_2007\">20<\/span><\/a> \u00c9g svara\u00f0i: Or\u00f0 Drottins kom til m\u00edn: <a name=\"21\"><span class=\"versanumer_2007\">21<\/span><\/a> Seg\u00f0u vi\u00f0 \u00cdsraelsmenn: Svo segir Drottinn Gu\u00f0: \u00c9g vanhelga helgid\u00f3m minn, hi\u00f0 h\u00e1a varnarvirki ykkar sem er yndi augna ykkar og hjartans \u00fer\u00e1. Synir ykkar og d\u00e6tur, sem \u00fei\u00f0 skilji\u00f0 eftir, munu falla fyrir sver\u00f0i. <a name=\"22\"><span class=\"versanumer_2007\">22<\/span><\/a> Og \u00fei\u00f0 munu\u00f0 fara a\u00f0 eins og \u00e9g hef gert: \u00dei\u00f0 munu\u00f0 hvorki hylja skegg ykkar n\u00e9 neyta sorgarbrau\u00f0s. <a name=\"23\"><span class=\"versanumer_2007\">23<\/span><\/a> \u00dei\u00f0 munu\u00f0 bera h\u00f6fu\u00f0d\u00faka og hafa sk\u00f3 \u00e1 f\u00f3tum. \u00dei\u00f0 munu\u00f0 hvorki syrgja n\u00e9 gr\u00e1ta en veslast upp vegna synda ykkar og stynja hver me\u00f0 \u00f6\u00f0rum. <a name=\"24\"><span class=\"versanumer_2007\">24<\/span><\/a> Esek\u00edel mun ver\u00f0a ykkur t\u00e1kn: \u00dei\u00f0 munu\u00f0 fara a\u00f0 alveg eins og hann. \u00deegar \u00fea\u00f0 ver\u00f0ur munu\u00f0 \u00fei\u00f0 skilja a\u00f0 \u00e9g er Drottinn Gu\u00f0.<br \/> <a name=\"25\"><span class=\"versanumer_2007\">25<\/span><\/a> En \u00fe\u00fa, mannssonur, daginn, sem \u00e9g svipti \u00fe\u00e1 varnarvirki s\u00ednu, gle\u00f0i sinni og stolti, yndi augna \u00feeirra og hjartans \u00fer\u00e1, einnig sonum \u00feeirra og d\u00e6trum, <a name=\"26\"><span class=\"versanumer_2007\">26<\/span><\/a> \u00e1 \u00feeim degi kemur fl\u00f3ttama\u00f0ur til \u00fe\u00edn og f\u00e6rir \u00fe\u00e9r fr\u00e9ttir. <a name=\"27\"><span class=\"versanumer_2007\">27<\/span><\/a> \u00c1 \u00feeim degi l\u00fdkst munnur \u00feinn upp og \u00fe\u00fa munt tala og ekki framar \u00feegja. \u00de\u00fa ver\u00f0ur \u00feeim t\u00e1kn og \u00feeir munu skilja a\u00f0 \u00e9g er Drottinn.<\/p>\n","protected":false},"excerpt":{"rendered":"<p>Pottur \u00e1 hl\u00f3\u00f0um 1 Or\u00f0 Drottins kom til m\u00edn \u00e1 t\u00edunda degi t\u00edunda m\u00e1na\u00f0arins \u00ed n\u00edunda \u00e1rinu: 2 Mannssonur, skr\u00e1\u00f0u n\u00e1kv\u00e6mlega dagsetningu dagsins \u00ed dag. Konungurinn \u00ed Bab\u00fdlon h\u00f3f \u00e1r\u00e1s \u00e1 Jer\u00fasalem einmitt \u00feennan dag. 3 Tala\u00f0u \u00ed l\u00edkingu til \u00feessarar \u00feverm\u00f3\u00f0skufullu \u00fej\u00f3\u00f0ar og seg\u00f0u: Svo segir Drottinn Gu\u00f0: Settu pott \u00e1 hl\u00f3\u00f0ir, settu hann upp.Helltu \u00ed hann vatni, 4b\u00e6ttu \u00ed kj\u00f6tstykkjum,a\u00f0eins \u00farvalsbitum af lend og b\u00f3gi.Fylltu hann bestu beinunum. 5Taktu \u00fea\u00f0 v\u00e6nsta \u00far sau\u00f0ahj\u00f6r\u00f0inni.Legg\u00f0u vi\u00f0 undir pottinn,l\u00e1ttu su\u00f0una koma upp \u00e1 kj\u00f6tinuog sj\u00f3ddu beinin me\u00f0. 6 \u00deess vegna segir Drottinn Gu\u00f0: Vei hinni bl\u00f3\u00f0i drifnu borg, pottinum sem er <a href=\"https:\/\/biblian.is\/biblian\/esekiel-24-kafli\/\"> [&#8230;]<\/a><\/p>\n","protected":false},"author":1,"featured_media":0,"parent":0,"menu_order":0,"comment_status":"open","ping_status":"open","template":"bibliukaflar_NT.php","meta":{"footnotes":""},"class_list":["post-2443","page","type-page","status-publish","hentry"],"_links":{"self":[{"href":"https:\/\/biblian.is\/biblian\/wp-json\/wp\/v2\/pages\/2443","targetHints":{"allow":["GET"]}}],"collection":[{"href":"https:\/\/biblian.is\/biblian\/wp-json\/wp\/v2\/pages"}],"about":[{"href":"https:\/\/biblian.is\/biblian\/wp-json\/wp\/v2\/types\/page"}],"author":[{"embeddable":true,"href":"https:\/\/biblian.is\/biblian\/wp-json\/wp\/v2\/users\/1"}],"replies":[{"embeddable":true,"href":"https:\/\/biblian.is\/biblian\/wp-json\/wp\/v2\/comments?post=2443"}],"version-history":[{"count":0,"href":"https:\/\/biblian.is\/biblian\/wp-json\/wp\/v2\/pages\/2443\/revisions"}],"wp:attachment":[{"href":"https:\/\/biblian.is\/biblian\/wp-json\/wp\/v2\/media?parent=2443"}],"curies":[{"name":"wp","href":"https:\/\/api.w.org\/{rel}","templated":true}]}}