{"id":2438,"date":"2017-12-30T21:03:13","date_gmt":"2017-12-30T21:03:13","guid":{"rendered":"http:\/\/biblian.is\/biblian\/esek%c2%92el-19-kafli\/"},"modified":"2024-07-03T22:14:08","modified_gmt":"2024-07-03T22:14:08","slug":"esekiel-19-kafli","status":"publish","type":"page","link":"https:\/\/biblian.is\/biblian\/esekiel-19-kafli\/","title":{"rendered":"Esek\u00edel 19. kafli"},"content":{"rendered":"<h3 class=\"millifyrirsogn_2007\"> Harmlj\u00f3\u00f0 um h\u00f6f\u00f0ingja \u00cdsraels<\/h3>\n<p><a name=\"1\"><span class=\"versanumer_2007\">1<\/span><\/a> Flyttu harmlj\u00f3\u00f0 um h\u00f6f\u00f0ingja \u00cdsraels <a name=\"2\"><span class=\"versanumer_2007\">2<\/span><\/a> og seg\u00f0u:<br \/> <span class=\"ljodatexti\"> Hv\u00edl\u00edk lj\u00f3nynja var m\u00f3\u00f0ir \u00fe\u00edn<br \/>me\u00f0al lj\u00f3nanna.<br \/>H\u00fan l\u00e1 me\u00f0al unglj\u00f3na, <br \/>\u00f3l upp lj\u00f3nshvolpa s\u00edna.<br \/> <\/span> <span class=\"ljodatexti\"> <a name=\"3\"><span class=\"versanumer_ljod\">3<\/span><\/a>H\u00fan kom einum \u00feeirra upp,<br \/>hann var\u00f0 fullvaxta unglj\u00f3n,<br \/>l\u00e6r\u00f0i a\u00f0 r\u00edfa \u00ed sig br\u00e1\u00f0,<br \/>hann \u00e1t menn.<br \/> <\/span> <span class=\"ljodatexti\"> <a name=\"4\"><span class=\"versanumer_ljod\">4<\/span><\/a>\u00de\u00e1 voru framandi \u00fej\u00f3\u00f0ir kvaddar saman <br \/>gegn honum,<br \/>hann var fanga\u00f0ur \u00ed gryfju \u00feeirra.<br \/>\u00de\u00e6r dr\u00f3gu hann me\u00f0 kr\u00f3kum til Egyptalands.<br \/> <\/span> <span class=\"ljodatexti\"> <a name=\"5\"><span class=\"versanumer_ljod\">5<\/span><\/a>\u00deegar lj\u00f3nynjan skildi a\u00f0 von hennar haf\u00f0i brug\u00f0ist,<br \/>var or\u00f0in a\u00f0 engu,<br \/>valdi h\u00fan annan af hvolpum s\u00ednum,<br \/>\u00f3l \u00f6nn fyrir honum uns hann var\u00f0 unglj\u00f3n.<br \/> <\/span> <span class=\"ljodatexti\"> <a name=\"6\"><span class=\"versanumer_ljod\">6<\/span><\/a>Hann eigra\u00f0i um me\u00f0al lj\u00f3na,<br \/>var\u00f0 fullvaxta unglj\u00f3n,<br \/>l\u00e6r\u00f0i a\u00f0 r\u00edfa \u00ed sig br\u00e1\u00f0,<br \/>hann \u00e1t menn.<br \/> <\/span> <span class=\"ljodatexti\"> <a name=\"7\"><span class=\"versanumer_ljod\">7<\/span><\/a>Hann braut virki \u00feeirra<br \/>og lag\u00f0i borgir \u00feeirra \u00ed r\u00fastir<br \/>svo a\u00f0 landi\u00f0 og \u00edb\u00faar \u00feess<br \/>stir\u00f0nu\u00f0u af skelfingu<br \/>vi\u00f0 \u00f6skur hans.<br \/> <\/span> <span class=\"ljodatexti\"> <a name=\"8\"><span class=\"versanumer_ljod\">8<\/span><\/a>\u00de\u00e1 voru \u00fej\u00f3\u00f0ir sendar gegn honum <br \/>fr\u00e1 l\u00f6ndunum umhverfis,<br \/>\u00fe\u00e6r \u00fe\u00f6ndu \u00fat net fyrir hann,<br \/>hann var fanga\u00f0ur \u00ed gryfju \u00feeirra.<br \/> <\/span> <span class=\"ljodatexti\"> <a name=\"9\"><span class=\"versanumer_ljod\">9<\/span><\/a>Me\u00f0 kr\u00f3kum var hann settur \u00ed b\u00far<br \/>og f\u00e6r\u00f0ur til konungsins \u00ed Bab\u00fdlon.<br \/>Honum var fleygt \u00ed svarthol<br \/>svo a\u00f0 \u00f6skur hans heyr\u00f0ist ekki framar <br \/>\u00e1 fj\u00f6llum \u00cdsraels.<br \/> <\/span> <span class=\"ljodatexti\"> <a name=\"10\"><span class=\"versanumer_ljod\">10<\/span><\/a>M\u00f3\u00f0ir \u00fe\u00edn var eins og v\u00ednvi\u00f0ur<br \/>sem gr\u00f3\u00f0ursettur var vi\u00f0 vatn.<br \/>Hann bar margar greinar og r\u00edkulegan \u00e1v\u00f6xt<br \/>\u00fev\u00ed a\u00f0 hann haf\u00f0i n\u00f3g vatn.<br \/> <\/span> <span class=\"ljodatexti\"> <a name=\"11\"><span class=\"versanumer_ljod\">11<\/span><\/a>Greinar hans ur\u00f0u sterkar,<br \/>\u00fe\u00e6r m\u00e1tti hafa \u00ed veldissprota.<br \/>V\u00f6xtur hans var\u00f0 mikill,<br \/>hann gn\u00e6f\u00f0i h\u00e1tt me\u00f0al sk\u00fdja<br \/>og s\u00e1st langt a\u00f0, svo h\u00e1r var hann<br \/>og greinarnar margar.<br \/> <\/span> <span class=\"ljodatexti\"> <a name=\"12\"><span class=\"versanumer_ljod\">12<\/span><\/a>En hann var rifinn upp \u00ed heift<br \/>og fleygt til jar\u00f0ar.<br \/>Austanvindurinn \u00feurrka\u00f0i \u00e1vexti hans<br \/>og \u00feeir voru slitnir af honum.<br \/>Hinar voldugu greinar skr\u00e6lnu\u00f0u,<br \/>eldur gleypti \u00fe\u00e6r.<br \/> <\/span> <span class=\"ljodatexti\"> <a name=\"13\"><span class=\"versanumer_ljod\">13<\/span><\/a>N\u00fa er hann gr\u00f3\u00f0ursettur \u00ed ey\u00f0im\u00f6rk,<br \/>\u00ed \u00feurru og \u00feyrstu landi.<br \/> <\/span> <span class=\"ljodatexti\"> <a name=\"14\"><span class=\"versanumer_ljod\">14<\/span><\/a>Eldur blossa\u00f0i \u00fat \u00far stofninum<br \/>og gleypti b\u00e6\u00f0i greinar og \u00e1v\u00f6xt<br \/>svo a\u00f0 engin sterk grein var\u00f0 eftir<br \/>sem hafa m\u00e6tti \u00ed veldissprota. <\/span> <br \/> <a name=\"15\"><span class=\"versanumer_2007\">15<\/span><\/a> \u00deetta er harmlj\u00f3\u00f0 og ver\u00f0ur harmlj\u00f3\u00f0.<\/p>\n","protected":false},"excerpt":{"rendered":"<p>Harmlj\u00f3\u00f0 um h\u00f6f\u00f0ingja \u00cdsraels 1 Flyttu harmlj\u00f3\u00f0 um h\u00f6f\u00f0ingja \u00cdsraels 2 og seg\u00f0u: Hv\u00edl\u00edk lj\u00f3nynja var m\u00f3\u00f0ir \u00fe\u00ednme\u00f0al lj\u00f3nanna.H\u00fan l\u00e1 me\u00f0al unglj\u00f3na, \u00f3l upp lj\u00f3nshvolpa s\u00edna. 3H\u00fan kom einum \u00feeirra upp,hann var\u00f0 fullvaxta unglj\u00f3n,l\u00e6r\u00f0i a\u00f0 r\u00edfa \u00ed sig br\u00e1\u00f0,hann \u00e1t menn. 4\u00de\u00e1 voru framandi \u00fej\u00f3\u00f0ir kvaddar saman gegn honum,hann var fanga\u00f0ur \u00ed gryfju \u00feeirra.\u00de\u00e6r dr\u00f3gu hann me\u00f0 kr\u00f3kum til Egyptalands. 5\u00deegar lj\u00f3nynjan skildi a\u00f0 von hennar haf\u00f0i brug\u00f0ist,var or\u00f0in a\u00f0 engu,valdi h\u00fan annan af hvolpum s\u00ednum,\u00f3l \u00f6nn fyrir honum uns hann var\u00f0 unglj\u00f3n. 6Hann eigra\u00f0i um me\u00f0al lj\u00f3na,var\u00f0 fullvaxta unglj\u00f3n,l\u00e6r\u00f0i a\u00f0 r\u00edfa \u00ed sig br\u00e1\u00f0,hann \u00e1t menn. 7Hann braut virki <a href=\"https:\/\/biblian.is\/biblian\/esekiel-19-kafli\/\"> [&#8230;]<\/a><\/p>\n","protected":false},"author":1,"featured_media":0,"parent":0,"menu_order":0,"comment_status":"open","ping_status":"open","template":"bibliukaflar_NT.php","meta":{"footnotes":""},"class_list":["post-2438","page","type-page","status-publish","hentry"],"_links":{"self":[{"href":"https:\/\/biblian.is\/biblian\/wp-json\/wp\/v2\/pages\/2438","targetHints":{"allow":["GET"]}}],"collection":[{"href":"https:\/\/biblian.is\/biblian\/wp-json\/wp\/v2\/pages"}],"about":[{"href":"https:\/\/biblian.is\/biblian\/wp-json\/wp\/v2\/types\/page"}],"author":[{"embeddable":true,"href":"https:\/\/biblian.is\/biblian\/wp-json\/wp\/v2\/users\/1"}],"replies":[{"embeddable":true,"href":"https:\/\/biblian.is\/biblian\/wp-json\/wp\/v2\/comments?post=2438"}],"version-history":[{"count":0,"href":"https:\/\/biblian.is\/biblian\/wp-json\/wp\/v2\/pages\/2438\/revisions"}],"wp:attachment":[{"href":"https:\/\/biblian.is\/biblian\/wp-json\/wp\/v2\/media?parent=2438"}],"curies":[{"name":"wp","href":"https:\/\/api.w.org\/{rel}","templated":true}]}}