{"id":2425,"date":"2017-12-30T21:03:08","date_gmt":"2017-12-30T21:03:08","guid":{"rendered":"http:\/\/biblian.is\/biblian\/esek%c2%92el-6-kafli\/"},"modified":"2024-07-03T22:14:14","modified_gmt":"2024-07-03T22:14:14","slug":"esekiel-6-kafli","status":"publish","type":"page","link":"https:\/\/biblian.is\/biblian\/esekiel-6-kafli\/","title":{"rendered":"Esek\u00edel 6. kafli"},"content":{"rendered":"<h3 class=\"millifyrirsogn_2007\"> Gegn bl\u00f3tst\u00f6\u00f0um \u00e1 fj\u00f6llum<\/h3>\n<p><a name=\"1\"><span class=\"versanumer_2007\">1<\/span><\/a> Or\u00f0 Drottins kom til m\u00edn: <a name=\"2\"><span class=\"versanumer_2007\">2<\/span><\/a> Mannssonur, sn\u00fa\u00f0u andlitinu gegn fj\u00f6llum \u00cdsraels, flyttu bo\u00f0skap gegn \u00feeim og seg\u00f0u: <a name=\"3\"><span class=\"versanumer_2007\">3<\/span><\/a> Fj\u00f6ll \u00cdsraels, heyri\u00f0 or\u00f0 Drottins Gu\u00f0s. Svo segir Drottinn Gu\u00f0 vi\u00f0 fj\u00f6llin og h\u00e6\u00f0irnar, \u00e1rfarvegina og dalina: \u00c9g held gegn ykkur me\u00f0 sver\u00f0i og ey\u00f0i f\u00f3rnarh\u00e6\u00f0um ykkar. <a name=\"4\"><span class=\"versanumer_2007\">4<\/span><\/a> \u00d6lturu ykkar ver\u00f0a l\u00f6g\u00f0 \u00ed r\u00fast og reykelsis\u00f6lturun brotin og \u00e9g mun fleygja f\u00f6llnum m\u00f6nnum \u00far ykkar h\u00f3pi fyrir framan skur\u00f0go\u00f0 ykkar. <a name=\"5\"><span class=\"versanumer_2007\">5<\/span><\/a> \u00c9g mun setja l\u00edk \u00cdsraelsmanna fyrir framan skur\u00f0go\u00f0 \u00feeirra og dreifa beinum ykkar umhverfis \u00f6lturu ykkar. <a name=\"6\"><span class=\"versanumer_2007\">6<\/span><\/a> Hvar sem \u00fei\u00f0 b\u00fai\u00f0 munu borgir ykkar liggja \u00ed r\u00fast og f\u00f3rnarh\u00e6\u00f0irnar ver\u00f0a yfirgefnar. \u00dear sem \u00f6lturu ykkar ver\u00f0a r\u00fastir og yfirgefin ver\u00f0a skur\u00f0go\u00f0 ykkar brotin e\u00f0a ger\u00f0 \u00fatl\u00e6g, reykelsis\u00f6lturun m\u00f6lbrotin, verk ykkar \u00feurrku\u00f0 \u00fat. <a name=\"7\"><span class=\"versanumer_2007\">7<\/span><\/a> Vegnir menn munu liggja mitt \u00e1 me\u00f0al ykkar. \u00de\u00e1 skulu\u00f0 \u00fei\u00f0 skilja a\u00f0 \u00e9g er Drottinn. <a name=\"8\"><span class=\"versanumer_2007\">8<\/span><\/a> \u00c9g mun skilja nokkra ykkar eftir. \u00deegar \u00feeir ykkar sem sluppu undan sver\u00f0inu eru komnir me\u00f0al \u00fej\u00f3\u00f0anna og ykkur hefur veri\u00f0 dreift um l\u00f6ndin <a name=\"9\"><span class=\"versanumer_2007\">9<\/span><\/a> munu \u00feeir ykkar sem sluppu minnast m\u00edn \u00e1 me\u00f0al \u00fej\u00f3\u00f0anna sem \u00feeir voru ger\u00f0ir \u00fatl\u00e6gir til. \u00deeir munu minnast m\u00edn sem hef krami\u00f0 h\u00f3rsek hj\u00f6rtu \u00feeirra sem sviku mig og h\u00f3rsek augu \u00feeirra sem t\u00f3ku fram hj\u00e1 m\u00e9r me\u00f0 skur\u00f0go\u00f0um s\u00ednum. \u00de\u00e1 mun \u00feeim bj\u00f3\u00f0a vi\u00f0 sj\u00e1lfum s\u00e9r<span class=\"nedan_mal\" title=\" Or\u00f0r\u00e9tt: eigin andlitum.\">[<\/span> vegna \u00feeirra illverka sem \u00feeir unnu me\u00f0 sv\u00edvir\u00f0ilegu ath\u00e6fi s\u00ednu. <a name=\"10\"><span class=\"versanumer_2007\">10<\/span><\/a> \u00de\u00e1 munu \u00feeir skilja a\u00f0 \u00e9g er Drottinn og a\u00f0 h\u00f3tanir m\u00ednar um \u00feessa \u00f3g\u00e6fu voru ekki innant\u00f3m or\u00f0. <br \/> <a name=\"11\"><span class=\"versanumer_2007\">11<\/span><\/a> Svo segir Drottinn Gu\u00f0: Sl\u00e1\u00f0u saman l\u00f3funum og stappa\u00f0u me\u00f0 f\u00e6tinum. Hr\u00f3pa\u00f0u vei yfir \u00f6llum sv\u00edvir\u00f0ingum \u00cdsraelsmanna. \u00deeir skulu falla fyrir sver\u00f0i, hungri og dreps\u00f3tt. <a name=\"12\"><span class=\"versanumer_2007\">12<\/span><\/a> S\u00e1 sem er fjarri skal deyja \u00far dreps\u00f3tt og s\u00e1 sem er \u00ed n\u00e1nd skal falla fyrir sver\u00f0i og s\u00e1 sem kemst undan heill \u00e1 h\u00fafi skal deyja \u00far hungri. \u00c9g mun svala rei\u00f0i minni \u00e1 \u00feeim. <a name=\"13\"><span class=\"versanumer_2007\">13<\/span><\/a> \u00dei\u00f0 munu\u00f0 skilja a\u00f0 \u00e9g er Drottinn \u00feegar valkestirnir liggja innan um skur\u00f0go\u00f0in, umhverfis \u00f6lturu \u00feeirra \u00e1 \u00f6llum h\u00e1um h\u00e6\u00f0um og fjallatindum, undir hverju gr\u00e6nu tr\u00e9 og hverri laufga\u00f0ri eik, alls sta\u00f0ar \u00fear sem \u00feeir f\u00e6r\u00f0u skur\u00f0go\u00f0um s\u00ednum \u00feekkan f\u00f3rnarilm. <a name=\"14\"><span class=\"versanumer_2007\">14<\/span><\/a> \u00c9g mun r\u00e9tta \u00fat h\u00f6nd m\u00edna gegn \u00feeim og gera landi\u00f0 a\u00f0 au\u00f0n og ey\u00f0im\u00f6rk alls sta\u00f0ar \u00fear sem \u00feeir b\u00faa, fr\u00e1 ey\u00f0im\u00f6rkinni og til R\u00edbla. \u00de\u00e1 munu \u00feeir skilja a\u00f0 \u00e9g er Drottinn.<\/p>\n","protected":false},"excerpt":{"rendered":"<p>Gegn bl\u00f3tst\u00f6\u00f0um \u00e1 fj\u00f6llum 1 Or\u00f0 Drottins kom til m\u00edn: 2 Mannssonur, sn\u00fa\u00f0u andlitinu gegn fj\u00f6llum \u00cdsraels, flyttu bo\u00f0skap gegn \u00feeim og seg\u00f0u: 3 Fj\u00f6ll \u00cdsraels, heyri\u00f0 or\u00f0 Drottins Gu\u00f0s. Svo segir Drottinn Gu\u00f0 vi\u00f0 fj\u00f6llin og h\u00e6\u00f0irnar, \u00e1rfarvegina og dalina: \u00c9g held gegn ykkur me\u00f0 sver\u00f0i og ey\u00f0i f\u00f3rnarh\u00e6\u00f0um ykkar. 4 \u00d6lturu ykkar ver\u00f0a l\u00f6g\u00f0 \u00ed r\u00fast og reykelsis\u00f6lturun brotin og \u00e9g mun fleygja f\u00f6llnum m\u00f6nnum \u00far ykkar h\u00f3pi fyrir framan skur\u00f0go\u00f0 ykkar. 5 \u00c9g mun setja l\u00edk \u00cdsraelsmanna fyrir framan skur\u00f0go\u00f0 \u00feeirra og dreifa beinum ykkar umhverfis \u00f6lturu ykkar. 6 Hvar sem \u00fei\u00f0 b\u00fai\u00f0 munu borgir ykkar liggja <a href=\"https:\/\/biblian.is\/biblian\/esekiel-6-kafli\/\"> [&#8230;]<\/a><\/p>\n","protected":false},"author":1,"featured_media":0,"parent":0,"menu_order":0,"comment_status":"open","ping_status":"open","template":"bibliukaflar_NT.php","meta":{"footnotes":""},"class_list":["post-2425","page","type-page","status-publish","hentry"],"_links":{"self":[{"href":"https:\/\/biblian.is\/biblian\/wp-json\/wp\/v2\/pages\/2425","targetHints":{"allow":["GET"]}}],"collection":[{"href":"https:\/\/biblian.is\/biblian\/wp-json\/wp\/v2\/pages"}],"about":[{"href":"https:\/\/biblian.is\/biblian\/wp-json\/wp\/v2\/types\/page"}],"author":[{"embeddable":true,"href":"https:\/\/biblian.is\/biblian\/wp-json\/wp\/v2\/users\/1"}],"replies":[{"embeddable":true,"href":"https:\/\/biblian.is\/biblian\/wp-json\/wp\/v2\/comments?post=2425"}],"version-history":[{"count":0,"href":"https:\/\/biblian.is\/biblian\/wp-json\/wp\/v2\/pages\/2425\/revisions"}],"wp:attachment":[{"href":"https:\/\/biblian.is\/biblian\/wp-json\/wp\/v2\/media?parent=2425"}],"curies":[{"name":"wp","href":"https:\/\/api.w.org\/{rel}","templated":true}]}}