{"id":2424,"date":"2017-12-30T21:03:08","date_gmt":"2017-12-30T21:03:08","guid":{"rendered":"http:\/\/biblian.is\/biblian\/esek%c2%92el-5-kafli\/"},"modified":"2024-07-03T22:14:14","modified_gmt":"2024-07-03T22:14:14","slug":"esekiel-5-kafli","status":"publish","type":"page","link":"https:\/\/biblian.is\/biblian\/esekiel-5-kafli\/","title":{"rendered":"Esek\u00edel 5. kafli"},"content":{"rendered":"<h3 class=\"millifyrirsogn_2007\"> T\u00e1knr\u00e6nn h\u00e1rskur\u00f0ur<\/h3>\n<p><a name=\"1\"><span class=\"versanumer_2007\">1<\/span><\/a> Mannssonur, taktu \u00fe\u00e9r h\u00e1rbeitt sver\u00f0, nota\u00f0u \u00fea\u00f0 eins og rakhn\u00edf og raka\u00f0u af \u00fe\u00e9r b\u00e6\u00f0i h\u00e1r og skegg. Taktu s\u00ed\u00f0an vog og vigta\u00f0u h\u00e1ri\u00f0. <a name=\"2\"><span class=\"versanumer_2007\">2<\/span><\/a> \u00deri\u00f0jung skaltu brenna \u00e1 b\u00e1li inni \u00ed borginni \u00feegar ums\u00e1turst\u00edmanum er loki\u00f0. Annan \u00feri\u00f0jung skaltu taka og h\u00f6ggva allt \u00ed kringum hann me\u00f0 sver\u00f0inu og \u00feri\u00f0jungi skaltu dreifa fyrir vindinum og \u00e9g mun elta hann me\u00f0 brug\u00f0nu sver\u00f0i. <a name=\"3\"><span class=\"versanumer_2007\">3<\/span><\/a> En \u00fe\u00fa skalt taka f\u00e1ein h\u00e1r og vefja \u00feau inn \u00ed skikkjulaf \u00feitt, <a name=\"4\"><span class=\"versanumer_2007\">4<\/span><\/a> en loks taka nokkur \u00feeirra, fleygja \u00feeim \u00e1 eld og brenna \u00feau upp. \u00dea\u00f0an mun eldurinn brei\u00f0ast \u00fat um allan \u00cdsrael.<\/p>\n<h3 class=\"millifyrirsogn_2007\">Sk\u00fdring hinnar t\u00e1knr\u00e6nu athafnar<\/h3>\n<p><a name=\"5\"><span class=\"versanumer_2007\">5<\/span><\/a> Svo segir Drottinn Gu\u00f0: \u00deetta er Jer\u00fasalem. \u00c9g kom henni fyrir mitt \u00e1 me\u00f0al \u00fej\u00f3\u00f0anna og l\u00f6nd eru umhverfis. <a name=\"6\"><span class=\"versanumer_2007\">6<\/span><\/a> En \u00edb\u00faar hennar risu upp gegn l\u00f6gum m\u00ednum \u00fear sem \u00feeir ur\u00f0u gu\u00f0lausari en \u00fej\u00f3\u00f0irnar og andsn\u00fanari \u00e1kv\u00e6\u00f0um m\u00ednum en \u00edb\u00faar landanna sem eru umhverfis \u00fe\u00e1. \u00deeir h\u00f6fnu\u00f0u l\u00f6gum m\u00ednum og fylgdu ekki \u00e1kv\u00e6\u00f0um m\u00ednum.<br \/> <a name=\"7\"><span class=\"versanumer_2007\">7<\/span><\/a> \u00deess vegna segir Drottinn Gu\u00f0: \u00dei\u00f0 hafi\u00f0 veri\u00f0 \u00ferj\u00f3skari en \u00fej\u00f3\u00f0irnar<span class=\"nedan_mal\" title=\" Annar lesh\u00e1ttur: H\u00e1va\u00f0inn \u00ed ykkur hefur yfirgn\u00e6ft \u00fej\u00f3\u00f0irnar. \">[<\/span> sem b\u00faa umhverfis ykkur, ekki fari\u00f0 eftir l\u00f6gum m\u00ednum og ekki framfylgt \u00e1kv\u00e6\u00f0um m\u00ednum og hafi\u00f0 heldur ekki framfylgt reglum \u00fej\u00f3\u00f0anna sem b\u00faa umhverfis ykkur. <a name=\"8\"><span class=\"versanumer_2007\">8<\/span><\/a> \u00deess vegna segir Drottinn Gu\u00f0 svo: N\u00fa kem \u00e9g sj\u00e1lfur gegn \u00fe\u00e9r og held d\u00f3m \u00ed \u00fe\u00e9r mi\u00f0ri fyrir augum \u00fej\u00f3\u00f0anna. <a name=\"9\"><span class=\"versanumer_2007\">9<\/span><\/a> \u00c9g mun gera \u00fe\u00e9r \u00fea\u00f0 sem \u00e9g hef aldrei \u00e1\u00f0ur gert og mun aldrei gera aftur vegna allra \u00feinna vi\u00f0urstyggilegu verka. <a name=\"10\"><span class=\"versanumer_2007\">10<\/span><\/a> \u00deess vegna munu fe\u00f0ur eta syni s\u00edna \u00ed \u00fe\u00e9r mi\u00f0ri og synir eta fe\u00f0ur s\u00edna. \u00c9g mun framfylgja refsid\u00f3mum yfir \u00fe\u00e9r og \u00fev\u00ed sem eftir ver\u00f0ur af \u00fe\u00e9r mun \u00e9g dreifa \u00ed allar \u00e1ttir. <a name=\"11\"><span class=\"versanumer_2007\">11<\/span><\/a> Svo sannarlega sem \u00e9g lifi, segir Drottinn Gu\u00f0: \u00dear sem \u00fe\u00fa hefur saurga\u00f0 helgid\u00f3m minn me\u00f0 \u00f6llum \u00fe\u00ednum vi\u00f0urstyggilegu skur\u00f0go\u00f0um og andstyggilegu ath\u00f6fnum mun \u00e9g nota rakhn\u00edfinn \u00e1n v\u00e6g\u00f0ar og miskunnar. <a name=\"12\"><span class=\"versanumer_2007\">12<\/span><\/a> \u00deri\u00f0jungur \u00edb\u00faa \u00feinna skal farast \u00far dreps\u00f3tt og ver\u00f0a hungurmor\u00f0a \u00ed \u00fe\u00e9r, \u00feri\u00f0jungur skal falla fyrir sver\u00f0i umhverfis \u00feig og \u00feri\u00f0jungi mun \u00e9g dreifa \u00ed allar \u00e1ttir og elta \u00fe\u00e1 me\u00f0 brug\u00f0num brandi. <a name=\"13\"><span class=\"versanumer_2007\">13<\/span><\/a> \u00c9g mun svala rei\u00f0i minni og heift \u00e1 \u00feeim og hefna m\u00edn. \u00deeir munu skilja a\u00f0 \u00e9g, Drottinn, tala\u00f0i af \u00e1kafa m\u00ednum \u00feegar \u00e9g svala\u00f0i heift minni \u00e1 \u00feeim. <a name=\"14\"><span class=\"versanumer_2007\">14<\/span><\/a> \u00c9g mun leggja \u00feig \u00ed r\u00fast og l\u00e1ta \u00fej\u00f3\u00f0irnar umhverfis \u00feig h\u00e6\u00f0ast a\u00f0 \u00fe\u00e9r fyrir augum allra sem eiga lei\u00f0 \u00fear um. <a name=\"15\"><span class=\"versanumer_2007\">15<\/span><\/a> \u00de\u00fa ver\u00f0ur \u00fej\u00f3\u00f0unum sem umhverfis \u00feig b\u00faa a\u00f0 h\u00e1\u00f0i og spotti, til vi\u00f0v\u00f6runar og skelfingar \u00feegar \u00e9g framfylgi refsid\u00f3mum gegn \u00fe\u00e9r \u00ed heift og rei\u00f0i. \u00dea\u00f0 ver\u00f0ur hr\u00e6\u00f0ileg refsing. \u00c9g, Drottinn, hef tala\u00f0. <a name=\"16\"><span class=\"versanumer_2007\">16<\/span><\/a> \u00deegar \u00e9g sendi gegn ykkur hinar sk\u00e6\u00f0u, ey\u00f0andi hungurs\u00f6rvar til a\u00f0 ey\u00f0a ykkur, magna \u00e9g hungri\u00f0 og br\u00fdt staf brau\u00f0sins fyrir ykkur. <a name=\"17\"><span class=\"versanumer_2007\">17<\/span><\/a> \u00c9g mun senda hungur og villid\u00fdr gegn ykkur til a\u00f0 svipta \u00feig b\u00f6rnum \u00fe\u00ednum, dreps\u00f3tt og mor\u00f0 skulu dynja \u00e1 \u00fe\u00e9r og \u00e9g mun senda sver\u00f0 gegn \u00fe\u00e9r. \u00c9g, Drottinn, hef tala\u00f0.<\/p>\n","protected":false},"excerpt":{"rendered":"<p>T\u00e1knr\u00e6nn h\u00e1rskur\u00f0ur 1 Mannssonur, taktu \u00fe\u00e9r h\u00e1rbeitt sver\u00f0, nota\u00f0u \u00fea\u00f0 eins og rakhn\u00edf og raka\u00f0u af \u00fe\u00e9r b\u00e6\u00f0i h\u00e1r og skegg. Taktu s\u00ed\u00f0an vog og vigta\u00f0u h\u00e1ri\u00f0. 2 \u00deri\u00f0jung skaltu brenna \u00e1 b\u00e1li inni \u00ed borginni \u00feegar ums\u00e1turst\u00edmanum er loki\u00f0. Annan \u00feri\u00f0jung skaltu taka og h\u00f6ggva allt \u00ed kringum hann me\u00f0 sver\u00f0inu og \u00feri\u00f0jungi skaltu dreifa fyrir vindinum og \u00e9g mun elta hann me\u00f0 brug\u00f0nu sver\u00f0i. 3 En \u00fe\u00fa skalt taka f\u00e1ein h\u00e1r og vefja \u00feau inn \u00ed skikkjulaf \u00feitt, 4 en loks taka nokkur \u00feeirra, fleygja \u00feeim \u00e1 eld og brenna \u00feau upp. \u00dea\u00f0an mun eldurinn brei\u00f0ast \u00fat um <a href=\"https:\/\/biblian.is\/biblian\/esekiel-5-kafli\/\"> [&#8230;]<\/a><\/p>\n","protected":false},"author":1,"featured_media":0,"parent":0,"menu_order":0,"comment_status":"open","ping_status":"open","template":"bibliukaflar_NT.php","meta":{"footnotes":""},"class_list":["post-2424","page","type-page","status-publish","hentry"],"_links":{"self":[{"href":"https:\/\/biblian.is\/biblian\/wp-json\/wp\/v2\/pages\/2424","targetHints":{"allow":["GET"]}}],"collection":[{"href":"https:\/\/biblian.is\/biblian\/wp-json\/wp\/v2\/pages"}],"about":[{"href":"https:\/\/biblian.is\/biblian\/wp-json\/wp\/v2\/types\/page"}],"author":[{"embeddable":true,"href":"https:\/\/biblian.is\/biblian\/wp-json\/wp\/v2\/users\/1"}],"replies":[{"embeddable":true,"href":"https:\/\/biblian.is\/biblian\/wp-json\/wp\/v2\/comments?post=2424"}],"version-history":[{"count":0,"href":"https:\/\/biblian.is\/biblian\/wp-json\/wp\/v2\/pages\/2424\/revisions"}],"wp:attachment":[{"href":"https:\/\/biblian.is\/biblian\/wp-json\/wp\/v2\/media?parent=2424"}],"curies":[{"name":"wp","href":"https:\/\/api.w.org\/{rel}","templated":true}]}}