{"id":2423,"date":"2017-12-30T21:03:08","date_gmt":"2017-12-30T21:03:08","guid":{"rendered":"http:\/\/biblian.is\/biblian\/esek%c2%92el-4-kafli\/"},"modified":"2024-07-03T22:14:12","modified_gmt":"2024-07-03T22:14:12","slug":"esekiel-4-kafli","status":"publish","type":"page","link":"https:\/\/biblian.is\/biblian\/esekiel-4-kafli\/","title":{"rendered":"Esek\u00edel 4. kafli"},"content":{"rendered":"<h3 class=\"millifyrirsogn_2007\"> T\u00e1kn um ums\u00e1tur um Jer\u00fasalem<\/h3>\n<p><a name=\"1\"><span class=\"versanumer_2007\">1<\/span><\/a> Mannssonur, taktu t\u00edgulstein, settu hann fyrir framan \u00feig og teikna\u00f0u \u00e1 hann borg, Jer\u00fasalemborg. <a name=\"2\"><span class=\"versanumer_2007\">2<\/span><\/a> Ger\u00f0u ums\u00e1tur um hana, reistu v\u00edggir\u00f0ingar gegn henni og ger\u00f0u virki til \u00e1r\u00e1sa \u00e1 hana. Settu herb\u00fa\u00f0ir gegnt henni og komdu m\u00farbrj\u00f3tum fyrir. <a name=\"3\"><span class=\"versanumer_2007\">3<\/span><\/a> Taktu s\u00ed\u00f0an j\u00e1rnp\u00f6nnu og komdu henni fyrir eins og j\u00e1rnvegg milli \u00fe\u00edn og borgarinnar og sn\u00fa\u00f0u andlitinu a\u00f0 henni. \u00de\u00e1 er h\u00fan umsetin og \u00fe\u00fa skalt sitja um hana. \u00deetta er \u00cdsraelsm\u00f6nnum t\u00e1kn.<br \/> <a name=\"4\"><span class=\"versanumer_2007\">4<\/span><\/a> Leggstu \u00e1 vinstri hli\u00f0ina og taktu \u00e1 \u00feig<span class=\"nedan_mal\" title=\" Or\u00f0r\u00e9tt: legg\u00f0u \u00e1 hana sekt \u00cdsraels. \">[<\/span> sekt \u00cdsraels. \u00de\u00fa skalt bera sekt \u00feeirra \u00fe\u00e1 daga sem \u00fe\u00fa liggur \u00e1 vinstri hli\u00f0inni. <a name=\"5\"><span class=\"versanumer_2007\">5<\/span><\/a> \u00c9g legg \u00e1 \u00feig a\u00f0 bera sekt \u00cdsraelsmanna jafnmarga daga og \u00e1rin eru sem \u00feeir hafa syndga\u00f0 gegn m\u00e9r, e\u00f0a \u00ferj\u00fa hundru\u00f0 og n\u00edut\u00edu.<br \/> <a name=\"6\"><span class=\"versanumer_2007\">6<\/span><\/a> A\u00f0 \u00feeim d\u00f6gum li\u00f0num skaltu s\u00ed\u00f0an leggjast \u00e1 h\u00e6gri hli\u00f0ina. \u00de\u00e1 skaltu bera sekt J\u00fadamanna \u00ed fj\u00f6rut\u00edu daga, einn dag fyrir hvert \u00e1r. <a name=\"7\"><span class=\"versanumer_2007\">7<\/span><\/a> \u00de\u00fa skalt sn\u00faa andlitinu a\u00f0 hinni umsetnu Jer\u00fasalem, handleggur \u00feinn skal vera ber og \u00fe\u00fa skalt flytja bo\u00f0skap gegn borginni. <a name=\"8\"><span class=\"versanumer_2007\">8<\/span><\/a> \u00c9g legg \u00e1 \u00feig b\u00f6nd svo a\u00f0 \u00fe\u00fa getir ekki sn\u00fai\u00f0 \u00fe\u00e9r af annarri hli\u00f0inni \u00e1 hina fyrr en ums\u00e1turst\u00edmanum er loki\u00f0.<\/p>\n<h3 class=\"millifyrirsogn_2007\">Hungursney\u00f0 \u00ed ums\u00e1trinu<\/h3>\n<p><a name=\"9\"><span class=\"versanumer_2007\">9<\/span><\/a> Taktu hveiti, bygg, baunir, linsubaunir, hirsi og speldi, l\u00e1ttu \u00fea\u00f0 allt \u00ed eina sk\u00e1l og ger\u00f0u \u00fe\u00e9r brau\u00f0 \u00far \u00fev\u00ed. \u00de\u00fa skalt hafa \u00fea\u00f0 til matar \u00ferj\u00fa hundru\u00f0 og n\u00edut\u00edu dagana sem \u00fe\u00fa liggur \u00e1 hli\u00f0inni. <a name=\"10\"><span class=\"versanumer_2007\">10<\/span><\/a> \u00dea\u00f0 sem \u00fe\u00fa etur dag hvern skal vega n\u00e1kv\u00e6mlega tuttugu sikla og \u00feess skalt \u00fe\u00fa neyta \u00e1 \u00e1kve\u00f0num t\u00edma dagsins. <a name=\"11\"><span class=\"versanumer_2007\">11<\/span><\/a> Og \u00fe\u00fa skalt m\u00e6la \u00fe\u00e9r vatn til drykkjar, n\u00e1kv\u00e6mlega sj\u00f6ttung h\u00ednar sem \u00fe\u00fa skalt drekka \u00e1 \u00e1kve\u00f0num t\u00edma dags. <a name=\"12\"><span class=\"versanumer_2007\">12<\/span><\/a> \u00de\u00fa skalt baka brau\u00f0i\u00f0 vi\u00f0 mannasaur fyrir allra augum og neyta \u00feess sem v\u00e6ri \u00fea\u00f0 byggbrau\u00f0.\u201c<br \/> <a name=\"13\"><span class=\"versanumer_2007\">13<\/span><\/a> Drottinn sag\u00f0i enn fremur: \u201e\u00deannig munu \u00cdsraelsmenn bor\u00f0a \u00f3hreint brau\u00f0 \u00e1 me\u00f0al \u00feeirra \u00fej\u00f3\u00f0a sem \u00e9g mun hrekja \u00fe\u00e1 til.\u201c<br \/> <a name=\"14\"><span class=\"versanumer_2007\">14<\/span><\/a> \u00c9g svara\u00f0i: \u201e\u00c6, Drottinn Gu\u00f0. \u00c9g hef aldrei veri\u00f0 \u00f3hreinn. Fr\u00e1 \u00fev\u00ed \u00ed \u00e6sku minni og til \u00feessa dags hef \u00e9g aldrei lagt kj\u00f6t af sj\u00e1lfdau\u00f0u e\u00f0a d\u00fdrrifnu m\u00e9r til munns og skemmt kj\u00f6t hefur aldrei komi\u00f0 inn fyrir m\u00ednar varir.\u201c<br \/> <a name=\"15\"><span class=\"versanumer_2007\">15<\/span><\/a> \u00de\u00e1 sag\u00f0i hann vi\u00f0 mig: \u201eSj\u00e1\u00f0u, \u00e9g leyfi \u00fe\u00e9r a\u00f0 nota mykju \u00ed sta\u00f0 mannasaurs til a\u00f0 baka vi\u00f0 brau\u00f0 \u00feitt.\u201c<br \/> <a name=\"16\"><span class=\"versanumer_2007\">16<\/span><\/a> Hann sag\u00f0i enn fremur: \u201eMannssonur, n\u00fa br\u00fdt \u00e9g staf brau\u00f0sins \u00ed Jer\u00fasalem. \u00deeir sem \u00fear b\u00faa skulu eta n\u00e1kv\u00e6mlega vegi\u00f0 brau\u00f0 kv\u00ed\u00f0afullir og drekka n\u00e1kv\u00e6mlega m\u00e6lt vatn \u00f3ttaslegnir <a name=\"17\"><span class=\"versanumer_2007\">17<\/span><\/a> \u00fev\u00ed a\u00f0 \u00fe\u00e1 mun skorta b\u00e6\u00f0i brau\u00f0 og vatn og \u00feeir munu skelfast hver me\u00f0 \u00f6\u00f0rum og veslast upp vegna sektar sinnar.\u201c<\/p>\n","protected":false},"excerpt":{"rendered":"<p>T\u00e1kn um ums\u00e1tur um Jer\u00fasalem 1 Mannssonur, taktu t\u00edgulstein, settu hann fyrir framan \u00feig og teikna\u00f0u \u00e1 hann borg, Jer\u00fasalemborg. 2 Ger\u00f0u ums\u00e1tur um hana, reistu v\u00edggir\u00f0ingar gegn henni og ger\u00f0u virki til \u00e1r\u00e1sa \u00e1 hana. Settu herb\u00fa\u00f0ir gegnt henni og komdu m\u00farbrj\u00f3tum fyrir. 3 Taktu s\u00ed\u00f0an j\u00e1rnp\u00f6nnu og komdu henni fyrir eins og j\u00e1rnvegg milli \u00fe\u00edn og borgarinnar og sn\u00fa\u00f0u andlitinu a\u00f0 henni. \u00de\u00e1 er h\u00fan umsetin og \u00fe\u00fa skalt sitja um hana. \u00deetta er \u00cdsraelsm\u00f6nnum t\u00e1kn. 4 Leggstu \u00e1 vinstri hli\u00f0ina og taktu \u00e1 \u00feig[ sekt \u00cdsraels. \u00de\u00fa skalt bera sekt \u00feeirra \u00fe\u00e1 daga sem \u00fe\u00fa liggur \u00e1 <a href=\"https:\/\/biblian.is\/biblian\/esekiel-4-kafli\/\"> [&#8230;]<\/a><\/p>\n","protected":false},"author":1,"featured_media":0,"parent":0,"menu_order":0,"comment_status":"open","ping_status":"open","template":"bibliukaflar_NT.php","meta":{"footnotes":""},"class_list":["post-2423","page","type-page","status-publish","hentry"],"_links":{"self":[{"href":"https:\/\/biblian.is\/biblian\/wp-json\/wp\/v2\/pages\/2423","targetHints":{"allow":["GET"]}}],"collection":[{"href":"https:\/\/biblian.is\/biblian\/wp-json\/wp\/v2\/pages"}],"about":[{"href":"https:\/\/biblian.is\/biblian\/wp-json\/wp\/v2\/types\/page"}],"author":[{"embeddable":true,"href":"https:\/\/biblian.is\/biblian\/wp-json\/wp\/v2\/users\/1"}],"replies":[{"embeddable":true,"href":"https:\/\/biblian.is\/biblian\/wp-json\/wp\/v2\/comments?post=2423"}],"version-history":[{"count":0,"href":"https:\/\/biblian.is\/biblian\/wp-json\/wp\/v2\/pages\/2423\/revisions"}],"wp:attachment":[{"href":"https:\/\/biblian.is\/biblian\/wp-json\/wp\/v2\/media?parent=2423"}],"curies":[{"name":"wp","href":"https:\/\/api.w.org\/{rel}","templated":true}]}}