{"id":2422,"date":"2017-12-30T21:03:08","date_gmt":"2017-12-30T21:03:08","guid":{"rendered":"http:\/\/biblian.is\/biblian\/esek%c2%92el-3-kafli\/"},"modified":"2024-07-03T22:14:10","modified_gmt":"2024-07-03T22:14:10","slug":"esekiel-3-kafli","status":"publish","type":"page","link":"https:\/\/biblian.is\/biblian\/esekiel-3-kafli\/","title":{"rendered":"Esek\u00edel 3. kafli"},"content":{"rendered":"<p><a name=\"1\"><span class=\"versanumer_2007\">1<\/span><\/a> Hann sag\u00f0i vi\u00f0 mig: \u201eMannssonur, et \u00fea\u00f0 sem a\u00f0 \u00fe\u00e9r er r\u00e9tt. Et \u00feessa b\u00f3k og far\u00f0u s\u00ed\u00f0an og \u00e1varpa\u00f0u \u00cdsraelsmenn.\u201c <a name=\"2\"><span class=\"versanumer_2007\">2<\/span><\/a> \u00de\u00e1 opna\u00f0i \u00e9g munninn og hann f\u00e9kk m\u00e9r b\u00f3kina a\u00f0 eta <a name=\"3\"><span class=\"versanumer_2007\">3<\/span><\/a> og sag\u00f0i vi\u00f0 mig: \u201eMannssonur, et b\u00f3k \u00feessa og l\u00e1ttu hana fylla magann.\u201c \u00de\u00e1 \u00e1t \u00e9g hana og h\u00fan var s\u00e6t sem hunang \u00ed munni m\u00e9r. <br \/> <a name=\"4\"><span class=\"versanumer_2007\">4<\/span><\/a> S\u00ed\u00f0an sag\u00f0i hann vi\u00f0 mig: \u201eMannssonur, far\u00f0u n\u00fa til \u00cdsraelsmanna og flyttu \u00feeim or\u00f0 m\u00edn <a name=\"5\"><span class=\"versanumer_2007\">5<\/span><\/a> \u00fev\u00ed a\u00f0 \u00fe\u00fa ert ekki sendur til f\u00f3lks sem talar framandi e\u00f0a \u00f3skiljanlegt tungum\u00e1l, heldur til \u00cdsraelsmanna, <a name=\"6\"><span class=\"versanumer_2007\">6<\/span><\/a> ekki til margra \u00fej\u00f3\u00f0a sem tala framandi tungum\u00e1l sem \u00fe\u00fa skilur ekki or\u00f0 \u00ed. Ef \u00e9g hef\u00f0i sent \u00feig til \u00feeirra hef\u00f0u \u00fe\u00e6r hlusta\u00f0 \u00e1 \u00feig. <a name=\"7\"><span class=\"versanumer_2007\">7<\/span><\/a> En \u00cdsraelsmenn vilja ekki hlusta \u00e1 \u00feig af \u00fev\u00ed a\u00f0 \u00feeir vilja ekki hlusta \u00e1 mig. \u00dear sem allir \u00cdsraelsmenn hafa hart enni og forhert hjarta <a name=\"8\"><span class=\"versanumer_2007\">8<\/span><\/a> her\u00f0i \u00e9g n\u00fa andlit \u00feitt eins og andlit \u00feeirra og enni \u00feitt eins og enni \u00feeirra. <a name=\"9\"><span class=\"versanumer_2007\">9<\/span><\/a> \u00c9g hef gert enni \u00feitt hart sem demant, har\u00f0ara en kvars. \u00de\u00fa skalt hvorki \u00f3ttast \u00fe\u00e1 n\u00e9 skelfast \u00fe\u00f3 a\u00f0 \u00feeir s\u00e9u \u00fever\u00fa\u00f0ugt f\u00f3lk.\u201c<\/p>\n<h3 class=\"millifyrirsogn_2007\">Sp\u00e1ma\u00f0urinn sendur til hinna \u00fatl\u00e6gu<\/h3>\n<p><a name=\"10\"><span class=\"versanumer_2007\">10<\/span><\/a> S\u00ed\u00f0an sag\u00f0i hann vi\u00f0 mig: \u201eMannssonur, hl\u00fdddu me\u00f0 athygli \u00e1 \u00f6ll \u00feau or\u00f0 sem \u00e9g tala til \u00fe\u00edn og festu \u00feau \u00ed huga \u00fe\u00e9r. <a name=\"11\"><span class=\"versanumer_2007\">11<\/span><\/a> Haltu af sta\u00f0, far\u00f0u til \u00fatlaganna, samlanda \u00feinna, \u00e1varpa\u00f0u \u00fe\u00e1 og seg\u00f0u: Svo segir Drottinn Gu\u00f0, hvort sem \u00feeir hlusta e\u00f0a ekki.\u201c<br \/> <a name=\"12\"><span class=\"versanumer_2007\">12<\/span><\/a> \u00de\u00e1 h\u00f3f andinn mig upp. \u00c9g heyr\u00f0i drunur fr\u00e1 miklum jar\u00f0skj\u00e1lfta a\u00f0 baki m\u00e9r \u00feegar d\u00fdr\u00f0 Drottins h\u00f3fst upp fr\u00e1 sta\u00f0 s\u00ednum,<span class=\"nedan_mal\" title=\" Annar lesh\u00e1ttur: blessu\u00f0 s\u00e9 d\u00fdr\u00f0 Drottins.\">[<\/span> <a name=\"13\"><span class=\"versanumer_2007\">13<\/span><\/a> \u00feytinn fr\u00e1 v\u00e6ngjum veranna sem snerust, hvin hj\u00f3lanna vi\u00f0 hli\u00f0 \u00feeirra og drunur fr\u00e1 miklum jar\u00f0skj\u00e1lfta. <a name=\"14\"><span class=\"versanumer_2007\">14<\/span><\/a> Andinn h\u00f3f mig upp og bar mig me\u00f0 s\u00e9r. \u00c9g h\u00e9lt af sta\u00f0 bitur og rei\u00f0ur \u00fev\u00ed a\u00f0 h\u00f6nd Drottins hv\u00edldi \u00feungt \u00e1 m\u00e9r. <a name=\"15\"><span class=\"versanumer_2007\">15<\/span><\/a> \u00c9g kom til \u00fatlaganna \u00ed Tel Ab\u00edb, \u00feeirra sem bjuggu vi\u00f0 Kebarflj\u00f3t. \u00c9g sat \u00e1 me\u00f0al \u00feeirra \u00ed sj\u00f6 daga, stjarfur af skelfingu.<\/p>\n<h3 class=\"millifyrirsogn_2007\">V\u00f6r\u00f0ur \u00cdsraels<\/h3>\n<p><a name=\"16\"><span class=\"versanumer_2007\">16<\/span><\/a> A\u00f0 sj\u00f6 d\u00f6gum li\u00f0num kom or\u00f0 Drottins til m\u00edn: <a name=\"17\"><span class=\"versanumer_2007\">17<\/span><\/a> \u201eMannssonur, \u00e9g hef gert \u00feig a\u00f0 ver\u00f0i \u00cdsraelsmanna. \u00deegar \u00fe\u00fa heyrir or\u00f0 af munni m\u00ednum \u00e1tt \u00fe\u00fa a\u00f0 vara \u00fe\u00e1 vi\u00f0 \u00ed m\u00ednu nafni. <a name=\"18\"><span class=\"versanumer_2007\">18<\/span><\/a> \u00deegar \u00e9g segi vi\u00f0 gu\u00f0lausan mann: \u00de\u00fa skalt vissulega deyja, og \u00fe\u00fa hefur hvorki vara\u00f0 hinn gu\u00f0lausa vi\u00f0 n\u00e9 \u00e1minnt hann um a\u00f0 l\u00e1ta af gu\u00f0lausri breytni sinni svo a\u00f0 hann haldi l\u00edfi, \u00fe\u00e1 er hann sekur: Hann skal deyja vegna syndar sinnar en bl\u00f3\u00f0s hans mun \u00e9g krefjast \u00far hendi \u00feinni. <a name=\"19\"><span class=\"versanumer_2007\">19<\/span><\/a> Ef \u00fe\u00fa hefur vara\u00f0 hinn gu\u00f0lausa vi\u00f0, en hann ekki horfi\u00f0 fr\u00e1 gu\u00f0leysi s\u00ednu og gu\u00f0lausri breytni, skal hann deyja vegna syndar sinnar en \u00fe\u00fa hefur bjarga\u00f0 l\u00edfi \u00fe\u00ednu. <a name=\"20\"><span class=\"versanumer_2007\">20<\/span><\/a> \u00deegar r\u00e9ttl\u00e1tur ma\u00f0ur sn\u00fdr fr\u00e1 r\u00e9ttl\u00e6ti s\u00ednu og fremur rangl\u00e6ti l\u00e6t \u00e9g hann hrasa: Hann skal deyja. Hafir \u00fe\u00fa ekki vara\u00f0 hann vi\u00f0 skal hann deyja vegna syndar sinnar og r\u00e9ttl\u00e1tra verka, sem hann hefur unni\u00f0, skal ekki minnst. En bl\u00f3\u00f0s hans mun \u00e9g krefjast \u00far \u00feinni hendi. <a name=\"21\"><span class=\"versanumer_2007\">21<\/span><\/a> Hafir \u00fe\u00fa hins vegar vara\u00f0 hinn r\u00e9ttl\u00e1ta vi\u00f0 \u00fev\u00ed a\u00f0 syndga og hann hefur ekki syndga\u00f0 mun hann vissulega lifa \u00fev\u00ed a\u00f0 hann l\u00e9t s\u00e9r segjast og \u00fe\u00fa hefur bjarga\u00f0 l\u00edfi \u00fe\u00ednu.\u201c <\/p>\n<h3 class=\"millifyrirsogn_2007\">\u00de\u00f6gn sp\u00e1mannsins<\/h3>\n<p><a name=\"22\"><span class=\"versanumer_2007\">22<\/span><\/a> H\u00f6nd Drottins kom yfir mig og hann sag\u00f0i vi\u00f0 mig: <a name=\"23\"><span class=\"versanumer_2007\">23<\/span><\/a> \u201eR\u00edstu \u00e1 f\u00e6tur og far\u00f0u \u00fat \u00e1 sl\u00e9ttuna, \u00fear mun \u00e9g tala vi\u00f0 \u00feig.\u201c \u00c9g reis \u00e1 f\u00e6tur og f\u00f3r \u00fat \u00e1 sl\u00e9ttuna. \u00dear var d\u00fdr\u00f0 Drottins. H\u00fan st\u00f3\u00f0 \u00fear eins og d\u00fdr\u00f0in sem \u00e9g haf\u00f0i s\u00e9\u00f0 vi\u00f0 Kebarflj\u00f3t og \u00e9g f\u00e9ll fram \u00e1 \u00e1sj\u00f3nu m\u00edna. <a name=\"24\"><span class=\"versanumer_2007\">24<\/span><\/a> \u00de\u00e1 kom \u00ed mig andi og reisti mig \u00e1 f\u00e6tur. Hann \u00e1varpa\u00f0i mig og sag\u00f0i: \u201eFar\u00f0u heim og loka\u00f0u \u00feig inni \u00ed h\u00fasi \u00fe\u00ednu. <a name=\"25\"><span class=\"versanumer_2007\">25<\/span><\/a> \u00de\u00fa, mannssonur, ver\u00f0ur lag\u00f0ur \u00ed b\u00f6nd og bundinn svo a\u00f0 \u00fe\u00fa komist ekki \u00fat til \u00feeirra. <a name=\"26\"><span class=\"versanumer_2007\">26<\/span><\/a> \u00c9g mun l\u00e1ta tunguna lo\u00f0a vi\u00f0 g\u00f3m \u00fe\u00e9r svo a\u00f0 \u00fe\u00fa missir m\u00e1li\u00f0 og ver\u00f0ir \u00f3f\u00e6r um a\u00f0 \u00e1minna \u00fe\u00e1, \u00fev\u00ed a\u00f0 \u00feeir eru \u00feverm\u00f3\u00f0skufullir. <a name=\"27\"><span class=\"versanumer_2007\">27<\/span><\/a> En \u00feegar \u00e9g tala vi\u00f0 \u00feig mun \u00e9g lj\u00faka upp munni \u00fe\u00ednum og \u00fe\u00fa skalt segja vi\u00f0 \u00fe\u00e1: Svo segir Drottinn Gu\u00f0. S\u00e1 sem heyra vill, hann heyri, en s\u00e1 sem ekki vill hlusta l\u00e1ti \u00fea\u00f0 \u00f3gert \u00fev\u00ed a\u00f0 \u00feeir eru \u00fever\u00fa\u00f0ugt f\u00f3lk. <\/p>\n","protected":false},"excerpt":{"rendered":"<p>1 Hann sag\u00f0i vi\u00f0 mig: \u201eMannssonur, et \u00fea\u00f0 sem a\u00f0 \u00fe\u00e9r er r\u00e9tt. Et \u00feessa b\u00f3k og far\u00f0u s\u00ed\u00f0an og \u00e1varpa\u00f0u \u00cdsraelsmenn.\u201c 2 \u00de\u00e1 opna\u00f0i \u00e9g munninn og hann f\u00e9kk m\u00e9r b\u00f3kina a\u00f0 eta 3 og sag\u00f0i vi\u00f0 mig: \u201eMannssonur, et b\u00f3k \u00feessa og l\u00e1ttu hana fylla magann.\u201c \u00de\u00e1 \u00e1t \u00e9g hana og h\u00fan var s\u00e6t sem hunang \u00ed munni m\u00e9r. 4 S\u00ed\u00f0an sag\u00f0i hann vi\u00f0 mig: \u201eMannssonur, far\u00f0u n\u00fa til \u00cdsraelsmanna og flyttu \u00feeim or\u00f0 m\u00edn 5 \u00fev\u00ed a\u00f0 \u00fe\u00fa ert ekki sendur til f\u00f3lks sem talar framandi e\u00f0a \u00f3skiljanlegt tungum\u00e1l, heldur til \u00cdsraelsmanna, 6 ekki til margra \u00fej\u00f3\u00f0a <a href=\"https:\/\/biblian.is\/biblian\/esekiel-3-kafli\/\"> [&#8230;]<\/a><\/p>\n","protected":false},"author":1,"featured_media":0,"parent":0,"menu_order":0,"comment_status":"open","ping_status":"open","template":"bibliukaflar_NT.php","meta":{"footnotes":""},"class_list":["post-2422","page","type-page","status-publish","hentry"],"_links":{"self":[{"href":"https:\/\/biblian.is\/biblian\/wp-json\/wp\/v2\/pages\/2422","targetHints":{"allow":["GET"]}}],"collection":[{"href":"https:\/\/biblian.is\/biblian\/wp-json\/wp\/v2\/pages"}],"about":[{"href":"https:\/\/biblian.is\/biblian\/wp-json\/wp\/v2\/types\/page"}],"author":[{"embeddable":true,"href":"https:\/\/biblian.is\/biblian\/wp-json\/wp\/v2\/users\/1"}],"replies":[{"embeddable":true,"href":"https:\/\/biblian.is\/biblian\/wp-json\/wp\/v2\/comments?post=2422"}],"version-history":[{"count":0,"href":"https:\/\/biblian.is\/biblian\/wp-json\/wp\/v2\/pages\/2422\/revisions"}],"wp:attachment":[{"href":"https:\/\/biblian.is\/biblian\/wp-json\/wp\/v2\/media?parent=2422"}],"curies":[{"name":"wp","href":"https:\/\/api.w.org\/{rel}","templated":true}]}}