{"id":2415,"date":"2017-12-30T21:03:03","date_gmt":"2017-12-30T21:03:03","guid":{"rendered":"http:\/\/biblian.is\/biblian\/harmlj%c2%97_in-1-kafli\/"},"modified":"2023-02-25T04:42:33","modified_gmt":"2023-02-25T04:42:33","slug":"harmljodin-1-kafli","status":"publish","type":"page","link":"https:\/\/biblian.is\/biblian\/harmljodin-1-kafli\/","title":{"rendered":"Harmlj\u00f3\u00f0in 1. kafli"},"content":{"rendered":"<h3 class=\"millifyrirsogn_2007\"> Harmar Jer\u00fasalem<\/h3>\n<p><span class=\"ljodatexti\"> <a name=\"1\"><span class=\"versanumer_ljod\">1<\/span><\/a>\u00d3, hversu einmana er n\u00fa borgin<br \/>sem \u00e1\u00f0ur var svo mannm\u00f6rg,<br \/>or\u00f0in eins og ekkja,<br \/>s\u00fa er voldug var me\u00f0al \u00fej\u00f3\u00f0anna,<br \/>drottningin me\u00f0al h\u00e9ra\u00f0anna<br \/>or\u00f0in kva\u00f0arkona.<br \/> <\/span> <span class=\"ljodatexti\"> <a name=\"2\"><span class=\"versanumer_ljod\">2<\/span><\/a>H\u00fan gr\u00e6tur s\u00e1ran um n\u00e6tur<br \/>og t\u00e1rin streyma ofan vanga hennar.<br \/>Af \u00f6llum \u00e1stm\u00f6nnum hennar<br \/>er enginn til a\u00f0 hugga hana.<br \/>Allir vinir hennar brug\u00f0ust henni,<br \/>\u00feeir eru or\u00f0nir \u00f3vinir hennar.<br \/> <\/span> <span class=\"ljodatexti\"> <a name=\"3\"><span class=\"versanumer_ljod\">3<\/span><\/a>Eftir ney\u00f0 og \u00feunga \u00e1nau\u00f0<br \/>er J\u00fada \u00fatl\u00e6gur or\u00f0inn.<br \/>Hann dvelst me\u00f0al hei\u00f0ingjanna<br \/>og finnur engan hv\u00edldarsta\u00f0.<br \/>Allir ofs\u00e6kjendur hans eltu hann uppi<br \/>\u00ed \u00ferengingum hans.<br \/> <\/span> <span class=\"ljodatexti\"> <a name=\"4\"><span class=\"versanumer_ljod\">4<\/span><\/a>Vegirnir til S\u00edonar syrgja<br \/>\u00fev\u00ed a\u00f0 engir koma til h\u00e1t\u00ed\u00f0anna.<br \/>\u00d6ll hli\u00f0 hennar eru au\u00f0,<br \/>prestar hennar andvarpa,<br \/>meyjar hennar eru harm\u00ferungnar<br \/>og sj\u00e1lf er h\u00fan angistarfull.<br \/> <\/span> <span class=\"ljodatexti\"> <a name=\"5\"><span class=\"versanumer_ljod\">5<\/span><\/a>Fjandmenn hennar hr\u00f3sa sigri,<br \/>\u00f3vinir hennar hlakka yfir hlut s\u00ednum. <span class=\"nedan_mal\" title=\" \u00d6nnur hugsanleg \u00fe\u00fd\u00f0ing: \u00d3vinir hennar hafa teki\u00f0 v\u00f6ldin\/n\u00e1\u00f0 v\u00f6ldum, \u00feeim gengur allt \u00ed haginn.\">[<\/span> <br \/>\u00dev\u00ed a\u00f0 Drottinn \u00fejaka\u00f0i hana<br \/>vegna hennar m\u00f6rgu synda,<br \/>b\u00f6rn hennar voru herleidd,<br \/>rekin \u00e1 undan \u00f3vininum.<br \/> <\/span> <span class=\"ljodatexti\"> <a name=\"6\"><span class=\"versanumer_ljod\">6<\/span><\/a>Fr\u00e1 d\u00f3tturinni S\u00edon<br \/>er allt skart horfi\u00f0.<br \/>H\u00f6f\u00f0ingjar hennar eru eins og hirtir<br \/>sem ekkert haglendi finna, <br \/>magn\u00ferota fl\u00fd\u00f0u \u00feeir<br \/>undan ofs\u00e6kjandanum.<br \/> <\/span> <span class=\"ljodatexti\"> <a name=\"7\"><span class=\"versanumer_ljod\">7<\/span><\/a>\u00c1 d\u00f6gum eymdar sinnar og hraknings<br \/>minnist Jer\u00fasalem<br \/>allra kj\u00f6rgripa sinna<br \/>er h\u00fan \u00e1tti for\u00f0um daga.<br \/>\u00deegar \u00fej\u00f3\u00f0 hennar f\u00e9ll \u00ed hendur k\u00fagarans<br \/>og enginn hj\u00e1lpa\u00f0i henni<br \/>horf\u00f0u \u00f3vinirnir \u00e1 hana<br \/>og hl\u00f6kku\u00f0u yfir hrakf\u00f6rum hennar.<br \/> <\/span> <span class=\"ljodatexti\"> <a name=\"8\"><span class=\"versanumer_ljod\">8<\/span><\/a>Jer\u00fasalem syndga\u00f0i st\u00f3rlega,<br \/>s\u00f6kum \u00feess var\u00f0 h\u00fan a\u00f0 vi\u00f0urstygg\u00f0.<br \/>Allir \u00feeir er d\u00e1\u00f0u hana fyrirl\u00edta hana<br \/>af \u00fev\u00ed a\u00f0 \u00feeir hafa s\u00e9\u00f0 nekt hennar.<br \/>Sj\u00e1lf andvarpar h\u00fan<br \/>og sn\u00fdr s\u00e9r undan.<br \/> <\/span> <span class=\"ljodatexti\"> <a name=\"9\"><span class=\"versanumer_ljod\">9<\/span><\/a>Saurugleiki hennar lo\u00f0ir vi\u00f0 kl\u00e6\u00f0afald hennar,<br \/>h\u00fan leiddi ekki hugann a\u00f0 \u00fev\u00ed sem hennar bei\u00f0.<br \/>H\u00fan f\u00e9ll undradj\u00fapt,<br \/>enginn var\u00f0 til a\u00f0 hugga hana.<br \/>L\u00edt, Drottinn, \u00e1 eymd m\u00edna<br \/>\u00fev\u00ed a\u00f0 \u00f3vinirnir hr\u00f3sa sigri.<br \/> <\/span> <span class=\"ljodatexti\"> <a name=\"10\"><span class=\"versanumer_ljod\">10<\/span><\/a>\u00d3vinurinn r\u00e9tti \u00fat h\u00f6nd s\u00edna,<br \/>seildist eftir d\u00fdrgripum hennar.<br \/>H\u00fan s\u00e1 a\u00f0 hei\u00f0ingjarnir<br \/>gengu inn \u00ed helgid\u00f3m hennar<br \/>en \u00feeim haf\u00f0ir \u00fe\u00fa banna\u00f0<br \/>a\u00f0 ganga \u00ed s\u00f6fnu\u00f0 \u00feinn.<br \/> <\/span> <span class=\"ljodatexti\"> <a name=\"11\"><span class=\"versanumer_ljod\">11<\/span><\/a>Allur l\u00fd\u00f0ur hennar andvarpar,<br \/>leitar s\u00e9r vi\u00f0urv\u00e6ris,<br \/>l\u00e6tur d\u00fdrgripi s\u00edna fyrir matbj\u00f6rg<br \/>til \u00feess a\u00f0 draga fram l\u00edfi\u00f0.<br \/>Sj\u00e1 \u00fe\u00fa, Drottinn, og l\u00edt \u00e1<br \/>hversu \u00e9g er fyrirlitin.<br \/> <\/span> <span class=\"ljodatexti\"> <a name=\"12\"><span class=\"versanumer_ljod\">12<\/span><\/a>Skiptir \u00feetta engu y\u00f0ur sem fram hj\u00e1 fari\u00f0?<br \/>Skyggnist um og sj\u00e1i\u00f0,<br \/>finnst s\u00fa kv\u00f6l sem jafnast \u00e1 vi\u00f0<br \/>\u00fe\u00e1 sem \u00e1 mig var l\u00f6g\u00f0,<br \/>mig sem Drottinn \u00fejaka\u00f0i<br \/>\u00e1 degi sinnar brennandi rei\u00f0i?<br \/> <\/span> <span class=\"ljodatexti\"> <a name=\"13\"><span class=\"versanumer_ljod\">13<\/span><\/a>Af h\u00e6\u00f0um sendi hann eld<br \/>ni\u00f0ur \u00ed bein m\u00edn,<br \/>lag\u00f0i net fyrir f\u00e6tur m\u00e9r,<br \/>rak mig \u00e1 bak aftur.<br \/>Hann ger\u00f0i mig a\u00f0 au\u00f0n,<br \/>m\u00e1ttvana daginn langan.<br \/> <\/span> <span class=\"ljodatexti\"> <a name=\"14\"><span class=\"versanumer_ljod\">14<\/span><\/a>Syndir m\u00ednar eru hn\u00fdttar \u00ed ok,<br \/>tvinna\u00f0ar saman af hendi hans.<br \/>\u00de\u00e6r eru lag\u00f0ar m\u00e9r \u00e1 h\u00e1ls,<br \/>hann hefur lama\u00f0 \u00fer\u00f3tt minn.<br \/>Drottinn seldi mig \u00ed hendur \u00feeirra<br \/>er \u00e9g f\u00e6 eigi sta\u00f0ist \u00ed m\u00f3ti.<br \/> <\/span> <span class=\"ljodatexti\"> <a name=\"15\"><span class=\"versanumer_ljod\">15<\/span><\/a>Drottinn forsm\u00e1\u00f0i hetjur m\u00ednar<br \/>sem \u00ed m\u00e9r voru.<br \/>Hann stefndi li\u00f0i gegn m\u00e9r<br \/>til \u00feess a\u00f0 yfirbuga \u00e6skumenn m\u00edna.<br \/>\u00cd v\u00ednlagar\u00fer\u00f3<br \/>tr\u00f3\u00f0 Drottinn \u00e1 meyjunni J\u00fadad\u00f3ttur.<br \/> <\/span> <span class=\"ljodatexti\"> <a name=\"16\"><span class=\"versanumer_ljod\">16<\/span><\/a>Yfir \u00feessu gr\u00e6t \u00e9g,<br \/>augu m\u00edn flj\u00f3ta \u00ed t\u00e1rum.<br \/>\u00dev\u00ed a\u00f0 huggarinn er m\u00e9r fjarri,<br \/>s\u00e1 er hressti s\u00e1l m\u00edna.<br \/>B\u00f6rn m\u00edn eru yfirgefin<br \/>\u00fev\u00ed a\u00f0 \u00f3vinurinn bar h\u00e6rri hlut.<br \/> <\/span> <span class=\"ljodatexti\"> <a name=\"17\"><span class=\"versanumer_ljod\">17<\/span><\/a>S\u00edon f\u00f3rnar h\u00f6ndum<br \/>en enginn huggar hana.<br \/>Drottinn bau\u00f0 \u00fat \u00f3vinum Jakobs<br \/>til a\u00f0 umkringja hann.<br \/>Jer\u00fasalem er or\u00f0in<br \/>a\u00f0 vi\u00f0urstygg\u00f0 me\u00f0al \u00feeirra.<br \/> <\/span> <span class=\"ljodatexti\"> <a name=\"18\"><span class=\"versanumer_ljod\">18<\/span><\/a>Drottinn er r\u00e9ttl\u00e1tur,<br \/>\u00e9g \u00f3hl\u00fd\u00f0na\u00f0ist bo\u00f0i hans.<br \/>Heyri\u00f0, allar \u00fej\u00f3\u00f0ir,<br \/>horfi\u00f0 \u00e1 kv\u00f6l m\u00edna.<br \/>Meyjar m\u00ednar og yngismenn<br \/>f\u00f3ru burt herleidd.<br \/> <\/span> <span class=\"ljodatexti\"> <a name=\"19\"><span class=\"versanumer_ljod\">19<\/span><\/a>\u00c9g hr\u00f3pa\u00f0i \u00e1 \u00e1stmenn m\u00edna<br \/>en \u00feeir brug\u00f0ust m\u00e9r.<br \/>Prestar m\u00ednir og \u00f6ldungar<br \/>f\u00f3rust \u00ed borginni<br \/>er \u00feeir leitu\u00f0u matar<br \/>til a\u00f0 draga fram l\u00edfi\u00f0.<br \/> <\/span> <span class=\"ljodatexti\"> <a name=\"20\"><span class=\"versanumer_ljod\">20<\/span><\/a>Sj\u00e1, Drottinn, \u00e9g er \u00ed nau\u00f0um st\u00f6dd<br \/>og \u00f3lga hi\u00f0 innra.<br \/>Hjarta\u00f0 berst \u00ed brj\u00f3sti m\u00e9r<br \/>\u00fev\u00ed a\u00f0 \u00e9g var svo uppreisnargj\u00f6rn.<br \/>\u00dati fyrir sviptir sver\u00f0i\u00f0 mig b\u00f6rnum,<br \/>inni r\u00edkir dau\u00f0inn.<br \/> <\/span> <span class=\"ljodatexti\"> <a name=\"21\"><span class=\"versanumer_ljod\">21<\/span><\/a>\u00deeir heyr\u00f0u andv\u00f6rp m\u00edn<br \/>en enginn hugga\u00f0i mig.<br \/>Allir \u00f3vinir m\u00ednir spur\u00f0u \u00f3g\u00e6fu m\u00edna,<br \/>gl\u00f6ddust af \u00fev\u00ed a\u00f0 \u00fe\u00fa ger\u00f0ir \u00feetta.<br \/>L\u00e1t daginn koma sem \u00fe\u00fa hefur bo\u00f0a\u00f0,<br \/>\u00fe\u00e1 ver\u00f0a \u00feeir jafningjar m\u00ednir.<br \/> <\/span> <span class=\"ljodatexti\"> <a name=\"22\"><span class=\"versanumer_ljod\">22<\/span><\/a> L\u00e1t alla illsku \u00feeirra koma fyrir auglit \u00feitt<br \/>og far me\u00f0 \u00fe\u00e1<br \/>eins og \u00fe\u00fa f\u00f3rst me\u00f0 mig<br \/>s\u00f6kum allra synda minna.<br \/>\u00dev\u00ed a\u00f0 andv\u00f6rp m\u00edn eru m\u00f6rg<br \/>og hjarta mitt sj\u00fakt. <\/span> <\/p>\n","protected":false},"excerpt":{"rendered":"<p>Harmar Jer\u00fasalem 1\u00d3, hversu einmana er n\u00fa borginsem \u00e1\u00f0ur var svo mannm\u00f6rg,or\u00f0in eins og ekkja,s\u00fa er voldug var me\u00f0al \u00fej\u00f3\u00f0anna,drottningin me\u00f0al h\u00e9ra\u00f0annaor\u00f0in kva\u00f0arkona. 2H\u00fan gr\u00e6tur s\u00e1ran um n\u00e6turog t\u00e1rin streyma ofan vanga hennar.Af \u00f6llum \u00e1stm\u00f6nnum hennarer enginn til a\u00f0 hugga hana.Allir vinir hennar brug\u00f0ust henni,\u00feeir eru or\u00f0nir \u00f3vinir hennar. 3Eftir ney\u00f0 og \u00feunga \u00e1nau\u00f0er J\u00fada \u00fatl\u00e6gur or\u00f0inn.Hann dvelst me\u00f0al hei\u00f0ingjannaog finnur engan hv\u00edldarsta\u00f0.Allir ofs\u00e6kjendur hans eltu hann uppi\u00ed \u00ferengingum hans. 4Vegirnir til S\u00edonar syrgja\u00fev\u00ed a\u00f0 engir koma til h\u00e1t\u00ed\u00f0anna.\u00d6ll hli\u00f0 hennar eru au\u00f0,prestar hennar andvarpa,meyjar hennar eru harm\u00ferungnarog sj\u00e1lf er h\u00fan angistarfull. 5Fjandmenn hennar hr\u00f3sa sigri,\u00f3vinir hennar hlakka yfir hlut <a href=\"https:\/\/biblian.is\/biblian\/harmljodin-1-kafli\/\"> [&#8230;]<\/a><\/p>\n","protected":false},"author":1,"featured_media":0,"parent":0,"menu_order":0,"comment_status":"open","ping_status":"open","template":"bibliukaflar_NT.php","meta":{"footnotes":""},"class_list":["post-2415","page","type-page","status-publish","hentry"],"_links":{"self":[{"href":"https:\/\/biblian.is\/biblian\/wp-json\/wp\/v2\/pages\/2415","targetHints":{"allow":["GET"]}}],"collection":[{"href":"https:\/\/biblian.is\/biblian\/wp-json\/wp\/v2\/pages"}],"about":[{"href":"https:\/\/biblian.is\/biblian\/wp-json\/wp\/v2\/types\/page"}],"author":[{"embeddable":true,"href":"https:\/\/biblian.is\/biblian\/wp-json\/wp\/v2\/users\/1"}],"replies":[{"embeddable":true,"href":"https:\/\/biblian.is\/biblian\/wp-json\/wp\/v2\/comments?post=2415"}],"version-history":[{"count":0,"href":"https:\/\/biblian.is\/biblian\/wp-json\/wp\/v2\/pages\/2415\/revisions"}],"wp:attachment":[{"href":"https:\/\/biblian.is\/biblian\/wp-json\/wp\/v2\/media?parent=2415"}],"curies":[{"name":"wp","href":"https:\/\/api.w.org\/{rel}","templated":true}]}}