{"id":2407,"date":"2017-12-30T21:03:03","date_gmt":"2017-12-30T21:03:03","guid":{"rendered":"http:\/\/biblian.is\/biblian\/jerem%c2%92a-45-kafli\/"},"modified":"2024-07-03T12:50:12","modified_gmt":"2024-07-03T12:50:12","slug":"jeremia-45-kafli","status":"publish","type":"page","link":"https:\/\/biblian.is\/biblian\/jeremia-45-kafli\/","title":{"rendered":"Jerem\u00eda 45. kafli"},"content":{"rendered":"<h3 class=\"millifyrirsogn_2007\"> Huggunaror\u00f0 til Bar\u00faks<\/h3>\n<p><a name=\"1\"><span class=\"versanumer_2007\">1<\/span><\/a> \u00deennan bo\u00f0skap flutti Jerem\u00eda sp\u00e1ma\u00f0ur Bar\u00fak Ner\u00edasyni \u00feegar hann var a\u00f0 skrifa \u00feessar r\u00e6\u00f0ur \u00e1 b\u00f3k eftir Jerem\u00eda, \u00e1 fj\u00f3r\u00f0a stj\u00f3rnar\u00e1ri J\u00f3jak\u00edms J\u00f3s\u00edasonar J\u00fadakonungs: <a name=\"2\"><span class=\"versanumer_2007\">2<\/span><\/a> Svo segir Drottinn, Gu\u00f0 \u00cdsraels, um \u00feig, Bar\u00fak: <a name=\"3\"><span class=\"versanumer_2007\">3<\/span><\/a> \u00de\u00fa hefur sagt: Vei m\u00e9r \u00fev\u00ed a\u00f0 Drottinn b\u00e6tir kv\u00ed\u00f0a vi\u00f0 kv\u00f6l m\u00edna. \u00c9g er or\u00f0inn \u00f6rmagna af andv\u00f6rpum m\u00ednum og finn enga hv\u00edld. <a name=\"4\"><span class=\"versanumer_2007\">4<\/span><\/a> \u00dev\u00ed skaltu segja vi\u00f0 hann: Svo segir Drottinn: \u00c9g mun brj\u00f3ta ni\u00f0ur \u00fea\u00f0 sem \u00e9g hef byggt, \u00e9g mun uppr\u00e6ta \u00fea\u00f0 sem \u00e9g hef gr\u00f3\u00f0ursett um allt land. <a name=\"5\"><span class=\"versanumer_2007\">5<\/span><\/a> \u00c6tlar\u00f0u \u00fe\u00e9r mikinn hlut? L\u00e1ttu af \u00fev\u00ed. Sj\u00e1, \u00e9g sendi \u00f3g\u00e6fu yfir allt dau\u00f0legt, segir Drottinn. En \u00fe\u00e9r mun \u00e9g gefa l\u00edf \u00feitt a\u00f0 herfangi hvert sem \u00fe\u00fa fer\u00f0.<\/p>\n","protected":false},"excerpt":{"rendered":"<p>Huggunaror\u00f0 til Bar\u00faks 1 \u00deennan bo\u00f0skap flutti Jerem\u00eda sp\u00e1ma\u00f0ur Bar\u00fak Ner\u00edasyni \u00feegar hann var a\u00f0 skrifa \u00feessar r\u00e6\u00f0ur \u00e1 b\u00f3k eftir Jerem\u00eda, \u00e1 fj\u00f3r\u00f0a stj\u00f3rnar\u00e1ri J\u00f3jak\u00edms J\u00f3s\u00edasonar J\u00fadakonungs: 2 Svo segir Drottinn, Gu\u00f0 \u00cdsraels, um \u00feig, Bar\u00fak: 3 \u00de\u00fa hefur sagt: Vei m\u00e9r \u00fev\u00ed a\u00f0 Drottinn b\u00e6tir kv\u00ed\u00f0a vi\u00f0 kv\u00f6l m\u00edna. \u00c9g er or\u00f0inn \u00f6rmagna af andv\u00f6rpum m\u00ednum og finn enga hv\u00edld. 4 \u00dev\u00ed skaltu segja vi\u00f0 hann: Svo segir Drottinn: \u00c9g mun brj\u00f3ta ni\u00f0ur \u00fea\u00f0 sem \u00e9g hef byggt, \u00e9g mun uppr\u00e6ta \u00fea\u00f0 sem \u00e9g hef gr\u00f3\u00f0ursett um allt land. 5 \u00c6tlar\u00f0u \u00fe\u00e9r mikinn hlut? L\u00e1ttu af \u00fev\u00ed. Sj\u00e1, <a href=\"https:\/\/biblian.is\/biblian\/jeremia-45-kafli\/\"> [&#8230;]<\/a><\/p>\n","protected":false},"author":1,"featured_media":0,"parent":0,"menu_order":0,"comment_status":"open","ping_status":"open","template":"bibliukaflar_NT.php","meta":{"footnotes":""},"class_list":["post-2407","page","type-page","status-publish","hentry"],"_links":{"self":[{"href":"https:\/\/biblian.is\/biblian\/wp-json\/wp\/v2\/pages\/2407","targetHints":{"allow":["GET"]}}],"collection":[{"href":"https:\/\/biblian.is\/biblian\/wp-json\/wp\/v2\/pages"}],"about":[{"href":"https:\/\/biblian.is\/biblian\/wp-json\/wp\/v2\/types\/page"}],"author":[{"embeddable":true,"href":"https:\/\/biblian.is\/biblian\/wp-json\/wp\/v2\/users\/1"}],"replies":[{"embeddable":true,"href":"https:\/\/biblian.is\/biblian\/wp-json\/wp\/v2\/comments?post=2407"}],"version-history":[{"count":0,"href":"https:\/\/biblian.is\/biblian\/wp-json\/wp\/v2\/pages\/2407\/revisions"}],"wp:attachment":[{"href":"https:\/\/biblian.is\/biblian\/wp-json\/wp\/v2\/media?parent=2407"}],"curies":[{"name":"wp","href":"https:\/\/api.w.org\/{rel}","templated":true}]}}