{"id":2404,"date":"2017-12-30T21:03:03","date_gmt":"2017-12-30T21:03:03","guid":{"rendered":"http:\/\/biblian.is\/biblian\/jerem%c2%92a-42-kafli\/"},"modified":"2024-07-03T12:50:11","modified_gmt":"2024-07-03T12:50:11","slug":"jeremia-42-kafli","status":"publish","type":"page","link":"https:\/\/biblian.is\/biblian\/jeremia-42-kafli\/","title":{"rendered":"Jerem\u00eda 42. kafli"},"content":{"rendered":"<h2 class=\"millifyrirsogn_2007\">Fl\u00f3ttinn til Egyptalands <\/h2>\n<h3 class=\"millifyrirsogn_2007\">Leita\u00f0 \u00farskur\u00f0ar Drottins<\/h3>\n<p><a name=\"1\"><span class=\"versanumer_2007\">1<\/span><\/a> \u00de\u00e1 komu allir herforingjarnir, J\u00f3hanan Kareason og Asarja H\u00f3sajason \u00e1samt \u00f6llu f\u00f3lkinu, b\u00e6\u00f0i h\u00e1um og l\u00e1gum, <a name=\"2\"><span class=\"versanumer_2007\">2<\/span><\/a> og s\u00f6g\u00f0u vi\u00f0 Jerem\u00eda sp\u00e1mann: \u201eV\u00e9r bi\u00f0jum \u00feig innilega a\u00f0 gera b\u00f3n vora og bi\u00f0ja til Drottins, Gu\u00f0s \u00fe\u00edns, fyrir oss \u00f6llum sem eftir erum. V\u00e9r erum a\u00f0eins f\u00e1ir eftir af \u00f6llum \u00feeim fj\u00f6lda sem \u00e1\u00f0ur var eins og \u00fe\u00fa getur s\u00e9\u00f0 me\u00f0 eigin augum. <a name=\"3\"><span class=\"versanumer_2007\">3<\/span><\/a> Drottinn, Gu\u00f0 \u00feinn, skal v\u00edsa oss veginn sem v\u00e9r eigum a\u00f0 fara og segja oss hva\u00f0 v\u00e9r eigum a\u00f0 gera.\u201c<br \/> <a name=\"4\"><span class=\"versanumer_2007\">4<\/span><\/a> Jerem\u00eda sp\u00e1ma\u00f0ur svara\u00f0i \u00feeim: \u201eJ\u00e1, \u00e9g skal bi\u00f0ja til Drottins, Gu\u00f0s y\u00f0ar, eins og \u00fe\u00e9r \u00f3ski\u00f0. \u00dev\u00ed n\u00e6st sk\u00fdri \u00e9g y\u00f0ur fr\u00e1 \u00f6llu sem Drottinn svarar \u00e1n \u00feess a\u00f0 leyna y\u00f0ur nokkru.\u201c<br \/> <a name=\"5\"><span class=\"versanumer_2007\">5<\/span><\/a> \u00de\u00e1 s\u00f6g\u00f0u \u00feeir vi\u00f0 Jerem\u00eda: \u201eDrottinn skal vera sannor\u00f0ur og \u00e1rei\u00f0anlegur vottur gegn oss ef v\u00e9r breytum ekki eftir hverju or\u00f0i sem Drottinn, Gu\u00f0 \u00feinn, sendir til vor me\u00f0 \u00fe\u00e9r, <a name=\"6\"><span class=\"versanumer_2007\">6<\/span><\/a> hvort sem \u00fea\u00f0 ver\u00f0ur gott e\u00f0a illt. V\u00e9r munum hl\u00fd\u00f0a fyrirm\u00e6lum Drottins, Gu\u00f0s vors, sem v\u00e9r sendum \u00feig til. V\u00e9r munum hl\u00fd\u00f0a fyrirm\u00e6lum Drottins, Gu\u00f0s vors, svo a\u00f0 oss farnist vel.\u201c <\/p>\n<h3 class=\"millifyrirsogn_2007\">Svar Drottins<\/h3>\n<p><a name=\"7\"><span class=\"versanumer_2007\">7<\/span><\/a> T\u00edu d\u00f6gum s\u00ed\u00f0ar kom or\u00f0 Drottins til Jerem\u00eda. <a name=\"8\"><span class=\"versanumer_2007\">8<\/span><\/a> Hann kalla\u00f0i \u00fe\u00e1 \u00e1 J\u00f3hanan Kareason og alla herforingjana, sem me\u00f0 honum voru, \u00e1samt \u00f6llu f\u00f3lkinu, h\u00e1um og l\u00e1gum, <a name=\"9\"><span class=\"versanumer_2007\">9<\/span><\/a> og sag\u00f0i vi\u00f0 \u00fe\u00e1: Svo segir Drottinn, Gu\u00f0 \u00cdsraels, sem \u00fe\u00e9r sendu\u00f0 mig til svo a\u00f0 \u00e9g leg\u00f0i fyrir hann b\u00e6n y\u00f0ar: <a name=\"10\"><span class=\"versanumer_2007\">10<\/span><\/a> Ef \u00fe\u00e9r b\u00fai\u00f0 um kyrrt \u00ed \u00feessu landi mun \u00e9g byggja y\u00f0ur upp en ekki brj\u00f3ta ni\u00f0ur, \u00e9g mun gr\u00f3\u00f0ursetja y\u00f0ur en ekki uppr\u00e6ta. J\u00e1, \u00e9g i\u00f0rast \u00feeirrar \u00f3g\u00e6fu sem \u00e9g hef leitt yfir y\u00f0ur. <a name=\"11\"><span class=\"versanumer_2007\">11<\/span><\/a> \u00d3ttist ekki konunginn \u00ed Bab\u00fdlon sem \u00fe\u00e9r n\u00fa \u00f3ttist. \u00d3ttist hann ekki, segir Drottinn, \u00fev\u00ed a\u00f0 \u00e9g er me\u00f0 y\u00f0ur. \u00c9g mun hj\u00e1lpa y\u00f0ur og bjarga y\u00f0ur \u00far greipum hans. <a name=\"12\"><span class=\"versanumer_2007\">12<\/span><\/a> \u00c9g mun s\u00fdna y\u00f0ur miskunn svo a\u00f0 hann miskunni sig yfir y\u00f0ur og leyfi y\u00f0ur a\u00f0 sn\u00faa heim til \u00e6ttjar\u00f0ar y\u00f0ar. <a name=\"13\"><span class=\"versanumer_2007\">13<\/span><\/a> En ef \u00fe\u00e9r segi\u00f0: Nei, v\u00e9r viljum ekki vera um kyrrt \u00ed \u00feessu landi, og \u00f3hl\u00fd\u00f0nist fyrirm\u00e6lum Drottins, Gu\u00f0s y\u00f0ar, <a name=\"14\"><span class=\"versanumer_2007\">14<\/span><\/a> og hugsi\u00f0: Nei, v\u00e9r viljum fara til Egyptalands og setjast \u00fear a\u00f0 \u00fear sem v\u00e9r \u00feurfum hvorki a\u00f0 sj\u00e1 str\u00ed\u00f0 n\u00e9 heyra l\u00fa\u00f0ur\u00feyt og \u00feurfum ekki a\u00f0 l\u00ed\u00f0a hungur, <a name=\"15\"><span class=\"versanumer_2007\">15<\/span><\/a> heyri\u00f0 \u00fe\u00e1 or\u00f0 Drottins, \u00fe\u00e9r sem eru\u00f0 eftir af J\u00fadam\u00f6nnum: Svo segir Drottinn hersveitanna, Gu\u00f0 \u00cdsraels: Ef \u00fe\u00e9r eru\u00f0 sta\u00f0r\u00e1\u00f0nir \u00ed a\u00f0 fara til Egyptalands a\u00f0 leita \u00fear h\u00e6lis <a name=\"16\"><span class=\"versanumer_2007\">16<\/span><\/a> mun sver\u00f0i\u00f0, sem \u00fe\u00e9r \u00f3ttist, n\u00e1 til y\u00f0ar \u00fear, \u00ed Egyptalandi, og hungri\u00f0, sem \u00fe\u00e9r hr\u00e6\u00f0ist, mun elta y\u00f0ur til Egyptalands og \u00fear munu\u00f0 \u00fe\u00e9r l\u00e1ta l\u00edfi\u00f0. <a name=\"17\"><span class=\"versanumer_2007\">17<\/span><\/a> Allir \u00feeir sem eru \u00e1kve\u00f0nir \u00ed a\u00f0 fara til Egyptalands til a\u00f0 leita \u00fear h\u00e6lis munu falla fyrir sver\u00f0i, \u00far hungri og dreps\u00f3tt. Enginn \u00feeirra mun bjargast e\u00f0a komast undan b\u00f6linu sem \u00e9g mun lei\u00f0a yfir \u00fe\u00e1. <a name=\"18\"><span class=\"versanumer_2007\">18<\/span><\/a> \u00dev\u00ed a\u00f0 svo segir Drottinn hersveitanna, Gu\u00f0 \u00cdsraels: \u00c1 sama h\u00e1tt og heift m\u00edn og rei\u00f0i steyptist yfir Jer\u00fasalem mun rei\u00f0i m\u00edn steypast yfir y\u00f0ur \u00feegar \u00fe\u00e9r fari\u00f0 til Egyptalands. \u00de\u00e9r ver\u00f0i\u00f0 efni b\u00f6lb\u00e6na og \u00edmynd hryllings, b\u00f6lvunar og sm\u00e1nar og \u00feennan sta\u00f0 sj\u00e1i\u00f0 \u00fe\u00e9r aldrei framar.<br \/> <a name=\"19\"><span class=\"versanumer_2007\">19<\/span><\/a> Drottinn hefur tala\u00f0 til y\u00f0ar sem eftir eru\u00f0 af J\u00fadam\u00f6nnum: Fari\u00f0 ekki til Egyptalands. Geri\u00f0 y\u00f0ur lj\u00f3st a\u00f0 n\u00fa hef \u00e9g vara\u00f0 y\u00f0ur vi\u00f0. <a name=\"20\"><span class=\"versanumer_2007\">20<\/span><\/a> \u00de\u00e9r stofni\u00f0 l\u00edfi y\u00f0ar \u00ed h\u00e6ttu me\u00f0 \u00fev\u00ed a\u00f0 blekkja sj\u00e1lfa y\u00f0ur. \u00de\u00e9r sendu\u00f0 mig sj\u00e1lfir til Drottins, Gu\u00f0s y\u00f0ar, og s\u00f6g\u00f0u\u00f0: Bi\u00f0 fyrir oss til Drottins, Gu\u00f0s vors. Sk\u00fdr\u00f0u oss n\u00e1kv\u00e6mlega fr\u00e1 \u00f6llu sem Drottinn, Gu\u00f0 vor, segir, og v\u00e9r munum breyta eftir \u00fev\u00ed. <a name=\"21\"><span class=\"versanumer_2007\">21<\/span><\/a> \u00cd dag hef \u00e9g sk\u00fdrt y\u00f0ur fr\u00e1 \u00fev\u00ed en \u00fe\u00e9r hafi\u00f0 ekki hl\u00fdtt fyrirm\u00e6lum Drottins, Gu\u00f0s y\u00f0ar, \u00ed neinu af \u00f6llu \u00fev\u00ed sem hann sendi mig me\u00f0 til y\u00f0ar. <a name=\"22\"><span class=\"versanumer_2007\">22<\/span><\/a> N\u00fa skulu\u00f0 \u00fe\u00e9r vita a\u00f0 \u00fe\u00e9r munu\u00f0 falla fyrir sver\u00f0i, \u00far hungri og dreps\u00f3tt \u00e1 \u00feeim sta\u00f0 sem \u00fe\u00e9r vilji\u00f0 fara til og leita h\u00e6lis. <\/p>\n","protected":false},"excerpt":{"rendered":"<p>Fl\u00f3ttinn til Egyptalands Leita\u00f0 \u00farskur\u00f0ar Drottins 1 \u00de\u00e1 komu allir herforingjarnir, J\u00f3hanan Kareason og Asarja H\u00f3sajason \u00e1samt \u00f6llu f\u00f3lkinu, b\u00e6\u00f0i h\u00e1um og l\u00e1gum, 2 og s\u00f6g\u00f0u vi\u00f0 Jerem\u00eda sp\u00e1mann: \u201eV\u00e9r bi\u00f0jum \u00feig innilega a\u00f0 gera b\u00f3n vora og bi\u00f0ja til Drottins, Gu\u00f0s \u00fe\u00edns, fyrir oss \u00f6llum sem eftir erum. V\u00e9r erum a\u00f0eins f\u00e1ir eftir af \u00f6llum \u00feeim fj\u00f6lda sem \u00e1\u00f0ur var eins og \u00fe\u00fa getur s\u00e9\u00f0 me\u00f0 eigin augum. 3 Drottinn, Gu\u00f0 \u00feinn, skal v\u00edsa oss veginn sem v\u00e9r eigum a\u00f0 fara og segja oss hva\u00f0 v\u00e9r eigum a\u00f0 gera.\u201c 4 Jerem\u00eda sp\u00e1ma\u00f0ur svara\u00f0i \u00feeim: \u201eJ\u00e1, \u00e9g skal bi\u00f0ja til <a href=\"https:\/\/biblian.is\/biblian\/jeremia-42-kafli\/\"> [&#8230;]<\/a><\/p>\n","protected":false},"author":1,"featured_media":0,"parent":0,"menu_order":0,"comment_status":"open","ping_status":"open","template":"bibliukaflar_NT.php","meta":{"footnotes":""},"class_list":["post-2404","page","type-page","status-publish","hentry"],"_links":{"self":[{"href":"https:\/\/biblian.is\/biblian\/wp-json\/wp\/v2\/pages\/2404","targetHints":{"allow":["GET"]}}],"collection":[{"href":"https:\/\/biblian.is\/biblian\/wp-json\/wp\/v2\/pages"}],"about":[{"href":"https:\/\/biblian.is\/biblian\/wp-json\/wp\/v2\/types\/page"}],"author":[{"embeddable":true,"href":"https:\/\/biblian.is\/biblian\/wp-json\/wp\/v2\/users\/1"}],"replies":[{"embeddable":true,"href":"https:\/\/biblian.is\/biblian\/wp-json\/wp\/v2\/comments?post=2404"}],"version-history":[{"count":0,"href":"https:\/\/biblian.is\/biblian\/wp-json\/wp\/v2\/pages\/2404\/revisions"}],"wp:attachment":[{"href":"https:\/\/biblian.is\/biblian\/wp-json\/wp\/v2\/media?parent=2404"}],"curies":[{"name":"wp","href":"https:\/\/api.w.org\/{rel}","templated":true}]}}