{"id":2396,"date":"2017-12-30T21:02:57","date_gmt":"2017-12-30T21:02:57","guid":{"rendered":"http:\/\/biblian.is\/biblian\/jerem%c2%92a-34-kafli\/"},"modified":"2024-07-03T12:50:10","modified_gmt":"2024-07-03T12:50:10","slug":"jeremia-34-kafli","status":"publish","type":"page","link":"https:\/\/biblian.is\/biblian\/jeremia-34-kafli\/","title":{"rendered":"Jerem\u00eda 34. kafli"},"content":{"rendered":"<h3 class=\"millifyrirsogn_2007\"> \u00d6rl\u00f6g Sedek\u00eda<\/h3>\n<p><a name=\"1\"><span class=\"versanumer_2007\">1<\/span><\/a> Or\u00f0i\u00f0, sem kom til Jerem\u00eda fr\u00e1 Drottni \u00feegar Neb\u00fakadresar konungur \u00ed Bab\u00fdlon \u00e1samt \u00f6llum her s\u00ednum og \u00f6llum konungsr\u00edkjum jar\u00f0ar, sem hann r\u00edkti yfir, og \u00f6llum \u00fej\u00f3\u00f0um r\u00e9\u00f0st gegn Jer\u00fasalem og \u00f6llum borgunum umhverfis hana:<br \/> <a name=\"2\"><span class=\"versanumer_2007\">2<\/span><\/a> Svo segir Drottinn, Gu\u00f0 \u00cdsraels: Far\u00f0u og \u00e1varpa\u00f0u Sedek\u00eda J\u00fadakonung og seg\u00f0u vi\u00f0 hann: Svo segir Drottinn: \u00c9g sel h\u00e9r me\u00f0 \u00feessa borg \u00ed hendur konunginum \u00ed Bab\u00fdlon og hann mun brenna hana til \u00f6sku. <a name=\"3\"><span class=\"versanumer_2007\">3<\/span><\/a> Sj\u00e1lfur munt \u00fe\u00fa ekki ganga honum \u00far greipum. \u00de\u00fa ver\u00f0ur tekinn til fanga og seldur \u00ed hendur honum. \u00de\u00fa munt horfast \u00ed augu vi\u00f0 konunginn \u00ed Bab\u00fdlon. Hann mun tala vi\u00f0 \u00feig augliti til auglitis og \u00fe\u00fa munt koma til Bab\u00fdlonar. <a name=\"4\"><span class=\"versanumer_2007\">4<\/span><\/a> En hl\u00fdddu n\u00fa \u00e1 or\u00f0 Drottins, Sedek\u00eda J\u00fadakonungur: Svo segir Drottinn um \u00feig: \u00de\u00fa munt ekki falla fyrir sver\u00f0i, <a name=\"5\"><span class=\"versanumer_2007\">5<\/span><\/a> \u00fe\u00fa munt deyja \u00ed fri\u00f0i. Eldur ver\u00f0ur kveiktur \u00fe\u00e9r til hei\u00f0urs eins og eldur var kveiktur til hei\u00f0urs forfe\u00f0rum \u00fe\u00ednum, konungunum sem voru \u00e1 undan \u00fe\u00e9r, og menn munu syrgja \u00feig og segja: \u201eVei, herra.\u201c \u00c9g hef sj\u00e1lfur tala\u00f0 \u00feetta, segir Drottinn.<br \/> <a name=\"6\"><span class=\"versanumer_2007\">6<\/span><\/a> Jerem\u00eda sp\u00e1ma\u00f0ur flutti Sedek\u00eda J\u00fadakonungi \u00f6ll \u00feessi bo\u00f0 \u00ed Jer\u00fasalem <a name=\"7\"><span class=\"versanumer_2007\">7<\/span><\/a> \u00feegar her konungsins \u00ed Bab\u00fdlon bar\u00f0ist gegn Jer\u00fasalem og \u00feeim borgum \u00ed J\u00fada sem enn voru eftir, Lak\u00eds og Aseka. \u00dea\u00f0 voru einu v\u00edggirtu borgirnar \u00ed J\u00fada sem ekki h\u00f6f\u00f0u veri\u00f0 teknar.<\/p>\n<h3 class=\"millifyrirsogn_2007\">S\u00e1ttm\u00e1linn um frelsi \u00fer\u00e6la rofinn<\/h3>\n<p><a name=\"8\"><span class=\"versanumer_2007\">8<\/span><\/a> Or\u00f0i\u00f0 sem kom til Jerem\u00eda fr\u00e1 Drottni eftir a\u00f0 Sedek\u00eda konungur haf\u00f0i komist a\u00f0 samkomulagi vi\u00f0 allt f\u00f3lki\u00f0 \u00ed Jer\u00fasalem um a\u00f0 l\u00fdsa yfir lausn \u00fer\u00e6la: <a name=\"9\"><span class=\"versanumer_2007\">9<\/span><\/a> Hver og einn \u00e1tti a\u00f0 leysa \u00fer\u00e6l sinn e\u00f0a amb\u00e1tt \u00far \u00e1nau\u00f0 v\u00e6ru \u00feau hebresk. Enginn J\u00fadama\u00f0ur \u00e1tti framar a\u00f0 hafa landa sinn a\u00f0 \u00fer\u00e6li. <a name=\"10\"><span class=\"versanumer_2007\">10<\/span><\/a> Allir h\u00f6f\u00f0ingjarnir og f\u00f3lki\u00f0, sem \u00e1tti hlut a\u00f0 samkomulaginu um a\u00f0 hver ma\u00f0ur skyldi leysa \u00fer\u00e6l sinn og amb\u00e1tt og ekki halda \u00feeim lengur \u00ed \u00fer\u00e6ld\u00f3mi, h\u00e9ldu \u00fea\u00f0 og leystu \u00fer\u00e6la s\u00edna. <a name=\"11\"><span class=\"versanumer_2007\">11<\/span><\/a> En nokkru s\u00ed\u00f0ar skiptu \u00feeir um sko\u00f0un, s\u00f3ttu \u00fer\u00e6lana og amb\u00e1ttirnar sem \u00feeir h\u00f6f\u00f0u leyst og hnepptu aftur \u00ed \u00e1nau\u00f0.<br \/> <a name=\"12\"><span class=\"versanumer_2007\">12<\/span><\/a> \u00de\u00e1 kom or\u00f0 Drottins til Jerem\u00eda: <a name=\"13\"><span class=\"versanumer_2007\">13<\/span><\/a> Svo segir Drottinn, Gu\u00f0 \u00cdsraels: \u00c9g ger\u00f0i s\u00e1ttm\u00e1la vi\u00f0 fe\u00f0ur y\u00f0ar \u00feegar \u00e9g leiddi \u00fe\u00e1 \u00fat af Egyptalandi, \u00far \u00fer\u00e6lah\u00fasinu, og gaf \u00feessi fyrirm\u00e6li: <a name=\"14\"><span class=\"versanumer_2007\">14<\/span><\/a> \u201eSj\u00f6unda hvert \u00e1r skal s\u00e9rhver y\u00f0ar leysa \u00far \u00e1nau\u00f0 hebreskan \u00e6ttbr\u00f3\u00f0ur sinn sem hefur selt sig \u00fe\u00e9r. Hann skal vera \u00fer\u00e6ll \u00feinn \u00ed sex \u00e1r, \u00fev\u00ed n\u00e6st skaltu leysa hann \u00far \u00e1nau\u00f0.\u201c En fe\u00f0ur y\u00f0ar hl\u00fdddu m\u00e9r ekki og l\u00f6g\u00f0u ekki vi\u00f0 hlustir. <a name=\"15\"><span class=\"versanumer_2007\">15<\/span><\/a> En n\u00fa hafi\u00f0 \u00fe\u00e9r teki\u00f0 sinnaskiptum og gert \u00fea\u00f0 sem er r\u00e9tt \u00ed augum m\u00ednum me\u00f0 \u00fev\u00ed a\u00f0 l\u00fdsa yfir a\u00f0 hver og einn leysi landa sinn \u00far \u00e1nau\u00f0. \u00de\u00e9r ger\u00f0u\u00f0 samkomulag um \u00feetta frammi fyrir augliti m\u00ednu \u00ed h\u00fasinu sem kennt er vi\u00f0 nafn mitt. <a name=\"16\"><span class=\"versanumer_2007\">16<\/span><\/a> En \u00fe\u00e1 skiptu\u00f0 \u00fe\u00e9r aftur um sko\u00f0un og vanhelgu\u00f0u\u00f0 nafn mitt me\u00f0 \u00fev\u00ed a\u00f0 hver og einn s\u00f3tti \u00fer\u00e6la og amb\u00e1ttir sem h\u00f6f\u00f0u veri\u00f0 leyst \u00far \u00e1nau\u00f0 og hneppti \u00feau aftur \u00ed \u00fer\u00e6ld\u00f3m. <a name=\"17\"><span class=\"versanumer_2007\">17<\/span><\/a> \u00dev\u00ed segir Drottinn: \u00de\u00e9r hafi\u00f0 ekki hl\u00fdtt m\u00e9r. Enginn y\u00f0ar hefur l\u00fdst \u00fev\u00ed yfir a\u00f0 hann leysi \u00e6ttbr\u00f3\u00f0ur sinn og landa \u00far \u00e1nau\u00f0. \u00c9g bo\u00f0a y\u00f0ur lausn, segir Drottinn, lausn me\u00f0 sver\u00f0i, dreps\u00f3tt og hungri. \u00c9g geri y\u00f0ur skelfilega \u00ed augum allra konungsr\u00edkja jar\u00f0ar. <a name=\"18\"><span class=\"versanumer_2007\">18<\/span><\/a> \u00c9g fer me\u00f0 \u00fe\u00e1 sem rufu samkomulagi\u00f0 og h\u00e9ldu ekki \u00e1kv\u00e6\u00f0i samningsins, sem \u00feeir ger\u00f0u fyrir augliti m\u00ednu, eins og k\u00e1lfinn sem \u00feeir sk\u00e1ru \u00ed tvennt og gengu s\u00ed\u00f0an \u00e1 milli hlutanna.<span class=\"nedan_mal\" title=\" Svo var oft fari\u00f0 a\u00f0 er s\u00e1ttm\u00e1li var ger\u00f0ur, sj\u00e1 1M\u00f3s 15.10 og 15.17-15.18.\">[<\/span> <a name=\"19\"><span class=\"versanumer_2007\">19<\/span><\/a> H\u00f6f\u00f0ingjana \u00ed Jer\u00fasalem og J\u00fada, hir\u00f0mennina, prestana og alla borgara landsins, sem gengu milli hluta k\u00e1lfsins, <a name=\"20\"><span class=\"versanumer_2007\">20<\/span><\/a> mun \u00e9g selja fjandm\u00f6nnum \u00feeirra \u00ed hendur, \u00ed hendur \u00feeim sem s\u00e6kjast eftir l\u00edfi \u00feeirra. L\u00edk \u00feeirra ver\u00f0a \u00e6ti handa fuglum himinsins og d\u00fdrum merkurinnar. <a name=\"21\"><span class=\"versanumer_2007\">21<\/span><\/a> Sedek\u00eda J\u00fadakonung og h\u00f6f\u00f0ingja hans mun \u00e9g selja \u00ed hendur fjandm\u00f6nnum \u00feeirra, \u00feeim sem s\u00e6kjast eftir l\u00edfi \u00feeirra, \u00ed hendur hers konungsins \u00ed Bab\u00fdlon sem n\u00fa er a\u00f0 sn\u00faa fr\u00e1 y\u00f0ur. <a name=\"22\"><span class=\"versanumer_2007\">22<\/span><\/a> \u00c9g gef skipun, segir Drottinn, um a\u00f0 \u00feeir sn\u00fai aftur til \u00feessarar borgar, r\u00e1\u00f0ist \u00e1 hana, taki hana og brenni til \u00f6sku. Borgirnar \u00ed J\u00fada geri \u00e9g a\u00f0 ey\u00f0im\u00f6rk \u00fear sem enginn b\u00fdr.<\/p>\n","protected":false},"excerpt":{"rendered":"<p>\u00d6rl\u00f6g Sedek\u00eda 1 Or\u00f0i\u00f0, sem kom til Jerem\u00eda fr\u00e1 Drottni \u00feegar Neb\u00fakadresar konungur \u00ed Bab\u00fdlon \u00e1samt \u00f6llum her s\u00ednum og \u00f6llum konungsr\u00edkjum jar\u00f0ar, sem hann r\u00edkti yfir, og \u00f6llum \u00fej\u00f3\u00f0um r\u00e9\u00f0st gegn Jer\u00fasalem og \u00f6llum borgunum umhverfis hana: 2 Svo segir Drottinn, Gu\u00f0 \u00cdsraels: Far\u00f0u og \u00e1varpa\u00f0u Sedek\u00eda J\u00fadakonung og seg\u00f0u vi\u00f0 hann: Svo segir Drottinn: \u00c9g sel h\u00e9r me\u00f0 \u00feessa borg \u00ed hendur konunginum \u00ed Bab\u00fdlon og hann mun brenna hana til \u00f6sku. 3 Sj\u00e1lfur munt \u00fe\u00fa ekki ganga honum \u00far greipum. \u00de\u00fa ver\u00f0ur tekinn til fanga og seldur \u00ed hendur honum. \u00de\u00fa munt horfast \u00ed augu vi\u00f0 konunginn <a href=\"https:\/\/biblian.is\/biblian\/jeremia-34-kafli\/\"> [&#8230;]<\/a><\/p>\n","protected":false},"author":1,"featured_media":0,"parent":0,"menu_order":0,"comment_status":"open","ping_status":"open","template":"bibliukaflar_NT.php","meta":{"footnotes":""},"class_list":["post-2396","page","type-page","status-publish","hentry"],"_links":{"self":[{"href":"https:\/\/biblian.is\/biblian\/wp-json\/wp\/v2\/pages\/2396","targetHints":{"allow":["GET"]}}],"collection":[{"href":"https:\/\/biblian.is\/biblian\/wp-json\/wp\/v2\/pages"}],"about":[{"href":"https:\/\/biblian.is\/biblian\/wp-json\/wp\/v2\/types\/page"}],"author":[{"embeddable":true,"href":"https:\/\/biblian.is\/biblian\/wp-json\/wp\/v2\/users\/1"}],"replies":[{"embeddable":true,"href":"https:\/\/biblian.is\/biblian\/wp-json\/wp\/v2\/comments?post=2396"}],"version-history":[{"count":0,"href":"https:\/\/biblian.is\/biblian\/wp-json\/wp\/v2\/pages\/2396\/revisions"}],"wp:attachment":[{"href":"https:\/\/biblian.is\/biblian\/wp-json\/wp\/v2\/media?parent=2396"}],"curies":[{"name":"wp","href":"https:\/\/api.w.org\/{rel}","templated":true}]}}