{"id":2395,"date":"2017-12-30T21:02:57","date_gmt":"2017-12-30T21:02:57","guid":{"rendered":"http:\/\/biblian.is\/biblian\/jerem%c2%92a-33-kafli\/"},"modified":"2024-07-03T12:50:09","modified_gmt":"2024-07-03T12:50:09","slug":"jeremia-33-kafli","status":"publish","type":"page","link":"https:\/\/biblian.is\/biblian\/jeremia-33-kafli\/","title":{"rendered":"Jerem\u00eda 33. kafli"},"content":{"rendered":"<h3 class=\"millifyrirsogn_2007\"> Fyrirheit um endurreisn Jer\u00fasalem og J\u00fada<\/h3>\n<p><a name=\"1\"><span class=\"versanumer_2007\">1<\/span><\/a> Or\u00f0 Drottins kom \u00f6\u00f0ru sinni til Jerem\u00eda \u00e1 me\u00f0an hann var enn \u00ed haldi \u00ed gar\u00f0i var\u00f0li\u00f0sins: <a name=\"2\"><span class=\"versanumer_2007\">2<\/span><\/a> Svo segir Drottinn sem skapa\u00f0i j\u00f6r\u00f0ina, m\u00f3ta\u00f0i hana og grundvalla\u00f0i. Nafn hans er Drottinn: <a name=\"3\"><span class=\"versanumer_2007\">3<\/span><\/a> Hr\u00f3pa\u00f0u til m\u00edn! \u00c9g mun b\u00e6nheyra \u00feig og \u00e9g mun kunngj\u00f6ra \u00fe\u00e9r mikla hluti og leyndard\u00f3msfulla sem \u00fe\u00fa hefur ekki \u00e1\u00f0ur \u00feekkt. <a name=\"4\"><span class=\"versanumer_2007\">4<\/span><\/a> \u00dev\u00ed a\u00f0 svo segir Drottinn, Gu\u00f0 \u00cdsraels, um h\u00fasin \u00ed \u00feessari borg og um h\u00fas J\u00fadakonunga sem hafa veri\u00f0 rifin ni\u00f0ur til a\u00f0 gera \u00far \u00feeim varnargar\u00f0 gegn \u00e1r\u00e1sarvirkjunum og sver\u00f0inu: <a name=\"5\"><span class=\"versanumer_2007\">5<\/span><\/a> Kaldear ry\u00f0jast inn, gera \u00e1r\u00e1s til a\u00f0 fylla h\u00fasin me\u00f0 l\u00edkum \u00feeirra sem \u00e9g felli \u00ed heift minni og rei\u00f0i \u00fev\u00ed a\u00f0 \u00e9g hef byrgt auglit mitt fyrir \u00feessari borg vegna illsku \u00edb\u00faanna. <br \/> <a name=\"6\"><span class=\"versanumer_2007\">6<\/span><\/a> \u00c9g gr\u00e6\u00f0i s\u00e1r \u00feeirra og l\u00e6kna \u00fe\u00e1. \u00c9g geri \u00fe\u00e1 heila og opinbera \u00feeim mikla hags\u00e6ld og velgengni. <a name=\"7\"><span class=\"versanumer_2007\">7<\/span><\/a> \u00c9g mun sn\u00faa vi\u00f0 hag J\u00fada og \u00cdsraels og endurreisa \u00fe\u00e1 svo a\u00f0 \u00feeir ver\u00f0i eins og \u00e1\u00f0ur. <br \/> <a name=\"8\"><span class=\"versanumer_2007\">8<\/span><\/a> \u00c9g hreinsa \u00fe\u00e1 af allri \u00feeirri sekt sem \u00feeir hafa baka\u00f0 s\u00e9r me\u00f0 \u00fev\u00ed a\u00f0 syndga gegn m\u00e9r. \u00c9g fyrirgef \u00feeim allar syndir \u00feeirra gegn m\u00e9r, sem \u00feeir hafa dr\u00fdgt me\u00f0 \u00fev\u00ed a\u00f0 r\u00edsa gegn m\u00e9r. <a name=\"9\"><span class=\"versanumer_2007\">9<\/span><\/a> \u00de\u00e1 ver\u00f0ur Jer\u00fasalem m\u00e9r til gle\u00f0i, lofs og d\u00fdr\u00f0ar me\u00f0al allra \u00fej\u00f3\u00f0a jar\u00f0arinnar \u00feegar \u00fe\u00e6r fr\u00e9tta um allt \u00fea\u00f0 g\u00f3\u00f0a sem \u00e9g geri henni. \u00de\u00e6r munu titra og skj\u00e1lfa vegna alls hins g\u00f3\u00f0a og \u00feeirrar velgengni sem \u00e9g veiti borginni. <br \/> <a name=\"10\"><span class=\"versanumer_2007\">10<\/span><\/a> Svo segir Drottinn: <br \/>Um \u00feennan sta\u00f0 segi\u00f0 \u00fe\u00e9r: \u201eHann er \u00ed r\u00fastum \u00e1n f\u00f3lks og f\u00e9na\u00f0ar.\u201c En \u00e1 \u00feessum sta\u00f0, \u00ed borgum \u00ed J\u00fada og \u00e1 g\u00f6tum Jer\u00fasalem, mannau\u00f0um, \u00e1n f\u00f3lks og f\u00e9na\u00f0ar, munu aftur kve\u00f0a vi\u00f0 <a name=\"11\"><span class=\"versanumer_2007\">11<\/span><\/a> gle\u00f0ihr\u00f3p og fagna\u00f0ar\u00f3p, hr\u00f3p br\u00fa\u00f0guma og br\u00fa\u00f0ar, raddir \u00feeirra sem f\u00e6ra \u00feakkarf\u00f3rn \u00ed h\u00fasi Drottins og segja: \u201e\u00deakki\u00f0 Drottni hersveitanna \u00fev\u00ed a\u00f0 hann er g\u00f3\u00f0ur, \u00fev\u00ed a\u00f0 miskunn hans varir a\u00f0 eil\u00edfu.\u201c \u00c9g mun sn\u00faa h\u00f6gum landsins, \u00fea\u00f0 skal ver\u00f0a eins og \u00e1\u00f0ur, segir Drottinn.<br \/> <a name=\"12\"><span class=\"versanumer_2007\">12<\/span><\/a> Svo segir Drottinn hersveitanna: \u00c1 \u00feessum sta\u00f0, sem er r\u00fastir einar, \u00e1n f\u00f3lks og f\u00e9na\u00f0ar, og \u00ed \u00f6llum b\u00e6junum umhverfis ver\u00f0ur aftur haglendi fyrir hir\u00f0a til a\u00f0 hv\u00edla hjar\u00f0ir s\u00ednar. <a name=\"13\"><span class=\"versanumer_2007\">13<\/span><\/a> \u00cd fjalllendinu, \u00ed borgunum \u00e1 l\u00e1glendinu, \u00ed borgunum \u00ed Su\u00f0urlandinu, \u00ed landi Benjam\u00edns, \u00ed h\u00e9ru\u00f0unum umhverfis Jer\u00fasalem og \u00ed borgunum \u00ed J\u00fada mun f\u00e9\u00f0 a\u00f0 n\u00fdju renna fram hj\u00e1 \u00feeim sem telur \u00fea\u00f0, segir Drottinn.<\/p>\n<h3 class=\"millifyrirsogn_2007\">Fyrirheit Drottins r\u00e6tist<\/h3>\n<p><a name=\"14\"><span class=\"versanumer_2007\">14<\/span><\/a> \u00deeir dagar koma, segir Drottinn, \u00feegar \u00e9g l\u00e6t hi\u00f0 g\u00f3\u00f0a fyrirheit r\u00e6tast sem \u00e9g gaf \u00cdsraelsm\u00f6nnum og J\u00fadam\u00f6nnum. <a name=\"15\"><span class=\"versanumer_2007\">15<\/span><\/a> \u00c1 \u00feeim d\u00f6gum og \u00feeim t\u00edma mun \u00e9g l\u00e1ta r\u00e9ttl\u00e1tan kvist vaxa af \u00e6tt Dav\u00ed\u00f0s. Hann mun framfylgja r\u00e9tti og r\u00e9ttl\u00e6ti \u00ed landinu. <a name=\"16\"><span class=\"versanumer_2007\">16<\/span><\/a> \u00c1 \u00feeim d\u00f6gum mun J\u00fada bjarga\u00f0 og Jer\u00fasalem ver\u00f0a \u00f3hult. \u00deetta nafn ver\u00f0ur henni gefi\u00f0: Drottinn er r\u00e9ttl\u00e6ti vort. <a name=\"17\"><span class=\"versanumer_2007\">17<\/span><\/a> \u00dev\u00ed a\u00f0 svo segir Drottinn: Ni\u00f0jar Dav\u00ed\u00f0s skulu \u00e6t\u00ed\u00f0 sitja \u00ed h\u00e1s\u00e6ti \u00cdsraels. <a name=\"18\"><span class=\"versanumer_2007\">18<\/span><\/a> Og aldrei skal skorta Lev\u00edtapresta til \u00feess a\u00f0 ganga fram fyrir auglit mitt og f\u00e6ra brennif\u00f3rn, brenna kornf\u00f3rn og bera fram sl\u00e1turf\u00f3rn dag hvern.<br \/> <a name=\"19\"><span class=\"versanumer_2007\">19<\/span><\/a> Or\u00f0 Drottins kom til Jerem\u00eda: <br \/> <a name=\"20\"><span class=\"versanumer_2007\">20<\/span><\/a> Svo segir Drottinn: Ef unnt er a\u00f0 rj\u00fafa s\u00e1ttm\u00e1la minn vi\u00f0 daginn og s\u00e1ttm\u00e1la minn vi\u00f0 n\u00f3ttina svo a\u00f0 dagur h\u00e6tti a\u00f0 taka vi\u00f0 af n\u00f3tt \u00e1 r\u00e9ttum t\u00edma <a name=\"21\"><span class=\"versanumer_2007\">21<\/span><\/a> er unnt a\u00f0 rj\u00fafa s\u00e1ttm\u00e1la minn vi\u00f0 Dav\u00ed\u00f0, \u00fej\u00f3n minn, svo a\u00f0 enginn ni\u00f0ja hans taki s\u00e6ti sem konungur \u00ed h\u00e1s\u00e6ti hans, \u00fe\u00e1 fyrst ver\u00f0ur unnt a\u00f0 rj\u00fafa s\u00e1ttm\u00e1la minn vi\u00f0 Lev\u00edtaprestana sem \u00fej\u00f3na m\u00e9r. <a name=\"22\"><span class=\"versanumer_2007\">22<\/span><\/a> \u00c9g mun fj\u00f6lga ni\u00f0jum Dav\u00ed\u00f0s, \u00fej\u00f3ns m\u00edns, og Lev\u00edtunum sem \u00fej\u00f3na m\u00e9r svo a\u00f0 \u00feeir ver\u00f0i jafnmargir og himinsins her sem enginn getur tali\u00f0 og sj\u00e1varsandurinn sem ekki ver\u00f0ur m\u00e6ldur.<br \/> <a name=\"23\"><span class=\"versanumer_2007\">23<\/span><\/a> Or\u00f0 Drottins kom til Jerem\u00eda: <a name=\"24\"><span class=\"versanumer_2007\">24<\/span><\/a> Hefur\u00f0u ekki teki\u00f0 eftir \u00fev\u00ed sem \u00feetta f\u00f3lk segir: Drottinn hefur hafna\u00f0 b\u00e1\u00f0um \u00e6ttb\u00e1lkunum sem hann \u00fatvaldi. \u00deeir h\u00e6\u00f0ast a\u00f0 l\u00fd\u00f0 m\u00ednum og telja hann ekki lengur neina \u00fej\u00f3\u00f0. <a name=\"25\"><span class=\"versanumer_2007\">25<\/span><\/a> Svo segir Drottinn: Svo sannarlega sem \u00e9g hef gert s\u00e1ttm\u00e1la vi\u00f0 dag og n\u00f3tt og sett himni og j\u00f6r\u00f0 reglur <a name=\"26\"><span class=\"versanumer_2007\">26<\/span><\/a> mun \u00e9g hvorki hafna ni\u00f0jum Jakobs n\u00e9 Dav\u00ed\u00f0s, \u00fej\u00f3ns m\u00edns. \u00c9g mun velja menn af ni\u00f0jum hans til a\u00f0 r\u00edkja yfir \u00e6tt Abrahams, \u00cdsaks og Jakobs \u00fev\u00ed a\u00f0 \u00e9g mun sn\u00faa vi\u00f0 h\u00f6gum \u00feeirra og miskunna \u00feeim.<\/p>\n","protected":false},"excerpt":{"rendered":"<p>Fyrirheit um endurreisn Jer\u00fasalem og J\u00fada 1 Or\u00f0 Drottins kom \u00f6\u00f0ru sinni til Jerem\u00eda \u00e1 me\u00f0an hann var enn \u00ed haldi \u00ed gar\u00f0i var\u00f0li\u00f0sins: 2 Svo segir Drottinn sem skapa\u00f0i j\u00f6r\u00f0ina, m\u00f3ta\u00f0i hana og grundvalla\u00f0i. Nafn hans er Drottinn: 3 Hr\u00f3pa\u00f0u til m\u00edn! \u00c9g mun b\u00e6nheyra \u00feig og \u00e9g mun kunngj\u00f6ra \u00fe\u00e9r mikla hluti og leyndard\u00f3msfulla sem \u00fe\u00fa hefur ekki \u00e1\u00f0ur \u00feekkt. 4 \u00dev\u00ed a\u00f0 svo segir Drottinn, Gu\u00f0 \u00cdsraels, um h\u00fasin \u00ed \u00feessari borg og um h\u00fas J\u00fadakonunga sem hafa veri\u00f0 rifin ni\u00f0ur til a\u00f0 gera \u00far \u00feeim varnargar\u00f0 gegn \u00e1r\u00e1sarvirkjunum og sver\u00f0inu: 5 Kaldear ry\u00f0jast inn, gera \u00e1r\u00e1s <a href=\"https:\/\/biblian.is\/biblian\/jeremia-33-kafli\/\"> [&#8230;]<\/a><\/p>\n","protected":false},"author":1,"featured_media":0,"parent":0,"menu_order":0,"comment_status":"open","ping_status":"open","template":"bibliukaflar_NT.php","meta":{"footnotes":""},"class_list":["post-2395","page","type-page","status-publish","hentry"],"_links":{"self":[{"href":"https:\/\/biblian.is\/biblian\/wp-json\/wp\/v2\/pages\/2395","targetHints":{"allow":["GET"]}}],"collection":[{"href":"https:\/\/biblian.is\/biblian\/wp-json\/wp\/v2\/pages"}],"about":[{"href":"https:\/\/biblian.is\/biblian\/wp-json\/wp\/v2\/types\/page"}],"author":[{"embeddable":true,"href":"https:\/\/biblian.is\/biblian\/wp-json\/wp\/v2\/users\/1"}],"replies":[{"embeddable":true,"href":"https:\/\/biblian.is\/biblian\/wp-json\/wp\/v2\/comments?post=2395"}],"version-history":[{"count":0,"href":"https:\/\/biblian.is\/biblian\/wp-json\/wp\/v2\/pages\/2395\/revisions"}],"wp:attachment":[{"href":"https:\/\/biblian.is\/biblian\/wp-json\/wp\/v2\/media?parent=2395"}],"curies":[{"name":"wp","href":"https:\/\/api.w.org\/{rel}","templated":true}]}}