{"id":2380,"date":"2017-12-30T21:02:57","date_gmt":"2017-12-30T21:02:57","guid":{"rendered":"http:\/\/biblian.is\/biblian\/jerem%c2%92a-18-kafli\/"},"modified":"2024-07-03T12:50:06","modified_gmt":"2024-07-03T12:50:06","slug":"jeremia-18-kafli","status":"publish","type":"page","link":"https:\/\/biblian.is\/biblian\/jeremia-18-kafli\/","title":{"rendered":"Jerem\u00eda 18. kafli"},"content":{"rendered":"<h3 class=\"millifyrirsogn_2007\"> Jerem\u00eda og leirkerasmi\u00f0urinn<\/h3>\n<p><a name=\"1\"><span class=\"versanumer_2007\">1<\/span><\/a> Or\u00f0i\u00f0 sem kom til Jerem\u00eda fr\u00e1 Drottni: <a name=\"2\"><span class=\"versanumer_2007\">2<\/span><\/a> Far\u00f0u n\u00fa ni\u00f0ur \u00ed h\u00fas leirkerasmi\u00f0sins. \u00dear mun \u00e9g l\u00e1ta \u00feig heyra or\u00f0 m\u00edn.<br \/> <a name=\"3\"><span class=\"versanumer_2007\">3<\/span><\/a> \u00c9g gekk \u00fev\u00ed ni\u00f0ur til h\u00fass leirkerasmi\u00f0sins einmitt \u00feegar hann var a\u00f0 vinna vi\u00f0 hj\u00f3li\u00f0. <a name=\"4\"><span class=\"versanumer_2007\">4<\/span><\/a> Mist\u00e6kist keri\u00f0, sem hann var a\u00f0 m\u00f3ta \u00far leirnum, bj\u00f3 hann til n\u00fdtt ker eftir \u00fev\u00ed sem honum s\u00fdndist best.<br \/> <a name=\"5\"><span class=\"versanumer_2007\">5<\/span><\/a> \u00de\u00e1 kom or\u00f0 Drottins til m\u00edn: <a name=\"6\"><span class=\"versanumer_2007\">6<\/span><\/a> Get \u00e9g ekki fari\u00f0 me\u00f0 y\u00f0ur, \u00cdsraelsmenn, eins og \u00feessi leirkerasmi\u00f0ur gerir? segir Drottinn. \u00de\u00e9r eru\u00f0 \u00ed hendi minni, \u00cdsraelsmenn, eins og leirinn \u00ed hendi leirkerasmi\u00f0sins. <br \/> <a name=\"7\"><span class=\"versanumer_2007\">7<\/span><\/a> Stundum h\u00f3ta \u00e9g einhverri \u00fej\u00f3\u00f0 e\u00f0a konungsr\u00edki a\u00f0 uppr\u00e6ta \u00fea\u00f0, brj\u00f3ta \u00fea\u00f0 ni\u00f0ur e\u00f0a ey\u00f0a \u00fev\u00ed. <a name=\"8\"><span class=\"versanumer_2007\">8<\/span><\/a> En hverfi \u00feessi \u00fej\u00f3\u00f0, sem \u00e9g hef h\u00f3ta\u00f0, fr\u00e1 illri breytni sinni i\u00f0rast \u00e9g \u00feeirrar \u00f3g\u00e6fu sem \u00e9g haf\u00f0i \u00e1kve\u00f0i\u00f0 a\u00f0 senda yfir hana.<br \/> <a name=\"9\"><span class=\"versanumer_2007\">9<\/span><\/a> Stundum heiti \u00e9g einhverri \u00fej\u00f3\u00f0 e\u00f0a konungsr\u00edki a\u00f0 endurreisa \u00fea\u00f0 e\u00f0a gr\u00f3\u00f0ursetja <a name=\"10\"><span class=\"versanumer_2007\">10<\/span><\/a> en geri h\u00fan \u00fea\u00f0 sem illt er \u00ed augum m\u00ednum \u00e1n \u00feess a\u00f0 hl\u00fd\u00f0a bo\u00f0um m\u00ednum i\u00f0rast \u00e9g hins g\u00f3\u00f0a sem \u00e9g haf\u00f0i heiti\u00f0 a\u00f0 gera henni.<br \/> <a name=\"11\"><span class=\"versanumer_2007\">11<\/span><\/a> Seg\u00f0u n\u00fa vi\u00f0 J\u00fadamenn og Jer\u00fasalemb\u00faa: Svo segir Drottinn: \u00c9g b\u00fd y\u00f0ur<span class=\"nedan_mal\" title=\" H\u00e9r er notu\u00f0 \u00ed hebreska textanum sama s\u00f6gn og \u00ed 4. versi, \u00fe.e. m\u00f3ta, b\u00faa til. \">[<\/span> \u00f3g\u00e6fu og brugga r\u00e1\u00f0 gegn y\u00f0ur. Hver og einn hverfi n\u00fa fr\u00e1 sinni illu breytni og sn\u00fai til betri vegar og g\u00f3\u00f0rar breytni. <a name=\"12\"><span class=\"versanumer_2007\">12<\/span><\/a> En \u00feeir munu svara: \u00dea\u00f0 er til einskis. V\u00e9r fylgjum vorum eigin hugmyndum og s\u00e9rhver mun breyta eftir \u00fever\u00fa\u00f0 s\u00edns vonda hjarta. <\/p>\n<h3 class=\"millifyrirsogn_2007\">Refsing fyrir svik vi\u00f0 Drottin<\/h3>\n<p><span class=\"ljodatexti\"> <a name=\"13\"><span class=\"versanumer_ljod\">13<\/span><\/a>\u00deess vegna segir Drottinn: <br \/>Spyrji\u00f0 \u00e1 me\u00f0al \u00fej\u00f3\u00f0anna <br \/>hver hafi heyrt anna\u00f0 eins. <br \/>M\u00e6rin \u00cdsrael hefur unni\u00f0 \u00f3d\u00e6\u00f0i.<br \/> <\/span> <span class=\"ljodatexti\"> <a name=\"14\"><span class=\"versanumer_ljod\">14<\/span><\/a>Hverfur grj\u00f3ti\u00f0 af sl\u00e9ttunni, <br \/>snj\u00f3rinn af L\u00edbanonstindum? <br \/>\u00deorna s\u00edrennandi l\u00e6kir, <br \/>ni\u00f0andi lindir?<br \/> <\/span> <span class=\"ljodatexti\"> <a name=\"15\"><span class=\"versanumer_ljod\">15<\/span><\/a>\u00dej\u00f3\u00f0 m\u00edn hefur gleymt m\u00e9r, <br \/>h\u00fan f\u00f3rnar reykelsi f\u00e1n\u00fdtum go\u00f0um <br \/>sem hafa leitt hana \u00ed hr\u00f6sun <br \/>\u00e1 g\u00f6mlu g\u00f6tunum <br \/>inn \u00e1 \u00f3ruddar sl\u00f3\u00f0ir. <br \/> <\/span> <span class=\"ljodatexti\"> <a name=\"16\"><span class=\"versanumer_ljod\">16<\/span><\/a>\u00deeir gera land sitt a\u00f0 skelfilegum sta\u00f0 <br \/>sem s\u00edfellt er h\u00e6\u00f0st a\u00f0, <br \/>hver sem fer \u00fear um <br \/>fyllist hryllingi og hristir h\u00f6fu\u00f0i\u00f0.<br \/> <\/span> <span class=\"ljodatexti\"> <a name=\"17\"><span class=\"versanumer_ljod\">17<\/span><\/a>Eins og austanvindur <br \/>mun \u00e9g tv\u00edstra \u00feeim fyrir fjandm\u00f6nnum \u00feeirra, <br \/>\u00e9g mun sn\u00faa \u00ed \u00fe\u00e1 bakinu <br \/>en ekki andlitinu <br \/>\u00e1 gl\u00f6tunardegi \u00feeirra. <\/span> <\/p>\n<h3 class=\"millifyrirsogn_2007\">Tilr\u00e6\u00f0i vi\u00f0 sp\u00e1manninn<\/h3>\n<p><a name=\"18\"><span class=\"versanumer_2007\">18<\/span><\/a> \u00deeir s\u00f6g\u00f0u: \u201eKomi\u00f0, v\u00e9r skulum brugga r\u00e1\u00f0 gegn Jerem\u00eda \u00fev\u00ed a\u00f0 ekki brestur prestinn kenningu, spekinginn r\u00e1\u00f0 n\u00e9 sp\u00e1manninn or\u00f0. Komi\u00f0, v\u00e9r skulum r\u00e1\u00f0ast \u00e1 hann me\u00f0 hans eigin or\u00f0um og ekki hlusta \u00e1 neitt sem hann segir.\u201c <br \/> <span class=\"ljodatexti\"> <a name=\"19\"><span class=\"versanumer_ljod\">19<\/span><\/a>Drottinn, fylgstu me\u00f0 m\u00e9r <br \/>og hlusta\u00f0u \u00e1 tal andst\u00e6\u00f0inga minna.<br \/> <\/span> <span class=\"ljodatexti\"> <a name=\"20\"><span class=\"versanumer_ljod\">20<\/span><\/a>M\u00e1 gjalda gott me\u00f0 illu? <br \/>\u00dev\u00ed a\u00f0 \u00feeir hafa grafi\u00f0 m\u00e9r gr\u00f6f. <br \/>Minnstu \u00feess a\u00f0 \u00e9g hef sta\u00f0i\u00f0 frammi fyrir \u00fe\u00e9r <br \/>til a\u00f0 tala m\u00e1li \u00feeirra <br \/>og sn\u00faa heift \u00feinni fr\u00e1 \u00feeim.<br \/> <\/span> <span class=\"ljodatexti\"> <a name=\"21\"><span class=\"versanumer_ljod\">21<\/span><\/a>Ofurseldu \u00fev\u00ed syni \u00feeirra hungrinu <br \/>og gef\u00f0u \u00fe\u00e1 sver\u00f0inu \u00e1 vald, <br \/>ger\u00f0u konur \u00feeirra barnlausar og ekkjur, <br \/>eiginmennirnir farist \u00far dreps\u00f3tt <br \/>og \u00e6skumenn \u00feeirra falli fyrir sver\u00f0i \u00ed orrustu.<br \/> <\/span> <span class=\"ljodatexti\"> <a name=\"22\"><span class=\"versanumer_ljod\">22<\/span><\/a> L\u00e1ttu ney\u00f0ar\u00f3p heyrast \u00far h\u00fasum \u00feeirra <br \/>\u00feegar \u00fe\u00fa sendir r\u00e1nsflokka gegn \u00feeim a\u00f0 \u00f3v\u00f6rum <br \/>\u00fev\u00ed a\u00f0 \u00feeir hafa grafi\u00f0 gryfju til a\u00f0 vei\u00f0a mig \u00ed <br \/>og lagt sn\u00f6rur fyrir f\u00e6tur m\u00edna.<br \/> <\/span> <span class=\"ljodatexti\"> <a name=\"23\"><span class=\"versanumer_ljod\">23<\/span><\/a> En \u00fe\u00fa, Drottinn, veist um \u00f6ll \u00feeirra fj\u00f6rr\u00e1\u00f0 gegn m\u00e9r. <br \/>Fyrirgef\u00f0u ekki gl\u00e6p \u00feeirra, <br \/>afm\u00e1\u00f0u ekki synd \u00feeirra. <br \/>L\u00e1ttu \u00fe\u00e1 hrasa frammi fyrir augliti \u00fe\u00ednu, <br \/>haf\u00f0u afskipti af \u00feeim \u00e1 me\u00f0an \u00fe\u00fa ert rei\u00f0ur. <\/span> <\/p>\n","protected":false},"excerpt":{"rendered":"<p>Jerem\u00eda og leirkerasmi\u00f0urinn 1 Or\u00f0i\u00f0 sem kom til Jerem\u00eda fr\u00e1 Drottni: 2 Far\u00f0u n\u00fa ni\u00f0ur \u00ed h\u00fas leirkerasmi\u00f0sins. \u00dear mun \u00e9g l\u00e1ta \u00feig heyra or\u00f0 m\u00edn. 3 \u00c9g gekk \u00fev\u00ed ni\u00f0ur til h\u00fass leirkerasmi\u00f0sins einmitt \u00feegar hann var a\u00f0 vinna vi\u00f0 hj\u00f3li\u00f0. 4 Mist\u00e6kist keri\u00f0, sem hann var a\u00f0 m\u00f3ta \u00far leirnum, bj\u00f3 hann til n\u00fdtt ker eftir \u00fev\u00ed sem honum s\u00fdndist best. 5 \u00de\u00e1 kom or\u00f0 Drottins til m\u00edn: 6 Get \u00e9g ekki fari\u00f0 me\u00f0 y\u00f0ur, \u00cdsraelsmenn, eins og \u00feessi leirkerasmi\u00f0ur gerir? segir Drottinn. \u00de\u00e9r eru\u00f0 \u00ed hendi minni, \u00cdsraelsmenn, eins og leirinn \u00ed hendi leirkerasmi\u00f0sins. 7 Stundum h\u00f3ta <a href=\"https:\/\/biblian.is\/biblian\/jeremia-18-kafli\/\"> [&#8230;]<\/a><\/p>\n","protected":false},"author":1,"featured_media":0,"parent":0,"menu_order":0,"comment_status":"open","ping_status":"open","template":"bibliukaflar_NT.php","meta":{"footnotes":""},"class_list":["post-2380","page","type-page","status-publish","hentry"],"_links":{"self":[{"href":"https:\/\/biblian.is\/biblian\/wp-json\/wp\/v2\/pages\/2380","targetHints":{"allow":["GET"]}}],"collection":[{"href":"https:\/\/biblian.is\/biblian\/wp-json\/wp\/v2\/pages"}],"about":[{"href":"https:\/\/biblian.is\/biblian\/wp-json\/wp\/v2\/types\/page"}],"author":[{"embeddable":true,"href":"https:\/\/biblian.is\/biblian\/wp-json\/wp\/v2\/users\/1"}],"replies":[{"embeddable":true,"href":"https:\/\/biblian.is\/biblian\/wp-json\/wp\/v2\/comments?post=2380"}],"version-history":[{"count":0,"href":"https:\/\/biblian.is\/biblian\/wp-json\/wp\/v2\/pages\/2380\/revisions"}],"wp:attachment":[{"href":"https:\/\/biblian.is\/biblian\/wp-json\/wp\/v2\/media?parent=2380"}],"curies":[{"name":"wp","href":"https:\/\/api.w.org\/{rel}","templated":true}]}}