{"id":2375,"date":"2017-12-30T21:02:52","date_gmt":"2017-12-30T21:02:52","guid":{"rendered":"http:\/\/biblian.is\/biblian\/jerem%c2%92a-13-kafli\/"},"modified":"2024-07-03T12:50:05","modified_gmt":"2024-07-03T12:50:05","slug":"jeremia-13-kafli","status":"publish","type":"page","link":"https:\/\/biblian.is\/biblian\/jeremia-13-kafli\/","title":{"rendered":"Jerem\u00eda 13. kafli"},"content":{"rendered":"<h3 class=\"millifyrirsogn_2007\"> L\u00ednbelti\u00f0<\/h3>\n<p><a name=\"1\"><span class=\"versanumer_2007\">1<\/span><\/a> Drottinn sag\u00f0i vi\u00f0 mig: Far\u00f0u og kauptu \u00fe\u00e9r l\u00ednbelti, hn\u00fdttu \u00fea\u00f0 um lendar \u00fe\u00e9r en l\u00e1ttu \u00fea\u00f0 ekki koma \u00ed vatn. <br \/> <a name=\"2\"><span class=\"versanumer_2007\">2<\/span><\/a> \u00c9g keypti \u00fe\u00e1 belti\u00f0 samkv\u00e6mt bo\u00f0i Drottins og hn\u00fdtti \u00fea\u00f0 um lendar m\u00e9r.<br \/> <a name=\"3\"><span class=\"versanumer_2007\">3<\/span><\/a> \u00de\u00e1 kom or\u00f0 Drottins aftur til m\u00edn: <a name=\"4\"><span class=\"versanumer_2007\">4<\/span><\/a> Taktu belti\u00f0 sem \u00fe\u00fa keyptir og \u00fe\u00fa hefur um lendar \u00fe\u00e9r, haltu af sta\u00f0 austur a\u00f0 Efrat. \u00dear skaltu fela \u00fea\u00f0 \u00ed klettaskoru.<br \/> <a name=\"5\"><span class=\"versanumer_2007\">5<\/span><\/a> \u00c9g f\u00f3r \u00fe\u00e1 og faldi \u00fea\u00f0 vi\u00f0 Efrat eins og Drottinn haf\u00f0i skipa\u00f0 m\u00e9r.<br \/> <a name=\"6\"><span class=\"versanumer_2007\">6<\/span><\/a> L\u00f6ngu s\u00ed\u00f0ar bar svo vi\u00f0 a\u00f0 Drottinn sag\u00f0i vi\u00f0 mig: Haltu af sta\u00f0 austur a\u00f0 Efrat og s\u00e6ktu belti\u00f0 sem \u00e9g skipa\u00f0i \u00fe\u00e9r a\u00f0 fela \u00fear.<br \/> <a name=\"7\"><span class=\"versanumer_2007\">7<\/span><\/a> \u00c9g f\u00f3r \u00fe\u00e1 austur a\u00f0 Efrat, leita\u00f0i a\u00f0 beltinu og t\u00f3k \u00fea\u00f0 \u00fear sem \u00e9g haf\u00f0i fali\u00f0 \u00fea\u00f0. En \u00fe\u00e1 kom \u00ed lj\u00f3s a\u00f0 belti\u00f0 var \u00f3noth\u00e6ft me\u00f0 \u00f6llu.<br \/> <a name=\"8\"><span class=\"versanumer_2007\">8<\/span><\/a> \u00de\u00e1 kom or\u00f0 Drottins til m\u00edn: <a name=\"9\"><span class=\"versanumer_2007\">9<\/span><\/a> Svo segir Drottinn: \u00deannig mun \u00e9g ey\u00f0a stolti J\u00fada og stolti Jer\u00fasalem \u00fe\u00f3 a\u00f0 miki\u00f0 s\u00e9. <a name=\"10\"><span class=\"versanumer_2007\">10<\/span><\/a> \u00deessi illa \u00fej\u00f3\u00f0 neitar a\u00f0 hl\u00fd\u00f0a \u00e1 bo\u00f0 m\u00edn. \u00deeir fylgja \u00ferj\u00f3sku eigin hjarta og elta framandi gu\u00f0i, \u00fej\u00f3na \u00feeim og d\u00fdrka. \u00dev\u00ed fer fyrir \u00feeim eins og \u00feessu belti sem er me\u00f0 \u00f6llu \u00f3noth\u00e6ft. <a name=\"11\"><span class=\"versanumer_2007\">11<\/span><\/a> Eins og belti\u00f0 lagar sig a\u00f0 lendum mannsins haf\u00f0i \u00e9g laga\u00f0 alla \u00cdsraelsmenn og J\u00fadamenn a\u00f0 m\u00e9r, segir Drottinn. \u00deeir \u00e1ttu a\u00f0 vera minn l\u00fd\u00f0ur, m\u00e9r til fr\u00e6g\u00f0ar, lofst\u00edrs og pr\u00fd\u00f0i en \u00feeir hl\u00fdddu ekki.<\/p>\n<h3 class=\"millifyrirsogn_2007\">V\u00ednkerin<\/h3>\n<p><a name=\"12\"><span class=\"versanumer_2007\">12<\/span><\/a> Seg\u00f0u vi\u00f0 \u00fe\u00e1: Svo segir Drottinn, Gu\u00f0 \u00cdsraels: \u201eHvert v\u00ednker ver\u00f0ur fyllt v\u00edni.\u201c Ef \u00feeir \u00fe\u00e1 svara \u00fe\u00e9r: \u201eVitum v\u00e9r ekki sj\u00e1lfir a\u00f0 \u00f6ll v\u00ednker eru fyllt v\u00edni?\u201c <a name=\"13\"><span class=\"versanumer_2007\">13<\/span><\/a> skaltu segja vi\u00f0 \u00fe\u00e1: Svo segir Drottinn: \u00c9g fylli alla \u00edb\u00faa \u00feessa lands svo a\u00f0 \u00feeir ver\u00f0i drukknir, konungana, sem sitja \u00ed h\u00e1s\u00e6ti Dav\u00ed\u00f0s, prestana, sp\u00e1mennina og alla Jer\u00fasalemb\u00faa. <a name=\"14\"><span class=\"versanumer_2007\">14<\/span><\/a> \u00c9g mun mola \u00fe\u00e1 sundur hvern me\u00f0 \u00f6\u00f0rum, fe\u00f0ur me\u00f0 sonum, segir Drottinn. Hvorki sam\u00fa\u00f0, vorkunn n\u00e9 miskunn getur varna\u00f0 \u00fev\u00ed a\u00f0 \u00e9g ey\u00f0i \u00feeim.<\/p>\n<h3 class=\"millifyrirsogn_2007\">Aflei\u00f0ing hrokans<\/h3>\n<p><span class=\"ljodatexti\"> <a name=\"15\"><span class=\"versanumer_ljod\">15<\/span><\/a>Hlusti\u00f0, taki\u00f0 eftir, hreyki\u00f0 y\u00f0ur ekki <br \/>\u00fev\u00ed a\u00f0 Drottinn talar.<br \/> <\/span> <span class=\"ljodatexti\"> <a name=\"16\"><span class=\"versanumer_ljod\">16<\/span><\/a>Gefi\u00f0 Drottni, Gu\u00f0i y\u00f0ar, d\u00fdr\u00f0ina <br \/>\u00e1\u00f0ur en dimmir, <br \/>\u00e1\u00f0ur en y\u00f0ur skrikar f\u00f3tur <br \/>\u00e1 r\u00f6kkvu\u00f0um fj\u00f6llum.<br \/>\u00de\u00e9r v\u00e6nti\u00f0 lj\u00f3ss, <br \/>hann breytir \u00fev\u00ed \u00ed myrkur, <br \/>gerir \u00fea\u00f0 a\u00f0 ni\u00f0dimmu. <br \/> <\/span> <span class=\"ljodatexti\"> <a name=\"17\"><span class=\"versanumer_ljod\">17<\/span><\/a>En ef \u00fe\u00e9r vilji\u00f0 ekki hlusta <br \/>hl\u00fdt \u00e9g a\u00f0 gr\u00e1ta \u00ed leynum yfir hrokanum. <br \/>T\u00e1rin streyma af hv\u00f6rmum m\u00ednum <br \/>af \u00fev\u00ed a\u00f0 hj\u00f6r\u00f0 Drottins ver\u00f0ur flutt \u00ed \u00fatleg\u00f0.<br \/> <\/span> <span class=\"ljodatexti\"> <a name=\"18\"><span class=\"versanumer_ljod\">18<\/span><\/a>Seg\u00f0u vi\u00f0 konunginn og konungsm\u00f3\u00f0urina: <br \/>Setjist \u00ed ne\u00f0stu s\u00e6tin<br \/>\u00fev\u00ed a\u00f0 k\u00f3r\u00f3nan gl\u00e6sta <br \/>er fallin af h\u00f6f\u00f0um ykkar.<br \/> <\/span> <span class=\"ljodatexti\"> <a name=\"19\"><span class=\"versanumer_ljod\">19<\/span><\/a>Borgirnar \u00ed Su\u00f0urlandinu eru loka\u00f0ar <br \/>og enginn opnar \u00fe\u00e6r. <br \/>Allir J\u00fadamenn ver\u00f0a fluttir \u00ed \u00fatleg\u00f0, <br \/>allir me\u00f0 t\u00f6lu.<br \/> <\/span> <span class=\"ljodatexti\"> <a name=\"20\"><span class=\"versanumer_ljod\">20<\/span><\/a>Hef upp augu \u00fe\u00edn, <br \/>sj\u00e1\u00f0u \u00fe\u00e1 sem koma \u00far nor\u00f0ri.<br \/>Hvar er hj\u00f6r\u00f0in sem \u00fe\u00e9r var falin, <br \/>hinir v\u00e6nu sau\u00f0ir \u00fe\u00ednir?<br \/> <\/span> <span class=\"ljodatexti\"> <a name=\"21\"><span class=\"versanumer_ljod\">21<\/span><\/a>Hva\u00f0 \u00e6tlar\u00f0u a\u00f0 segja <br \/>\u00feegar vinir \u00fe\u00ednir, sem \u00fe\u00fa hefur la\u00f0a\u00f0 a\u00f0 \u00fe\u00e9r, <br \/>ver\u00f0a settir til a\u00f0 r\u00edkja yfir \u00fe\u00e9r? <br \/>F\u00e6r\u00f0u \u00fe\u00e1 ekki hr\u00ed\u00f0ir eins og kona \u00ed barnsnau\u00f0?<br \/> <\/span> <span class=\"ljodatexti\"> <a name=\"22\"><span class=\"versanumer_ljod\">22<\/span><\/a> Ef \u00fe\u00fa hugsar me\u00f0 sj\u00e1lfri \u00fe\u00e9r: <br \/>Hvers vegna hefur allt \u00feetta duni\u00f0 \u00e1 m\u00e9r? <br \/>skaltu vita a\u00f0 vegna mikillar syndar \u00feinnar <br \/>hefur pilsfaldi \u00fe\u00ednum veri\u00f0 lyft <br \/>og \u00fe\u00e9r nau\u00f0ga\u00f0.<br \/> <\/span> <span class=\"ljodatexti\"> <a name=\"23\"><span class=\"versanumer_ljod\">23<\/span><\/a> Getur N\u00fab\u00eduma\u00f0ur breytt h\u00f6rundslit s\u00ednum <br \/>e\u00f0a pardusd\u00fdr blettum s\u00ednum? <br \/>\u00de\u00e1 geti\u00f0 \u00fe\u00e9r l\u00edka gert gott <br \/>sem hafi\u00f0 vanist a\u00f0 gera illt.<br \/> <\/span> <span class=\"ljodatexti\"> <a name=\"24\"><span class=\"versanumer_ljod\">24<\/span><\/a> \u00c9g mun \u00fev\u00ed dreifa y\u00f0ur eins og str\u00e1um <br \/>sem fj\u00faka undan ey\u00f0imerkurvindinum.<br \/> <\/span> <span class=\"ljodatexti\"> <a name=\"25\"><span class=\"versanumer_ljod\">25<\/span><\/a> \u00dea\u00f0 er hlutskipti \u00feitt, <br \/>launin sem \u00e9g hef skammta\u00f0 \u00fe\u00e9r, segir Drottinn, <br \/>af \u00fev\u00ed a\u00f0 \u00fe\u00fa gleymdir m\u00e9r <br \/>en treystir lygum.<br \/> <\/span> <span class=\"ljodatexti\"> <a name=\"26\"><span class=\"versanumer_ljod\">26<\/span><\/a> N\u00fa lyfti \u00e9g einnig pilsfaldi \u00fe\u00ednum yfir h\u00f6fu\u00f0 \u00fe\u00e9r <br \/>svo a\u00f0 blyg\u00f0un \u00fe\u00edn ver\u00f0i s\u00fdnileg.<br \/> <\/span> <span class=\"ljodatexti\"> <a name=\"27\"><span class=\"versanumer_ljod\">27<\/span><\/a> hj\u00faskaparbrot \u00fe\u00edn, lostavein <br \/>og blyg\u00f0unarlaus h\u00f3rd\u00f3mur. <br \/>\u00c9g hef s\u00e9\u00f0 andstyggilega heg\u00f0un \u00fe\u00edna <br \/>\u00e1 h\u00e6\u00f0unum og \u00e1 sl\u00e9ttunum. <br \/>Vei \u00fe\u00e9r, Jer\u00fasalem, ef \u00fe\u00fa hreinsar \u00feig ekki. <br \/>Hve lengi enn mun \u00feetta vara? <\/span> <\/p>\n","protected":false},"excerpt":{"rendered":"<p>L\u00ednbelti\u00f0 1 Drottinn sag\u00f0i vi\u00f0 mig: Far\u00f0u og kauptu \u00fe\u00e9r l\u00ednbelti, hn\u00fdttu \u00fea\u00f0 um lendar \u00fe\u00e9r en l\u00e1ttu \u00fea\u00f0 ekki koma \u00ed vatn. 2 \u00c9g keypti \u00fe\u00e1 belti\u00f0 samkv\u00e6mt bo\u00f0i Drottins og hn\u00fdtti \u00fea\u00f0 um lendar m\u00e9r. 3 \u00de\u00e1 kom or\u00f0 Drottins aftur til m\u00edn: 4 Taktu belti\u00f0 sem \u00fe\u00fa keyptir og \u00fe\u00fa hefur um lendar \u00fe\u00e9r, haltu af sta\u00f0 austur a\u00f0 Efrat. \u00dear skaltu fela \u00fea\u00f0 \u00ed klettaskoru. 5 \u00c9g f\u00f3r \u00fe\u00e1 og faldi \u00fea\u00f0 vi\u00f0 Efrat eins og Drottinn haf\u00f0i skipa\u00f0 m\u00e9r. 6 L\u00f6ngu s\u00ed\u00f0ar bar svo vi\u00f0 a\u00f0 Drottinn sag\u00f0i vi\u00f0 mig: Haltu af sta\u00f0 austur a\u00f0 <a href=\"https:\/\/biblian.is\/biblian\/jeremia-13-kafli\/\"> [&#8230;]<\/a><\/p>\n","protected":false},"author":1,"featured_media":0,"parent":0,"menu_order":0,"comment_status":"open","ping_status":"open","template":"bibliukaflar_NT.php","meta":{"footnotes":""},"class_list":["post-2375","page","type-page","status-publish","hentry"],"_links":{"self":[{"href":"https:\/\/biblian.is\/biblian\/wp-json\/wp\/v2\/pages\/2375","targetHints":{"allow":["GET"]}}],"collection":[{"href":"https:\/\/biblian.is\/biblian\/wp-json\/wp\/v2\/pages"}],"about":[{"href":"https:\/\/biblian.is\/biblian\/wp-json\/wp\/v2\/types\/page"}],"author":[{"embeddable":true,"href":"https:\/\/biblian.is\/biblian\/wp-json\/wp\/v2\/users\/1"}],"replies":[{"embeddable":true,"href":"https:\/\/biblian.is\/biblian\/wp-json\/wp\/v2\/comments?post=2375"}],"version-history":[{"count":0,"href":"https:\/\/biblian.is\/biblian\/wp-json\/wp\/v2\/pages\/2375\/revisions"}],"wp:attachment":[{"href":"https:\/\/biblian.is\/biblian\/wp-json\/wp\/v2\/media?parent=2375"}],"curies":[{"name":"wp","href":"https:\/\/api.w.org\/{rel}","templated":true}]}}