{"id":2373,"date":"2017-12-30T21:02:52","date_gmt":"2017-12-30T21:02:52","guid":{"rendered":"http:\/\/biblian.is\/biblian\/jerem%c2%92a-11-kafli\/"},"modified":"2024-07-03T12:50:04","modified_gmt":"2024-07-03T12:50:04","slug":"jeremia-11-kafli","status":"publish","type":"page","link":"https:\/\/biblian.is\/biblian\/jeremia-11-kafli\/","title":{"rendered":"Jerem\u00eda 11. kafli"},"content":{"rendered":"<h3 class=\"millifyrirsogn_2007\"> S\u00e1ttm\u00e1linn rofinn<\/h3>\n<p><a name=\"1\"><span class=\"versanumer_2007\">1<\/span><\/a> Or\u00f0i\u00f0 sem kom til Jerem\u00eda fr\u00e1 Drottni: <a name=\"2\"><span class=\"versanumer_2007\">2<\/span><\/a> Heyr \u00e1kv\u00e6\u00f0i \u00feessa s\u00e1ttm\u00e1la og flyttu \u00feau J\u00fadam\u00f6nnum og Jer\u00fasalemb\u00faum. <a name=\"3\"><span class=\"versanumer_2007\">3<\/span><\/a> Seg\u00f0u vi\u00f0 \u00fe\u00e1: Svo segir Drottinn, Gu\u00f0 \u00cdsraels: B\u00f6lva\u00f0ur er s\u00e1 ma\u00f0ur sem ekki hlustar \u00e1 \u00e1kv\u00e6\u00f0i \u00feessa s\u00e1ttm\u00e1la <a name=\"4\"><span class=\"versanumer_2007\">4<\/span><\/a> sem \u00e9g setti fe\u00f0rum y\u00f0ar daginn sem \u00e9g leiddi \u00fe\u00e1 \u00fat \u00far Egyptalandi, \u00fat \u00far j\u00e1rnbr\u00e6\u00f0sluofninum, og sag\u00f0i: Hl\u00fd\u00f0i\u00f0 \u00e1 bo\u00f0 m\u00edn sem \u00e9g setti y\u00f0ur og framfylgi\u00f0 \u00feeim n\u00e1kv\u00e6mlega. \u00de\u00e1 ver\u00f0i\u00f0 \u00fe\u00e9r m\u00edn \u00fej\u00f3\u00f0 og \u00e9g y\u00f0ar Gu\u00f0. <a name=\"5\"><span class=\"versanumer_2007\">5<\/span><\/a> \u00deannig mun \u00e9g halda ei\u00f0inn sem \u00e9g s\u00f3r fe\u00f0rum y\u00f0ar, a\u00f0 gefa \u00feeim land sem fl\u00fdtur \u00ed mj\u00f3lk og hunangi, landi\u00f0 sem \u00fe\u00e9r eigi\u00f0 enn \u00ed dag.<br \/>\u00c9g svara\u00f0i og sag\u00f0i: Svo skal ver\u00f0a, Drottinn.<br \/> <a name=\"6\"><span class=\"versanumer_2007\">6<\/span><\/a> \u00dev\u00ed n\u00e6st sag\u00f0i Drottinn vi\u00f0 mig: Bo\u00f0a\u00f0u \u00f6ll \u00feessi \u00e1kv\u00e6\u00f0i \u00ed borgum \u00ed J\u00fada og \u00e1 g\u00f6tum Jer\u00fasalem: Hlusti\u00f0 \u00e1 \u00e1kv\u00e6\u00f0i \u00feessa s\u00e1ttm\u00e1la og framfylgi\u00f0 \u00feeim. <a name=\"7\"><span class=\"versanumer_2007\">7<\/span><\/a> Fr\u00e1 \u00feeim degi er \u00e9g leiddi fe\u00f0ur y\u00f0ar fr\u00e1 Egyptalandi og til \u00feessa dags hef \u00e9g hva\u00f0 eftir anna\u00f0 br\u00fdnt fyrir y\u00f0ur: Hlusti\u00f0 \u00e1 bo\u00f0 m\u00edn. <a name=\"8\"><span class=\"versanumer_2007\">8<\/span><\/a> En \u00feeir hl\u00fdddu hvorki n\u00e9 hlustu\u00f0u heldur fylgdi hver og einn \u00fever\u00fa\u00f0 s\u00edns illa hjarta. \u00deess vegna hlaut \u00e9g a\u00f0 l\u00e1ta r\u00e6tast \u00e1 \u00feeim \u00f6ll \u00e1kv\u00e6\u00f0i \u00feessa s\u00e1ttm\u00e1la, sem \u00e9g haf\u00f0i bo\u00f0i\u00f0 \u00feeim a\u00f0 framfylgja en \u00feeir ger\u00f0u ekki.<br \/> <a name=\"9\"><span class=\"versanumer_2007\">9<\/span><\/a> Drottinn sag\u00f0i vi\u00f0 mig: J\u00fadamenn og Jer\u00fasalemb\u00faar hafa gert sams\u00e6ri. <a name=\"10\"><span class=\"versanumer_2007\">10<\/span><\/a> \u00deeir hafa sn\u00fai\u00f0 aftur til synda fe\u00f0ra sinna sem ekki vildu hlusta \u00e1 bo\u00f0 m\u00edn. \u00deeir elta framandi gu\u00f0i og \u00fej\u00f3na \u00feeim. \u00c6ttb\u00e1lkar \u00cdsraels og J\u00fada hafa rofi\u00f0 s\u00e1ttm\u00e1la minn, s\u00e1ttm\u00e1lann sem \u00e9g ger\u00f0i vi\u00f0 fe\u00f0ur \u00feeirra.<br \/> <a name=\"11\"><span class=\"versanumer_2007\">11<\/span><\/a> \u00deess vegna segir Drottinn: \u00c9g mun senda \u00f3g\u00e6fu yfir \u00fe\u00e1, sem \u00feeir komast ekki undan. \u00deegar \u00feeir hr\u00f3pa til m\u00edn mun \u00e9g ekki hlusta \u00e1 \u00fe\u00e1. <a name=\"12\"><span class=\"versanumer_2007\">12<\/span><\/a> \u00cdb\u00faarnir \u00ed borgum J\u00fada og Jer\u00fasalem munu fara og hr\u00f3pa til gu\u00f0anna sem \u00feeir f\u00e6ra brennif\u00f3rnir en \u00feeir munu sannarlega ekki hj\u00e1lpa \u00feeim \u00feegar \u00f3g\u00e6fan kemur yfir \u00fe\u00e1. <a name=\"13\"><span class=\"versanumer_2007\">13<\/span><\/a> \u00dev\u00ed a\u00f0 gu\u00f0ir \u00fe\u00ednir, J\u00fada, eru jafnmargir og borgir \u00fe\u00ednar og \u00fe\u00e9r hafi\u00f0 reist sv\u00edvir\u00f0ingunni jafnm\u00f6rg \u00f6lturu og g\u00f6turnar eru \u00ed Jer\u00fasalem \u00fear sem \u00fe\u00e9r kveiki\u00f0 f\u00f3rnareld handa Baal.<br \/> <a name=\"14\"><span class=\"versanumer_2007\">14<\/span><\/a> \u00de\u00fa skalt ekki bi\u00f0ja fyrir \u00feessu f\u00f3lki og ekki hefja upp harmakvein e\u00f0a fyrirb\u00e6n, \u00fev\u00ed a\u00f0 \u00e9g mun ekki hlusta \u00feegar \u00fea\u00f0 hr\u00f3par til m\u00edn vegna \u00f3g\u00e6funnar. <\/p>\n<h3 class=\"millifyrirsogn_2007\">R\u00f6ng f\u00f3rnar\u00fej\u00f3nusta<\/h3>\n<p><span class=\"ljodatexti\"> <a name=\"15\"><span class=\"versanumer_ljod\">15<\/span><\/a>Hva\u00f0 vill \u00e1stvinur minn \u00ed h\u00fas mitt? <br \/>Hann hefur sviki\u00f0 mig. <br \/>Geta lofor\u00f0 og heilagt f\u00f3rnarkj\u00f6t <br \/>b\u00e6gt fr\u00e1 \u00fe\u00e9r b\u00f6linu <br \/>svo a\u00f0 \u00fe\u00fa getir fagna\u00f0? <br \/> <\/span> <span class=\"ljodatexti\"> <a name=\"16\"><span class=\"versanumer_ljod\">16<\/span><\/a>Drottinn kalla\u00f0i \u00feig \u00f3l\u00edfutr\u00e9, <br \/>laufga\u00f0 og fagurt. <br \/>N\u00fa kviknar eldur \u00ed laufi \u00feess me\u00f0 miklum gn\u00fd <br \/>og ey\u00f0ir greinum \u00feess. <\/span> <br \/> <a name=\"17\"><span class=\"versanumer_2007\">17<\/span><\/a> Drottinn hersveitanna, sem gr\u00f3\u00f0ursetti \u00feig, \u00f3gna\u00f0i \u00fe\u00e9r me\u00f0 \u00f3g\u00e6fu vegna \u00feeirrar illsku sem kynkv\u00edslir \u00cdsraels og J\u00fada s\u00fdndu \u00feegar \u00fe\u00e6r v\u00f6ktu rei\u00f0i m\u00edna me\u00f0 \u00fev\u00ed a\u00f0 kveikja f\u00f3rnareld fyrir Baal.<\/p>\n<h3 class=\"millifyrirsogn_2007\">Jerem\u00eda \u00ed l\u00edfsh\u00e6ttu \u00ed Anat\u00f3t<\/h3>\n<p><a name=\"18\"><span class=\"versanumer_2007\">18<\/span><\/a> Drottinn sk\u00fdr\u00f0i m\u00e9r fr\u00e1 \u00fev\u00ed svo a\u00f0 \u00e9g vissi \u00fea\u00f0. \u00de\u00fa ger\u00f0ir m\u00e9r lj\u00f3st hva\u00f0 \u00feeir h\u00f6f\u00f0u fyrir stafni. <a name=\"19\"><span class=\"versanumer_2007\">19<\/span><\/a> Sj\u00e1lfur var \u00e9g eins og grunlaust lamb sem er leitt til sl\u00e1trunar. \u00c9g skildi ekki a\u00f0 \u00feeir bruggu\u00f0u r\u00e1\u00f0 gegn m\u00e9r: \u201eV\u00e9r skulum ey\u00f0a tr\u00e9nu \u00ed bl\u00f3ma \u00feess. V\u00e9r skulum ey\u00f0a honum \u00far landi lifenda svo a\u00f0 nafns hans ver\u00f0i ekki minnst framar.\u201c<br \/> <span class=\"ljodatexti\"> <a name=\"20\"><span class=\"versanumer_ljod\">20<\/span><\/a>Drottinn hersveitanna, r\u00e9ttl\u00e1ti d\u00f3mari, <br \/>\u00fe\u00fa sem rannsakar hjarta og n\u00fdru, <br \/>s\u00fdndu m\u00e9r hefnd \u00fe\u00edna \u00e1 \u00feeim. <br \/>\u00c9g fel \u00fe\u00e9r m\u00e1lefni mitt. <\/span> <br \/> <a name=\"21\"><span class=\"versanumer_2007\">21<\/span><\/a> \u00dev\u00ed bo\u00f0ar Drottinn \u00feetta gegn Anat\u00f3tb\u00faum sem s\u00e6kjast eftir l\u00edfi m\u00ednu og segja: \u201e\u00de\u00fa m\u00e1tt ekki starfa sem sp\u00e1ma\u00f0ur \u00ed nafni Drottins, \u00fe\u00e1 muntu deyja fyrir hendi vorri.\u201c <a name=\"22\"><span class=\"versanumer_2007\">22<\/span><\/a> \u00deess vegna segir Drottinn hersveitanna: N\u00fa dreg \u00e9g y\u00f0ur til \u00e1byrg\u00f0ar. Ungir menn munu falla fyrir sver\u00f0i, synir \u00feeirra og d\u00e6tur munu deyja \u00far hungri. <a name=\"23\"><span class=\"versanumer_2007\">23<\/span><\/a> Enginn \u00feeirra ver\u00f0ur eftir \u00fev\u00ed a\u00f0 \u00e9g sendi \u00f3g\u00e6fu yfir Anat\u00f3tb\u00faa \u00e1ri\u00f0 sem \u00feeir ver\u00f0a dregnir til \u00e1byrg\u00f0ar.<\/p>\n","protected":false},"excerpt":{"rendered":"<p>S\u00e1ttm\u00e1linn rofinn 1 Or\u00f0i\u00f0 sem kom til Jerem\u00eda fr\u00e1 Drottni: 2 Heyr \u00e1kv\u00e6\u00f0i \u00feessa s\u00e1ttm\u00e1la og flyttu \u00feau J\u00fadam\u00f6nnum og Jer\u00fasalemb\u00faum. 3 Seg\u00f0u vi\u00f0 \u00fe\u00e1: Svo segir Drottinn, Gu\u00f0 \u00cdsraels: B\u00f6lva\u00f0ur er s\u00e1 ma\u00f0ur sem ekki hlustar \u00e1 \u00e1kv\u00e6\u00f0i \u00feessa s\u00e1ttm\u00e1la 4 sem \u00e9g setti fe\u00f0rum y\u00f0ar daginn sem \u00e9g leiddi \u00fe\u00e1 \u00fat \u00far Egyptalandi, \u00fat \u00far j\u00e1rnbr\u00e6\u00f0sluofninum, og sag\u00f0i: Hl\u00fd\u00f0i\u00f0 \u00e1 bo\u00f0 m\u00edn sem \u00e9g setti y\u00f0ur og framfylgi\u00f0 \u00feeim n\u00e1kv\u00e6mlega. \u00de\u00e1 ver\u00f0i\u00f0 \u00fe\u00e9r m\u00edn \u00fej\u00f3\u00f0 og \u00e9g y\u00f0ar Gu\u00f0. 5 \u00deannig mun \u00e9g halda ei\u00f0inn sem \u00e9g s\u00f3r fe\u00f0rum y\u00f0ar, a\u00f0 gefa \u00feeim land sem fl\u00fdtur \u00ed mj\u00f3lk <a href=\"https:\/\/biblian.is\/biblian\/jeremia-11-kafli\/\"> [&#8230;]<\/a><\/p>\n","protected":false},"author":1,"featured_media":0,"parent":0,"menu_order":0,"comment_status":"open","ping_status":"open","template":"bibliukaflar_NT.php","meta":{"footnotes":""},"class_list":["post-2373","page","type-page","status-publish","hentry"],"_links":{"self":[{"href":"https:\/\/biblian.is\/biblian\/wp-json\/wp\/v2\/pages\/2373","targetHints":{"allow":["GET"]}}],"collection":[{"href":"https:\/\/biblian.is\/biblian\/wp-json\/wp\/v2\/pages"}],"about":[{"href":"https:\/\/biblian.is\/biblian\/wp-json\/wp\/v2\/types\/page"}],"author":[{"embeddable":true,"href":"https:\/\/biblian.is\/biblian\/wp-json\/wp\/v2\/users\/1"}],"replies":[{"embeddable":true,"href":"https:\/\/biblian.is\/biblian\/wp-json\/wp\/v2\/comments?post=2373"}],"version-history":[{"count":0,"href":"https:\/\/biblian.is\/biblian\/wp-json\/wp\/v2\/pages\/2373\/revisions"}],"wp:attachment":[{"href":"https:\/\/biblian.is\/biblian\/wp-json\/wp\/v2\/media?parent=2373"}],"curies":[{"name":"wp","href":"https:\/\/api.w.org\/{rel}","templated":true}]}}