{"id":2372,"date":"2017-12-30T21:02:52","date_gmt":"2017-12-30T21:02:52","guid":{"rendered":"http:\/\/biblian.is\/biblian\/jerem%c2%92a-10-kafli\/"},"modified":"2024-07-03T12:50:04","modified_gmt":"2024-07-03T12:50:04","slug":"jeremia-10-kafli","status":"publish","type":"page","link":"https:\/\/biblian.is\/biblian\/jeremia-10-kafli\/","title":{"rendered":"Jerem\u00eda 10. kafli"},"content":{"rendered":"<h3 class=\"millifyrirsogn_2007\"> Drottinn og skur\u00f0go\u00f0in<\/h3>\n<p><a name=\"1\"><span class=\"versanumer_2007\">1<\/span><\/a> Hlusti\u00f0 \u00e1 or\u00f0in sem Drottinn talar til y\u00f0ar, \u00cdsraels \u00e6tt. <br \/> <span class=\"ljodatexti\"> <a name=\"2\"><span class=\"versanumer_ljod\">2<\/span><\/a>Svo segir Drottinn: <br \/> <\/span> <span class=\"ljodatexti\"> <a name=\"3\"><span class=\"versanumer_ljod\">3<\/span><\/a>\u00dev\u00ed a\u00f0 \u00fea\u00f0 sem a\u00f0rar \u00fej\u00f3\u00f0ir \u00f3ttast er a\u00f0eins vindgustur,<br \/>a\u00f0eins trj\u00e1stofn h\u00f6ggvinn \u00ed sk\u00f3gi,<br \/>handaverk hagleiksmanna gert me\u00f0 eggj\u00e1rni,<br \/> <\/span> <span class=\"ljodatexti\"> <a name=\"4\"><span class=\"versanumer_ljod\">4<\/span><\/a>skreytt silfri og gulli,<br \/>fest me\u00f0 n\u00f6glum og hamri<br \/>svo \u00fea\u00f0 velti ekki um koll. <br \/> <\/span> <span class=\"ljodatexti\"> <a name=\"5\"><span class=\"versanumer_ljod\">5<\/span><\/a>Gu\u00f0amyndirnar eru eins og fuglahr\u00e6\u00f0ur \u00ed mel\u00f3nugar\u00f0i. <br \/>\u00de\u00e6r geta ekki tala\u00f0, <br \/>\u00fe\u00e6r \u00fearf a\u00f0 bera \u00fev\u00ed a\u00f0 \u00fe\u00e6r geta ekki gengi\u00f0. <br \/>\u00d3ttist \u00fe\u00e6r ekki. \u00de\u00e6r geta ekki gert neitt illt <br \/>og \u00fe\u00e6r geta ekki heldur gert neitt gott.<br \/> <\/span> <span class=\"ljodatexti\"> <a name=\"6\"><span class=\"versanumer_ljod\">6<\/span><\/a>Enginn er sem \u00fe\u00fa, Drottinn. <br \/>Voldugur ert \u00fe\u00fa <br \/>og mikill er m\u00e1ttur nafns \u00fe\u00edns.<br \/> <\/span> <span class=\"ljodatexti\"> <a name=\"7\"><span class=\"versanumer_ljod\">7<\/span><\/a>Hver skyldi ekki \u00f3ttast \u00feig, <br \/>konungur \u00fej\u00f3\u00f0anna? <br \/>\u00de\u00fa ert \u00feess maklegur<br \/>\u00fev\u00ed a\u00f0 me\u00f0al allra spekinga \u00fej\u00f3\u00f0anna <br \/>og \u00ed \u00f6llum r\u00edkjum \u00feeirra er enginn \u00feinn l\u00edki.<br \/> <\/span> <span class=\"ljodatexti\"> <a name=\"8\"><span class=\"versanumer_ljod\">8<\/span><\/a>Allir sem einn eru \u00feeir heimskir og f\u00e1v\u00edsir, <br \/>\u00e1minningar \u00feeirra eru merkingarlausar.<br \/> <\/span> <span class=\"ljodatexti\"> <a name=\"9\"><span class=\"versanumer_ljod\">9<\/span><\/a>\u00deeir eru \u00far h\u00f6mru\u00f0u silfri, fluttu fr\u00e1 Tarsis, <br \/>og gulli fr\u00e1 \u00dafas, <br \/>verk handverksmanna og gullsmi\u00f0a, <br \/>kl\u00e6\u00f0i \u00feeirra \u00far bl\u00e1um og rau\u00f0um purpura,<br \/>allir eru \u00feeir handaverk v\u00f6lunda. <br \/> <\/span> <span class=\"ljodatexti\"> <a name=\"10\"><span class=\"versanumer_ljod\">10<\/span><\/a>En Drottinn er hinn sanni Gu\u00f0, <br \/>hann er lifandi Gu\u00f0 og eil\u00edfur konungur. <br \/>J\u00f6r\u00f0in skelfur fyrir heift hans <br \/>og \u00fej\u00f3\u00f0irnar standast ekki rei\u00f0i hans.<br \/> <\/span> <span class=\"ljodatexti\"> <a name=\"11\"><span class=\"versanumer_ljod\">11<\/span><\/a>Um \u00fe\u00e1 skulu\u00f0 \u00fe\u00e9r segja:<br \/>Gu\u00f0um, sem hvorki hafa gert himin n\u00e9 j\u00f6r\u00f0, <br \/>ver\u00f0ur eytt af j\u00f6r\u00f0inni og undan himninum.<br \/> <\/span> <span class=\"ljodatexti\"> <a name=\"12\"><span class=\"versanumer_ljod\">12<\/span><\/a>S\u00e1 sem skapa\u00f0i j\u00f6r\u00f0ina me\u00f0 krafti s\u00ednum, <br \/>lag\u00f0i grunn heimsins me\u00f0 speki sinni <br \/>og \u00feandi \u00fat himininn me\u00f0 \u00feekkingu sinni.<br \/> <\/span> <span class=\"ljodatexti\"> <a name=\"13\"><span class=\"versanumer_ljod\">13<\/span><\/a>\u00deegar hann l\u00e6tur r\u00f6dd s\u00edna \u00feruma <br \/>heyrist gn\u00fdr vatna \u00ed himninum, <br \/>hann sendir sk\u00fd upp fr\u00e1 endim\u00f6rkum jar\u00f0ar <br \/>og l\u00e6tur eldingar leiftra \u00ed regninu, <br \/>hann hleypir vindinum \u00fat \u00far geymslum hans.<br \/> <\/span> <span class=\"ljodatexti\"> <a name=\"14\"><span class=\"versanumer_ljod\">14<\/span><\/a>S\u00e9rhver ma\u00f0ur ver\u00f0ur skilningsvana gl\u00f3pur, <br \/>hver gullsmi\u00f0ur mun skammast s\u00edn fyrir gu\u00f0amyndirnar <br \/>\u00fev\u00ed a\u00f0 \u00fea\u00f0 sem hann steypir er blekking, <br \/>\u00fe\u00e6r hafa ekki l\u00edfsanda.<br \/> <\/span> <span class=\"ljodatexti\"> <a name=\"15\"><span class=\"versanumer_ljod\">15<\/span><\/a>\u00de\u00e6r eru a\u00f0eins vindgustur, <br \/>hl\u00e6gilegar og einskis n\u00fdtar. <br \/>\u00deegar t\u00edmi uppgj\u00f6rsins kemur farast \u00fe\u00e6r.<br \/> <\/span> <span class=\"ljodatexti\"> <a name=\"16\"><span class=\"versanumer_ljod\">16<\/span><\/a>Hann sem er hlutskipti Jakobs <br \/>er ekki l\u00edkur \u00feeim <br \/>\u00fev\u00ed a\u00f0 hann hefur skapa\u00f0 allt <br \/>og \u00cdsrael er \u00e6ttkv\u00edslin sem er eign hans, <br \/>Drottinn hersveitanna er nafn hans. <\/span> <\/p>\n<h3 class=\"millifyrirsogn_2007\">\u00datleg\u00f0 yfirvofandi<\/h3>\n<p><span class=\"ljodatexti\"> <a name=\"17\"><span class=\"versanumer_ljod\">17<\/span><\/a>Taktu f\u00f6ggur \u00fe\u00ednar upp af j\u00f6r\u00f0inni, <br \/>\u00fe\u00fa sem b\u00fdr\u00f0 \u00ed umsetinni borg.<br \/> <\/span> <span class=\"ljodatexti\"> <a name=\"18\"><span class=\"versanumer_ljod\">18<\/span><\/a>\u00dev\u00ed a\u00f0 Drottinn segir: <br \/>\u00cd \u00feetta skipti varpa \u00e9g \u00edb\u00faum landsins \u00ed burtu. <br \/>\u00c9g mun \u00ferengja svo mj\u00f6g a\u00f0 \u00feeim <br \/>a\u00f0 \u00feeir finni mig.<br \/> <\/span> <span class=\"ljodatexti\"> <a name=\"19\"><span class=\"versanumer_ljod\">19<\/span><\/a>Vei m\u00e9r, \u00fejaka\u00f0ur er \u00e9g, <br \/>s\u00e1r mitt er \u00f3l\u00e6knandi.<br \/>\u00c9g hugsa\u00f0i: \u201e\u00deetta er sj\u00fakd\u00f3mur, <br \/>\u00e9g skal bera hann.\u201c<br \/> <\/span> <span class=\"ljodatexti\"> <a name=\"20\"><span class=\"versanumer_ljod\">20<\/span><\/a>Tjald mitt hefur veri\u00f0 jafna\u00f0 vi\u00f0 j\u00f6r\u00f0u, <br \/>\u00f6ll st\u00f6gin eru slitin, <br \/>b\u00f6rn m\u00edn hafa yfirgefi\u00f0 mig, <br \/>\u00feau eru h\u00e9r ekki lengur. <br \/>Enginn reisir tjald mitt aftur <br \/>og \u00feenur \u00fat tjaldd\u00fakinn.<br \/> <\/span> <span class=\"ljodatexti\"> <a name=\"21\"><span class=\"versanumer_ljod\">21<\/span><\/a>\u00dear sem hir\u00f0arnir voru heimskingjar <br \/>og leitu\u00f0u ekki til Drottins <br \/>l\u00e1na\u00f0ist \u00feeim ekkert<br \/>og \u00f6ll hj\u00f6r\u00f0 \u00feeirra tv\u00edstra\u00f0ist.<br \/> <\/span> <span class=\"ljodatexti\"> <a name=\"22\"><span class=\"versanumer_ljod\">22<\/span><\/a> Hlusti\u00f0. Fr\u00e9ttir voru a\u00f0 berast. <br \/>Mikill gn\u00fdr berst fr\u00e1 landinu \u00ed nor\u00f0ri, <br \/>borgirnar \u00ed J\u00fada ver\u00f0a jafna\u00f0ar vi\u00f0 j\u00f6r\u00f0, <br \/>\u00fe\u00e6r ver\u00f0a sjakalab\u00e6li. <\/span> <\/p>\n<h3 class=\"millifyrirsogn_2007\">B\u00e6n Jerem\u00eda<\/h3>\n<p><span class=\"ljodatexti\"> <a name=\"23\"><span class=\"versanumer_ljod\">23<\/span><\/a> \u00c9g veit, Drottinn, <br \/>a\u00f0 enginn ma\u00f0ur r\u00e6\u00f0ur f\u00f6r sinni, <br \/>enginn st\u00fdrir skrefum s\u00ednum \u00e1 g\u00f6ngunni.<br \/> <\/span> <span class=\"ljodatexti\"> <a name=\"24\"><span class=\"versanumer_ljod\">24<\/span><\/a> Refsa m\u00e9r, Drottinn, en \u00fe\u00f3 \u00ed h\u00f3fi, <br \/>ekki \u00ed rei\u00f0i, svo a\u00f0 \u00fe\u00fa uppr\u00e6tir mig ekki.<br \/> <\/span> <span class=\"ljodatexti\"> <a name=\"25\"><span class=\"versanumer_ljod\">25<\/span><\/a> \u00dathelltu rei\u00f0i \u00feinni yfir \u00fej\u00f3\u00f0irnar <br \/>sem \u00feekkja \u00feig ekki <br \/>og yfir \u00fe\u00e6r kynkv\u00edslir <br \/>sem ekki \u00e1kalla nafn \u00feitt <br \/>\u00fev\u00ed a\u00f0 \u00fe\u00e6r hafa gleypt Jakob og eytt honum <br \/>og lagt beitil\u00f6nd hans \u00ed au\u00f0n. <\/span> <\/p>\n","protected":false},"excerpt":{"rendered":"<p>Drottinn og skur\u00f0go\u00f0in 1 Hlusti\u00f0 \u00e1 or\u00f0in sem Drottinn talar til y\u00f0ar, \u00cdsraels \u00e6tt. 2Svo segir Drottinn: 3\u00dev\u00ed a\u00f0 \u00fea\u00f0 sem a\u00f0rar \u00fej\u00f3\u00f0ir \u00f3ttast er a\u00f0eins vindgustur,a\u00f0eins trj\u00e1stofn h\u00f6ggvinn \u00ed sk\u00f3gi,handaverk hagleiksmanna gert me\u00f0 eggj\u00e1rni, 4skreytt silfri og gulli,fest me\u00f0 n\u00f6glum og hamrisvo \u00fea\u00f0 velti ekki um koll. 5Gu\u00f0amyndirnar eru eins og fuglahr\u00e6\u00f0ur \u00ed mel\u00f3nugar\u00f0i. \u00de\u00e6r geta ekki tala\u00f0, \u00fe\u00e6r \u00fearf a\u00f0 bera \u00fev\u00ed a\u00f0 \u00fe\u00e6r geta ekki gengi\u00f0. \u00d3ttist \u00fe\u00e6r ekki. \u00de\u00e6r geta ekki gert neitt illt og \u00fe\u00e6r geta ekki heldur gert neitt gott. 6Enginn er sem \u00fe\u00fa, Drottinn. Voldugur ert \u00fe\u00fa og mikill er m\u00e1ttur nafns \u00fe\u00edns. <a href=\"https:\/\/biblian.is\/biblian\/jeremia-10-kafli\/\"> [&#8230;]<\/a><\/p>\n","protected":false},"author":1,"featured_media":0,"parent":0,"menu_order":0,"comment_status":"open","ping_status":"open","template":"bibliukaflar_NT.php","meta":{"footnotes":""},"class_list":["post-2372","page","type-page","status-publish","hentry"],"_links":{"self":[{"href":"https:\/\/biblian.is\/biblian\/wp-json\/wp\/v2\/pages\/2372","targetHints":{"allow":["GET"]}}],"collection":[{"href":"https:\/\/biblian.is\/biblian\/wp-json\/wp\/v2\/pages"}],"about":[{"href":"https:\/\/biblian.is\/biblian\/wp-json\/wp\/v2\/types\/page"}],"author":[{"embeddable":true,"href":"https:\/\/biblian.is\/biblian\/wp-json\/wp\/v2\/users\/1"}],"replies":[{"embeddable":true,"href":"https:\/\/biblian.is\/biblian\/wp-json\/wp\/v2\/comments?post=2372"}],"version-history":[{"count":0,"href":"https:\/\/biblian.is\/biblian\/wp-json\/wp\/v2\/pages\/2372\/revisions"}],"wp:attachment":[{"href":"https:\/\/biblian.is\/biblian\/wp-json\/wp\/v2\/media?parent=2372"}],"curies":[{"name":"wp","href":"https:\/\/api.w.org\/{rel}","templated":true}]}}