{"id":2366,"date":"2017-12-30T21:02:52","date_gmt":"2017-12-30T21:02:52","guid":{"rendered":"http:\/\/biblian.is\/biblian\/jerem%c2%92a-4-kafli\/"},"modified":"2024-07-03T12:50:11","modified_gmt":"2024-07-03T12:50:11","slug":"jeremia-4-kafli","status":"publish","type":"page","link":"https:\/\/biblian.is\/biblian\/jeremia-4-kafli\/","title":{"rendered":"Jerem\u00eda 4. kafli"},"content":{"rendered":"<p><span class=\"ljodatexti\"> <a name=\"1\"><span class=\"versanumer_ljod\">1<\/span><\/a>Ef \u00fe\u00fa sn\u00fdr\u00f0 aftur, \u00cdsrael, segir Drottinn, <br \/>skaltu sn\u00faa aftur til m\u00edn. <br \/>Ef \u00fe\u00fa losar \u00feig vi\u00f0 vi\u00f0urstyggilega gu\u00f0i \u00fe\u00edna <br \/>og fer\u00f0 ekki lengur villur vega <br \/>\u00fearftu ekki a\u00f0 fl\u00fdja mig, <br \/> <\/span> <span class=\"ljodatexti\"> <a name=\"2\"><span class=\"versanumer_ljod\">2<\/span><\/a>ef \u00fe\u00fa sver\u00f0 \u00ed einl\u00e6gni, r\u00e9tt og r\u00e9ttv\u00edslega:<br \/>\u201eSvo sannarlega sem Drottinn lifir,\u201c <br \/>munu \u00fej\u00f3\u00f0irnar nj\u00f3ta blessunar hans <br \/>og hr\u00f3sa s\u00e9r af honum. <br \/> <\/span> <span class=\"ljodatexti\"> <a name=\"3\"><span class=\"versanumer_ljod\">3<\/span><\/a>\u00dev\u00ed a\u00f0 svo segir Drottinn <br \/>vi\u00f0 J\u00fadamenn og Jer\u00fasalemb\u00faa: <br \/>Brj\u00f3ti\u00f0 n\u00fdtt land, <br \/>s\u00e1i\u00f0 ekki me\u00f0al \u00feyrna. <br \/> <\/span> <span class=\"ljodatexti\"> <a name=\"4\"><span class=\"versanumer_ljod\">4<\/span><\/a>Umskeri\u00f0 y\u00f0ur fyrir Drottni, <br \/>fjarl\u00e6gi\u00f0 yfirh\u00fa\u00f0 hjartna y\u00f0ar, <br \/>\u00fe\u00e9r J\u00fadamenn og Jer\u00fasalemb\u00faar. <br \/>Annars br\u00fdst rei\u00f0i m\u00edn \u00fat sem logandi eldur, <br \/>b\u00e1l sem enginn getur sl\u00f6kkt, <br \/>sakir illra verka y\u00f0ar. <\/span> <\/p>\n<h3 class=\"millifyrirsogn_2007\">Innr\u00e1s \u00far nor\u00f0ri<\/h3>\n<p><span class=\"ljodatexti\"> <a name=\"5\"><span class=\"versanumer_ljod\">5<\/span><\/a>Bo\u00f0i\u00f0 \u00feetta \u00ed J\u00fada, kunngj\u00f6ri\u00f0 \u00fea\u00f0 \u00ed Jer\u00fasalem, <br \/>\u00feeyti\u00f0 hafurshorn \u00ed landinu, <br \/>hr\u00f3pi\u00f0 fullum r\u00f3mi og segi\u00f0: <br \/>Safnist saman. <br \/>V\u00e9r h\u00f6rfum inn \u00ed v\u00edggirtar borgirnar. <br \/> <\/span> <span class=\"ljodatexti\"> <a name=\"6\"><span class=\"versanumer_ljod\">6<\/span><\/a>Reisi\u00f0 hermerki\u00f0: Til S\u00edonar. <br \/>Fl\u00fdi\u00f0, tefji\u00f0 ekki. <br \/>\u00dev\u00ed a\u00f0 \u00e9g sendi miki\u00f0 b\u00f6l \u00far nor\u00f0ri, tort\u00edmingu.<br \/> <\/span> <span class=\"ljodatexti\"> <a name=\"7\"><span class=\"versanumer_ljod\">7<\/span><\/a>Lj\u00f3ni\u00f0 er risi\u00f0 upp \u00far kjarrinu, <br \/>\u00fej\u00f3\u00f0amor\u00f0inginn er lag\u00f0ur af sta\u00f0. <br \/>Hann er farinn \u00far landi s\u00ednu <br \/>til a\u00f0 gera land \u00feitt a\u00f0 au\u00f0n. <br \/>Borgir \u00fe\u00ednar ver\u00f0a lag\u00f0ar \u00ed r\u00fast, mannlausar. <br \/> <\/span> <span class=\"ljodatexti\"> <a name=\"8\"><span class=\"versanumer_ljod\">8<\/span><\/a>Gyr\u00f0ist \u00fev\u00ed h\u00e6rusekk, gr\u00e1ti\u00f0 og kveini\u00f0 <br \/>\u00fev\u00ed a\u00f0 gl\u00f3andi rei\u00f0i Drottins er ekki horfin fr\u00e1 oss. <br \/> <\/span> <span class=\"ljodatexti\"> <a name=\"9\"><span class=\"versanumer_ljod\">9<\/span><\/a>\u00c1 \u00feeim degi, segir Drottinn, <br \/>mun hugrekki konungsins <br \/>og kjarkur h\u00f6f\u00f0ingjanna bresta,<br \/>prestarnir ver\u00f0a agndofa af skelfingu, <br \/>sp\u00e1mennirnir stjarfir af \u00f3tta.<br \/> <\/span> <span class=\"ljodatexti\"> <a name=\"10\"><span class=\"versanumer_ljod\">10<\/span><\/a>\u00deeir segja: \u00c6, Drottinn Gu\u00f0. <br \/>Illa blekktir \u00fe\u00fa \u00feetta f\u00f3lk og Jer\u00fasalem <br \/>er \u00fe\u00fa sag\u00f0ir: Y\u00f0ur mun farnast vel,<br \/>en v\u00e9r erum me\u00f0 sver\u00f0 reitt a\u00f0 h\u00e1lsi.<br \/> <\/span> <span class=\"ljodatexti\"> <a name=\"11\"><span class=\"versanumer_ljod\">11<\/span><\/a>\u00c1 \u00feeim t\u00edma ver\u00f0ur sagt vi\u00f0 \u00feessa \u00fej\u00f3\u00f0 og vi\u00f0 Jer\u00fasalem: <br \/>Gl\u00f3andi vindur kemur af n\u00f6ktum h\u00e6\u00f0um \u00ed ey\u00f0im\u00f6rkinni <br \/>yfir d\u00f3ttur \u00fej\u00f3\u00f0ar minnar, <br \/>ekki vindur til a\u00f0 s\u00e1ldra korni e\u00f0a hreinsa,<br \/> <\/span> <span class=\"ljodatexti\"> <a name=\"12\"><span class=\"versanumer_ljod\">12<\/span><\/a>heldur miklu \u00f6flugri vindur <br \/>sem kemur samkv\u00e6mt skipun minni. <br \/>N\u00fa kve\u00f0 \u00e9g sj\u00e1lfur upp d\u00f3m yfir \u00feeim.<br \/> <\/span> <span class=\"ljodatexti\"> <a name=\"13\"><span class=\"versanumer_ljod\">13<\/span><\/a>Sj\u00e1, \u00f3vinurinn kemur sem \u00f3ve\u00f0urssk\u00fd, <br \/>str\u00ed\u00f0svagnar hans l\u00edkjast hvirfilvindi, <br \/>hestarnir eru fr\u00e1rri en ernir. <br \/>Vei oss. \u00dea\u00f0 er \u00fati um oss.<br \/> <\/span> <span class=\"ljodatexti\"> <a name=\"14\"><span class=\"versanumer_ljod\">14<\/span><\/a>Hreinsa\u00f0u illskuna af hjarta \u00fe\u00e9r, Jer\u00fasalem, <br \/>svo a\u00f0 \u00fe\u00fa bjargist.<br \/>Hversu lengi eiga gerspilltar hugsanir <br \/>a\u00f0 b\u00faa \u00ed brj\u00f3sti \u00fe\u00e9r?<br \/> <\/span> <span class=\"ljodatexti\"> <a name=\"15\"><span class=\"versanumer_ljod\">15<\/span><\/a>R\u00f6dd hlj\u00f3mar fr\u00e1 Dan, <br \/>\u00f3farir bo\u00f0a\u00f0ar fr\u00e1 Efra\u00edmsfj\u00f6llum. <br \/> <\/span> <span class=\"ljodatexti\"> <a name=\"16\"><span class=\"versanumer_ljod\">16<\/span><\/a>Kunngj\u00f6ri\u00f0 \u00fej\u00f3\u00f0unum, <br \/>bo\u00f0i\u00f0 Jer\u00fasalem: <br \/>\u00dar fjarl\u00e6gu landi koma fjandmenn,<br \/>\u00feeir hr\u00f3pa her\u00f3p gegn borgunum \u00ed J\u00fada. <br \/> <\/span> <span class=\"ljodatexti\"> <a name=\"17\"><span class=\"versanumer_ljod\">17<\/span><\/a>\u00deeir umkringja borgina eins og \u00feeir sem vaka yfir akri <br \/>\u00fev\u00ed a\u00f0 h\u00fan hefur bo\u00f0i\u00f0 m\u00e9r birginn, segir Drottinn. <br \/> <\/span> <span class=\"ljodatexti\"> <a name=\"18\"><span class=\"versanumer_ljod\">18<\/span><\/a>Heg\u00f0un \u00fe\u00edn og h\u00e1ttalag hefur leitt \u00feetta yfir \u00feig. <br \/>\u00dea\u00f0 er \u00fe\u00edn eigin illska sem gerir \u00fe\u00e9r l\u00edfi\u00f0 biturt <br \/>og gengur \u00fe\u00e9r til hjarta.<br \/> <\/span> <span class=\"ljodatexti\"> <a name=\"19\"><span class=\"versanumer_ljod\">19<\/span><\/a>\u00c9g kvelst, \u00e9g kvelst hi\u00f0 innra, <br \/>engist sundur og saman. <br \/>Hjarta\u00f0 hamast, berst \u00ed brj\u00f3sti m\u00e9r, <br \/>\u00e9g get ekki \u00feaga\u00f0 <br \/>\u00fev\u00ed a\u00f0 \u00e9g heyri l\u00fa\u00f0urhlj\u00f3m og her\u00f3p <br \/> <\/span> <span class=\"ljodatexti\"> <a name=\"20\"><span class=\"versanumer_ljod\">20<\/span><\/a>Hr\u00f3pa\u00f0 er: Hrun \u00e1 hrun ofan, <br \/>\u00fev\u00ed a\u00f0 herja\u00f0 er \u00e1 allt landi\u00f0. <br \/>Tj\u00f6ld m\u00edn eru eydd \u00e1 svipstundu, <br \/>tjaldd\u00fakarnir \u00ed einu vetfangi.<br \/> <\/span> <span class=\"ljodatexti\"> <a name=\"21\"><span class=\"versanumer_ljod\">21<\/span><\/a>Hversu lengi \u00fearf \u00e9g a\u00f0 horfa \u00e1 gunnf\u00e1na, <br \/>hlusta \u00e1 l\u00fa\u00f0urhlj\u00f3m? <br \/> <\/span> <span class=\"ljodatexti\"> <a name=\"22\"><span class=\"versanumer_ljod\">22<\/span><\/a> \u00dej\u00f3\u00f0 m\u00edn er heimsk <br \/>og \u00feekkir mig ekki. <br \/>\u00deeir eru f\u00e1v\u00eds b\u00f6rn <br \/>sem ekkert skilja. <br \/>\u00deeir hafa vit til a\u00f0 gera illt <br \/>en kunna ekki gott a\u00f0 gera. <\/span> <\/p>\n<h3 class=\"millifyrirsogn_2007\">S\u00fdn um endalok alls<\/h3>\n<p><span class=\"ljodatexti\"> <a name=\"23\"><span class=\"versanumer_ljod\">23<\/span><\/a> \u00c9g leit yfir j\u00f6r\u00f0ina <br \/>og h\u00fan var au\u00f0 og t\u00f3m. <br \/>\u00c9g leit til himins og \u00fear var ekkert lj\u00f3s. <br \/> <\/span> <span class=\"ljodatexti\"> <a name=\"24\"><span class=\"versanumer_ljod\">24<\/span><\/a> \u00c9g leit til fjallanna <br \/>og \u00feau skulfu <br \/>og allir h\u00f3lar n\u00f6tru\u00f0u. <br \/> <\/span> <span class=\"ljodatexti\"> <a name=\"25\"><span class=\"versanumer_ljod\">25<\/span><\/a> \u00c9g lita\u00f0ist um <br \/>en hvergi var mann a\u00f0 sj\u00e1 <br \/>og allir fuglar himinsins flognir.<br \/> <\/span> <span class=\"ljodatexti\"> <a name=\"26\"><span class=\"versanumer_ljod\">26<\/span><\/a> \u00c9g lita\u00f0ist um <br \/>og aldingar\u00f0arnir voru or\u00f0nir a\u00f0 ey\u00f0im\u00f6rk <br \/>og allar borgirnar h\u00f6f\u00f0u veri\u00f0 jafna\u00f0ar vi\u00f0 j\u00f6r\u00f0u <br \/>fyrir augliti Drottins, b\u00e1landi rei\u00f0i hans.<br \/> <\/span> <span class=\"ljodatexti\"> <a name=\"27\"><span class=\"versanumer_ljod\">27<\/span><\/a> Svo segir Drottinn: <br \/>Allt landi\u00f0 ver\u00f0ur lagt \u00ed au\u00f0n, <br \/>\u00fe\u00f3 mun \u00e9g ekki gerey\u00f0a \u00fea\u00f0.<br \/> <\/span> <span class=\"ljodatexti\"> <a name=\"28\"><span class=\"versanumer_ljod\">28<\/span><\/a> J\u00f6r\u00f0in syrgir <br \/>og himinninn yfir henni myrkvast <br \/>\u00fev\u00ed a\u00f0 \u00e9g hef sagt \u00feetta og mig i\u00f0rar \u00feess ekki, <br \/>\u00e9g hef \u00e1kve\u00f0i\u00f0 \u00fea\u00f0 og h\u00e6tti ekki vi\u00f0. <br \/> <\/span> <span class=\"ljodatexti\"> <a name=\"29\"><span class=\"versanumer_ljod\">29<\/span><\/a> Vi\u00f0 gn\u00fd riddara og bogmanna<br \/>fl\u00fdja allir \u00edb\u00faar landsins, <br \/>menn skr\u00ed\u00f0a inn \u00ed kjarri\u00f0 <br \/>og klifra upp kletta. <br \/>S\u00e9rhver borg er yfirgefin, <br \/>\u00fear b\u00fdr enginn ma\u00f0ur. <br \/> <\/span> <span class=\"ljodatexti\"> <a name=\"30\"><span class=\"versanumer_ljod\">30<\/span><\/a> En \u00fe\u00fa sem ert ofurseld ey\u00f0ingunni,<br \/>hva\u00f0 gerir \u00fe\u00fa? <br \/>Hvernig getur \u00fe\u00fa kl\u00e6\u00f0st skarlati, <br \/>skreytt \u00feig me\u00f0 gullskarti <br \/>og far\u00f0a\u00f0 augu \u00fe\u00edn? <br \/>\u00de\u00fa fegrar \u00feig til einskis. <br \/>\u00deeir sem girntust \u00feig sn\u00faa vi\u00f0 \u00fe\u00e9r baki, <br \/>\u00feeir sitja um l\u00edf \u00feitt. <br \/> <\/span> <span class=\"ljodatexti\"> <a name=\"31\"><span class=\"versanumer_ljod\">31<\/span><\/a> \u00c9g heyri vein eins og fr\u00e1 j\u00f3\u00f0sj\u00fakri konu, <br \/>l\u00edk ney\u00f0ar\u00f3pum frumbyrju, <br \/>\u00fea\u00f0 eru \u00f3p d\u00f3tturinnar S\u00edonar <br \/>sem stendur \u00e1 \u00f6ndinni. <br \/>H\u00fan teygir fram hendurnar: <br \/>Vei m\u00e9r. \u00dea\u00f0 er \u00fati um mig. <br \/>\u00c9g fell fyrir hendi mor\u00f0ingja. <\/span> <\/p>\n","protected":false},"excerpt":{"rendered":"<p>1Ef \u00fe\u00fa sn\u00fdr\u00f0 aftur, \u00cdsrael, segir Drottinn, skaltu sn\u00faa aftur til m\u00edn. Ef \u00fe\u00fa losar \u00feig vi\u00f0 vi\u00f0urstyggilega gu\u00f0i \u00fe\u00edna og fer\u00f0 ekki lengur villur vega \u00fearftu ekki a\u00f0 fl\u00fdja mig, 2ef \u00fe\u00fa sver\u00f0 \u00ed einl\u00e6gni, r\u00e9tt og r\u00e9ttv\u00edslega:\u201eSvo sannarlega sem Drottinn lifir,\u201c munu \u00fej\u00f3\u00f0irnar nj\u00f3ta blessunar hans og hr\u00f3sa s\u00e9r af honum. 3\u00dev\u00ed a\u00f0 svo segir Drottinn vi\u00f0 J\u00fadamenn og Jer\u00fasalemb\u00faa: Brj\u00f3ti\u00f0 n\u00fdtt land, s\u00e1i\u00f0 ekki me\u00f0al \u00feyrna. 4Umskeri\u00f0 y\u00f0ur fyrir Drottni, fjarl\u00e6gi\u00f0 yfirh\u00fa\u00f0 hjartna y\u00f0ar, \u00fe\u00e9r J\u00fadamenn og Jer\u00fasalemb\u00faar. Annars br\u00fdst rei\u00f0i m\u00edn \u00fat sem logandi eldur, b\u00e1l sem enginn getur sl\u00f6kkt, sakir illra verka y\u00f0ar. Innr\u00e1s \u00far <a href=\"https:\/\/biblian.is\/biblian\/jeremia-4-kafli\/\"> [&#8230;]<\/a><\/p>\n","protected":false},"author":1,"featured_media":0,"parent":0,"menu_order":0,"comment_status":"open","ping_status":"open","template":"bibliukaflar_NT.php","meta":{"footnotes":""},"class_list":["post-2366","page","type-page","status-publish","hentry"],"_links":{"self":[{"href":"https:\/\/biblian.is\/biblian\/wp-json\/wp\/v2\/pages\/2366","targetHints":{"allow":["GET"]}}],"collection":[{"href":"https:\/\/biblian.is\/biblian\/wp-json\/wp\/v2\/pages"}],"about":[{"href":"https:\/\/biblian.is\/biblian\/wp-json\/wp\/v2\/types\/page"}],"author":[{"embeddable":true,"href":"https:\/\/biblian.is\/biblian\/wp-json\/wp\/v2\/users\/1"}],"replies":[{"embeddable":true,"href":"https:\/\/biblian.is\/biblian\/wp-json\/wp\/v2\/comments?post=2366"}],"version-history":[{"count":0,"href":"https:\/\/biblian.is\/biblian\/wp-json\/wp\/v2\/pages\/2366\/revisions"}],"wp:attachment":[{"href":"https:\/\/biblian.is\/biblian\/wp-json\/wp\/v2\/media?parent=2366"}],"curies":[{"name":"wp","href":"https:\/\/api.w.org\/{rel}","templated":true}]}}