{"id":2362,"date":"2017-12-30T21:02:52","date_gmt":"2017-12-30T21:02:52","guid":{"rendered":"http:\/\/biblian.is\/biblian\/jesaja-66-kafli\/"},"modified":"2024-05-06T22:28:35","modified_gmt":"2024-05-06T22:28:35","slug":"jesaja-66-kafli","status":"publish","type":"page","link":"https:\/\/biblian.is\/biblian\/jesaja-66-kafli\/","title":{"rendered":"Jesaja 66. kafli"},"content":{"rendered":"<h3 class=\"millifyrirsogn_2007\"> Gu\u00f0s\u00fej\u00f3nustan og musteri\u00f0<\/h3>\n<p><span class=\"ljodatexti\"> <a name=\"1\"><span class=\"versanumer_ljod\">1<\/span><\/a>Svo segir Drottinn:<br \/>Himinninn er h\u00e1s\u00e6ti mitt og j\u00f6r\u00f0in f\u00f3tsk\u00f6r m\u00edn.<br \/>Hvar er h\u00fasi\u00f0 sem \u00fe\u00e9r g\u00e6tu\u00f0 reist m\u00e9r,<br \/>hvar s\u00e1 sta\u00f0ur sem veri\u00f0 g\u00e6ti hv\u00edldarsta\u00f0ur minn?<br \/> <\/span> <span class=\"ljodatexti\"> <a name=\"2\"><span class=\"versanumer_ljod\">2<\/span><\/a>Allt \u00feetta ger\u00f0i h\u00f6nd m\u00edn<br \/>og allt \u00feetta er mitt, segir Drottinn.<br \/>Samt l\u00edt \u00e9g til \u00feess sem er umkomulaus og beyg\u00f0ur \u00ed anda<br \/>og skelfur fyrir or\u00f0i m\u00ednu.<br \/> <\/span> <span class=\"ljodatexti\"> <a name=\"3\"><span class=\"versanumer_ljod\">3<\/span><\/a>S\u00e1 sem sl\u00e1trar nauti er engu m\u00e6tari en manndr\u00e1pari,<br \/>s\u00e1 sem f\u00e6rir sau\u00f0 \u00ed sl\u00e1turf\u00f3rn er engu m\u00e6tari en s\u00e1 sem hefur h\u00e1lsbroti\u00f0 hund,<br \/>s\u00e1 sem f\u00e6rir kornf\u00f3rn ber fram sv\u00ednabl\u00f3\u00f0,<br \/>s\u00e1 sem brennir reykelsi blessar skur\u00f0go\u00f0. <br \/> <\/span> <span class=\"ljodatexti\"> <a name=\"4\"><span class=\"versanumer_ljod\">4<\/span><\/a>\u00deeir v\u00f6ldu s\u00edna eigin vegi<br \/>og gle\u00f0jast yfir vi\u00f0urstygg\u00f0um s\u00ednum,<br \/>eins valdi \u00e9g \u00feeim mis\u00feyrmingar<br \/>og sendi \u00fea\u00f0 yfir \u00fe\u00e1 sem \u00feeir skelfast<br \/>\u00fev\u00ed a\u00f0 \u00e9g hr\u00f3pa\u00f0i en enginn svara\u00f0i,<br \/>tala\u00f0i en enginn hlusta\u00f0i. <br \/> \u00deeir ger\u00f0u \u00fea\u00f0 sem illt var \u00ed augum m\u00ednum<br \/>og h\u00f6f\u00f0u m\u00e6tur \u00e1 \u00fev\u00ed sem m\u00e9r misl\u00edka\u00f0i.<br \/> <\/span> <span class=\"ljodatexti\"> <a name=\"5\"><span class=\"versanumer_ljod\">5<\/span><\/a>Heyri\u00f0 or\u00f0 Drottins, \u00fe\u00e9r sem skj\u00e1lfi\u00f0 fyrir bo\u00f0skap hans.<br \/>Br\u00e6\u00f0ur y\u00f0ar, sem hata y\u00f0ur<br \/>og hrekja y\u00f0ur brott vegna nafns m\u00edns, segja: <br \/>\u201eDrottinn birtist \u00ed d\u00fdr\u00f0 sinni<br \/>svo a\u00f0 v\u00e9r getum s\u00e9\u00f0 gle\u00f0i y\u00f0ar,\u201c<br \/>en \u00feeir skulu til skammar ver\u00f0a.<br \/> <\/span> <span class=\"ljodatexti\"> <a name=\"6\"><span class=\"versanumer_ljod\">6<\/span><\/a>Heyr gn\u00fdinn fr\u00e1 borginni, heyr \u00f3minn fr\u00e1 musterinu.<br \/>Heyr, Drottinn endurgeldur fjandm\u00f6nnum s\u00ednum verk \u00feeirra.<br \/> <\/span> <span class=\"ljodatexti\"> <a name=\"7\"><span class=\"versanumer_ljod\">7<\/span><\/a>\u00c1\u00f0ur en kona f\u00e6r hr\u00ed\u00f0ir<br \/>hefur h\u00fan f\u00e6tt,<br \/>\u00e1\u00f0ur en h\u00fan tekur j\u00f3\u00f0s\u00f3tt<br \/>hefur h\u00fan ali\u00f0 sveinbarn.<br \/> <\/span> <span class=\"ljodatexti\"> <a name=\"8\"><span class=\"versanumer_ljod\">8<\/span><\/a>Hver hefur heyrt anna\u00f0 eins,<br \/>hver s\u00e9\u00f0 nokku\u00f0 \u00feessu l\u00edkt?<br \/>F\u00e6\u00f0ist land \u00e1 einum degi,<br \/>\u00fej\u00f3\u00f0 \u00ed einni andr\u00e1?<br \/>\u00d3\u00f0ar en S\u00edon f\u00e9kk hr\u00ed\u00f0ir<br \/>f\u00e6ddi h\u00fan syni s\u00edna. <span class=\"nedan_mal\" title=\" \u00c1tt er vi\u00f0 t\u00f3lf syni \u00cdsraels. \">[<\/span> <br \/> <\/span> <span class=\"ljodatexti\"> <a name=\"9\"><span class=\"versanumer_ljod\">9<\/span><\/a>Opna \u00e9g m\u00f3\u00f0url\u00edf <br \/>\u00e1n \u00feess a\u00f0 barn f\u00e6\u00f0ist<br \/>e\u00f0a l\u00e6t \u00e9g f\u00e6\u00f0ingu hefjast<br \/>og hindra hana s\u00ed\u00f0an? segir Gu\u00f0 \u00feinn.<br \/> <\/span> <span class=\"ljodatexti\"> <a name=\"10\"><span class=\"versanumer_ljod\">10<\/span><\/a>Gle\u00f0jist me\u00f0 Jer\u00fasalem og fagni\u00f0 \u00ed henni,<br \/>allir \u00fe\u00e9r sem elski\u00f0 hana,<br \/>fagni\u00f0 me\u00f0 henni og k\u00e6tist,<br \/>allir \u00fe\u00e9r sem eru\u00f0 hryggir hennar vegna<br \/> <\/span> <span class=\"ljodatexti\"> <a name=\"11\"><span class=\"versanumer_ljod\">11<\/span><\/a>svo a\u00f0 \u00fe\u00e9r geti\u00f0 sogi\u00f0 og sa\u00f0st af huggunarbrj\u00f3sti hennar,<br \/>svo a\u00f0 \u00fe\u00e9r geti\u00f0 teyga\u00f0 og g\u00e6tt y\u00f0ur \u00e1 n\u00e6gtabarmi hennar.<br \/> <\/span> <span class=\"ljodatexti\"> <a name=\"12\"><span class=\"versanumer_ljod\">12<\/span><\/a>\u00dev\u00ed a\u00f0 svo segir Drottinn:<br \/>\u00c9g veiti vels\u00e6ld til hennar eins og flj\u00f3ti<br \/>og au\u00f0\u00e6fum \u00fej\u00f3\u00f0anna eins og bakkafullum l\u00e6k.<br \/>Brj\u00f3stmylkingar hennar ver\u00f0a bornir \u00e1 mj\u00f6\u00f0minni<br \/>og \u00feeim hossa\u00f0 \u00e1 hnj\u00e1num.<br \/> <\/span> <span class=\"ljodatexti\"> <a name=\"13\"><span class=\"versanumer_ljod\">13<\/span><\/a>Eins og m\u00f3\u00f0ir huggar barn sitt, <br \/>eins mun \u00e9g hugga y\u00f0ur,<br \/>\u00ed Jer\u00fasalem ver\u00f0i\u00f0 \u00fe\u00e9r hugga\u00f0ir.<br \/> <\/span> <span class=\"ljodatexti\"> <a name=\"14\"><span class=\"versanumer_ljod\">14<\/span><\/a>\u00deegar \u00fe\u00e9r sj\u00e1i\u00f0 \u00feetta mun hjarta y\u00f0ar fagna<br \/>og bein y\u00f0ar bl\u00f3mgast sem gr\u00e6ngresi.<br \/>H\u00f6nd Drottins birtist \u00fej\u00f3num hans<br \/>en rei\u00f0in bitnar \u00e1 fjandm\u00f6nnum hans.<br \/> <\/span> <span class=\"ljodatexti\"> <a name=\"15\"><span class=\"versanumer_ljod\">15<\/span><\/a>\u00dev\u00ed sj\u00e1, Drottinn kemur \u00ed eldi<br \/>og str\u00ed\u00f0svagnar hans ver\u00f0a sem stormsveipur,<br \/>hann kemur til a\u00f0 endurgjalda me\u00f0 gl\u00f3andi rei\u00f0i sinni<br \/>og logandi heift sinni.<br \/> <\/span> <span class=\"ljodatexti\"> <a name=\"16\"><span class=\"versanumer_ljod\">16<\/span><\/a>\u00dev\u00ed a\u00f0 Drottinn kemur \u00ed eldi <br \/>til a\u00f0 d\u00e6ma alla j\u00f6r\u00f0ina<br \/>og allt hold me\u00f0 sver\u00f0i s\u00ednu <br \/>og margir ver\u00f0a vegnir af Drottni.<br \/> <\/span> <span class=\"ljodatexti\"> <a name=\"17\"><span class=\"versanumer_ljod\">17<\/span><\/a>\u00deeir sem helga sig og hreinsa til a\u00f0 fara \u00ed gar\u00f0ana<br \/>og leita \u00feann uppi sem er \u00ed mi\u00f0junni,<br \/>eta sv\u00ednakj\u00f6t, ma\u00f0ka og m\u00fds,<br \/>munu allir farast, segir Drottinn.<br \/>\u00c9g \u00feekki athafnir \u00feeirra og hugsanir. <\/span> <\/p>\n<h3 class=\"millifyrirsogn_2007\">Allar \u00fej\u00f3\u00f0ir tilbi\u00f0ja Gu\u00f0 \u00cdsraels<\/h3>\n<p><a name=\"18\"><span class=\"versanumer_2007\">18<\/span><\/a> \u00c9g mun sj\u00e1lfur koma til a\u00f0 stefna saman \u00f6llum \u00fej\u00f3\u00f0um og tungum og \u00fe\u00e6r munu koma og sj\u00e1 d\u00fdr\u00f0 m\u00edna. <a name=\"19\"><span class=\"versanumer_2007\">19<\/span><\/a> \u00c9g mun setja upp t\u00e1kn \u00e1 me\u00f0al \u00feeirra og senda \u00fe\u00e1 sem undan komust til \u00fej\u00f3\u00f0anna \u00ed Tarsis, P\u00fat, L\u00fad, Mesek, T\u00fabal, Javan<span class=\"nedan_mal\" title=\" \u00dej\u00f3\u00f0irnar sem h\u00e9r eru taldar eru \u00e1 Sp\u00e1ni, \u00ed Afr\u00edku, Litlu-As\u00edu, Grikklandi og vi\u00f0 Svartahaf.\">[<\/span> og \u00e1 hinum fjarl\u00e6gu eyjum sem hvorki hafa heyrt neitt um mig n\u00e9 s\u00e9\u00f0 d\u00fdr\u00f0 m\u00edna og \u00feeir skulu sk\u00fdra fr\u00e1 d\u00fdr\u00f0 minni me\u00f0al \u00fej\u00f3\u00f0anna. <a name=\"20\"><span class=\"versanumer_2007\">20<\/span><\/a> \u00deeir skulu flytja alla br\u00e6\u00f0ur y\u00f0ar fr\u00e1 \u00f6llum \u00fej\u00f3\u00f0um sem f\u00f3rnargj\u00f6f til Drottins, \u00e1 hestum og \u00ed v\u00f6gnum og bur\u00f0arst\u00f3lum, \u00e1 m\u00fald\u00fdrum og \u00falf\u00f6ldum til m\u00edns heilaga fjalls, til Jer\u00fasalem, segir Drottinn, eins og \u00feegar \u00cdsraelsmenn f\u00e6ra kornf\u00f3rn \u00ed hreinum kerum til h\u00fass Drottins. <a name=\"21\"><span class=\"versanumer_2007\">21<\/span><\/a> \u00c9g mun jafnvel velja nokkra \u00feeirra til a\u00f0 vera prestar og Lev\u00edtar, segir Drottinn.<br \/> <span class=\"ljodatexti\"> <a name=\"22\"><span class=\"versanumer_ljod\">22<\/span><\/a> J\u00e1, eins og hinn n\u00fdi himinn <br \/>og hin n\u00fdja j\u00f6r\u00f0, sem \u00e9g skapa,<br \/>standa frammi fyrir augliti m\u00ednu, segir Drottinn,<br \/>munu ni\u00f0jar y\u00f0ar og nafn standa \u00fear.<br \/> <\/span> <span class=\"ljodatexti\"> <a name=\"23\"><span class=\"versanumer_ljod\">23<\/span><\/a> Fr\u00e1 tunglkomudegi til tunglkomudags <br \/>og fr\u00e1 hv\u00edldardegi til hv\u00edldardags<br \/>koma allir menn til a\u00f0 falla fram fyrir augliti m\u00ednu, segir Drottinn.<br \/> <\/span> <span class=\"ljodatexti\"> <a name=\"24\"><span class=\"versanumer_ljod\">24<\/span><\/a> \u00deeir munu ganga \u00fat og sj\u00e1 l\u00edk \u00feeirra sem risu gegn m\u00e9r.<br \/>Hvorki deyja \u00ed \u00feeim ma\u00f0karnir<br \/>n\u00e9 slokknar \u00ed \u00feeim eldurinn<br \/>og \u00feeir ver\u00f0a \u00f6llum m\u00f6nnum vi\u00f0urstygg\u00f0. <\/span> <\/p>\n","protected":false},"excerpt":{"rendered":"<p>Gu\u00f0s\u00fej\u00f3nustan og musteri\u00f0 1Svo segir Drottinn:Himinninn er h\u00e1s\u00e6ti mitt og j\u00f6r\u00f0in f\u00f3tsk\u00f6r m\u00edn.Hvar er h\u00fasi\u00f0 sem \u00fe\u00e9r g\u00e6tu\u00f0 reist m\u00e9r,hvar s\u00e1 sta\u00f0ur sem veri\u00f0 g\u00e6ti hv\u00edldarsta\u00f0ur minn? 2Allt \u00feetta ger\u00f0i h\u00f6nd m\u00ednog allt \u00feetta er mitt, segir Drottinn.Samt l\u00edt \u00e9g til \u00feess sem er umkomulaus og beyg\u00f0ur \u00ed andaog skelfur fyrir or\u00f0i m\u00ednu. 3S\u00e1 sem sl\u00e1trar nauti er engu m\u00e6tari en manndr\u00e1pari,s\u00e1 sem f\u00e6rir sau\u00f0 \u00ed sl\u00e1turf\u00f3rn er engu m\u00e6tari en s\u00e1 sem hefur h\u00e1lsbroti\u00f0 hund,s\u00e1 sem f\u00e6rir kornf\u00f3rn ber fram sv\u00ednabl\u00f3\u00f0,s\u00e1 sem brennir reykelsi blessar skur\u00f0go\u00f0. 4\u00deeir v\u00f6ldu s\u00edna eigin vegiog gle\u00f0jast yfir vi\u00f0urstygg\u00f0um s\u00ednum,eins valdi \u00e9g \u00feeim mis\u00feyrmingarog <a href=\"https:\/\/biblian.is\/biblian\/jesaja-66-kafli\/\"> [&#8230;]<\/a><\/p>\n","protected":false},"author":1,"featured_media":0,"parent":0,"menu_order":0,"comment_status":"open","ping_status":"open","template":"bibliukaflar_NT.php","meta":{"footnotes":""},"class_list":["post-2362","page","type-page","status-publish","hentry"],"_links":{"self":[{"href":"https:\/\/biblian.is\/biblian\/wp-json\/wp\/v2\/pages\/2362","targetHints":{"allow":["GET"]}}],"collection":[{"href":"https:\/\/biblian.is\/biblian\/wp-json\/wp\/v2\/pages"}],"about":[{"href":"https:\/\/biblian.is\/biblian\/wp-json\/wp\/v2\/types\/page"}],"author":[{"embeddable":true,"href":"https:\/\/biblian.is\/biblian\/wp-json\/wp\/v2\/users\/1"}],"replies":[{"embeddable":true,"href":"https:\/\/biblian.is\/biblian\/wp-json\/wp\/v2\/comments?post=2362"}],"version-history":[{"count":0,"href":"https:\/\/biblian.is\/biblian\/wp-json\/wp\/v2\/pages\/2362\/revisions"}],"wp:attachment":[{"href":"https:\/\/biblian.is\/biblian\/wp-json\/wp\/v2\/media?parent=2362"}],"curies":[{"name":"wp","href":"https:\/\/api.w.org\/{rel}","templated":true}]}}