{"id":2349,"date":"2017-12-30T21:02:47","date_gmt":"2017-12-30T21:02:47","guid":{"rendered":"http:\/\/biblian.is\/biblian\/jesaja-53-kafli\/"},"modified":"2024-05-06T22:28:33","modified_gmt":"2024-05-06T22:28:33","slug":"jesaja-53-kafli","status":"publish","type":"page","link":"https:\/\/biblian.is\/biblian\/jesaja-53-kafli\/","title":{"rendered":"Jesaja 53. kafli"},"content":{"rendered":"<p><span class=\"ljodatexti\"> <a name=\"1\"><span class=\"versanumer_ljod\">1<\/span><\/a>Hver tr\u00fa\u00f0i \u00fev\u00ed sem oss var bo\u00f0a\u00f0<br \/>og hverjum opinbera\u00f0ist armleggur Drottins?<br \/> <\/span> <span class=\"ljodatexti\"> <a name=\"2\"><span class=\"versanumer_ljod\">2<\/span><\/a>Hann \u00f3x upp eins og vi\u00f0arteinungur fyrir augliti Drottins,<br \/>eins og r\u00f3tarkvistur \u00far \u00feurri j\u00f6r\u00f0.<br \/>Hann var hvorki fagur n\u00e9 gl\u00e6silegur \u00e1s\u00fdndum<br \/>n\u00e9 \u00e1litlegur svo a\u00f0 oss fyndist til um hann.<br \/> <\/span> <span class=\"ljodatexti\"> <a name=\"3\"><span class=\"versanumer_ljod\">3<\/span><\/a>Hann var fyrirlitinn og menn for\u00f0u\u00f0ust hann,<br \/>harmkv\u00e6lama\u00f0ur og kunnugur \u00fej\u00e1ningum, <br \/>l\u00edkur manni sem menn byrgja augu s\u00edn fyrir, <span class=\"nedan_mal\" title=\" Or\u00f0r\u00e9tt: sem menn hylja fyrir andlit sitt. \">[<\/span> <br \/>fyrirlitinn og v\u00e9r m\u00e1tum hann einskis.<br \/> <\/span> <span class=\"ljodatexti\"> <a name=\"4\"><span class=\"versanumer_ljod\">4<\/span><\/a>En vorar \u00fej\u00e1ningar voru \u00fea\u00f0 sem hann bar<br \/>og vor harmkv\u00e6li er hann \u00e1 sig lag\u00f0i.<br \/>V\u00e9r \u00e1litum honum refsa\u00f0,<br \/>hann sleginn og ni\u00f0url\u00e6g\u00f0an af Gu\u00f0i.<br \/> <\/span> <span class=\"ljodatexti\"> <a name=\"5\"><span class=\"versanumer_ljod\">5<\/span><\/a>En hann var s\u00e6r\u00f0ur vegna vorra synda,<br \/>kraminn vegna vorra misgj\u00f6r\u00f0a.<br \/>Honum var refsa\u00f0 svo a\u00f0 v\u00e9r fengjum fri\u00f0<br \/>og fyrir benjar hans ur\u00f0um v\u00e9r heilbrig\u00f0ir.<br \/> <\/span> <span class=\"ljodatexti\"> <a name=\"6\"><span class=\"versanumer_ljod\">6<\/span><\/a>V\u00e9r f\u00f3rum allir villir vegar sem sau\u00f0ir,<br \/>h\u00e9ldum hver s\u00edna lei\u00f0<br \/>en Drottinn l\u00e9t synd vor allra<br \/>koma ni\u00f0ur \u00e1 honum.<br \/> <\/span> <span class=\"ljodatexti\"> <a name=\"7\"><span class=\"versanumer_ljod\">7<\/span><\/a>Hann var hart leikinn og \u00fej\u00e1\u00f0ur<br \/>en lauk eigi upp munni s\u00ednum<br \/>fremur en lamb sem leitt er til sl\u00e1trunar<br \/>e\u00f0a sau\u00f0ur sem \u00feegir fyrir \u00feeim er r\u00fdja hann,<br \/>hann lauk eigi upp munni s\u00ednum.<br \/> <\/span> <span class=\"ljodatexti\"> <a name=\"8\"><span class=\"versanumer_ljod\">8<\/span><\/a>Hann var fj\u00f6tra\u00f0ur, d\u00e6mdur og leiddur burt<br \/>en hver hugsa\u00f0i um afdrif hans<br \/>\u00feegar hann var hrifinn burt af landi lifenda?<br \/>Vegna syndar m\u00edns l\u00fd\u00f0s var honum refsa\u00f0.<br \/> <\/span> <span class=\"ljodatexti\"> <a name=\"9\"><span class=\"versanumer_ljod\">9<\/span><\/a>Menn bjuggu honum gr\u00f6f me\u00f0al gu\u00f0lausra,<br \/>legsta\u00f0 me\u00f0al r\u00edkra<br \/>\u00fe\u00f3tt hann hef\u00f0i ekki frami\u00f0 rangl\u00e6ti<br \/>og svik v\u00e6ru ekki \u00ed munni hans.<br \/> <\/span> <span class=\"ljodatexti\"> <a name=\"10\"><span class=\"versanumer_ljod\">10<\/span><\/a>En Drottni \u00fe\u00f3kna\u00f0ist a\u00f0 kremja hann og \u00fejaka.<br \/>\u00dear sem hann f\u00e6r\u00f0i l\u00edf sitt a\u00f0 sektarf\u00f3rn<br \/>f\u00e6r hann a\u00f0 sj\u00e1 ni\u00f0ja s\u00edna og lifa langa \u00e6vi<br \/>og vegna hans n\u00e6r vilji Drottins fram a\u00f0 ganga. <br \/> <\/span> <span class=\"ljodatexti\"> <a name=\"11\"><span class=\"versanumer_ljod\">11<\/span><\/a>A\u00f0 \u00fej\u00e1ningum s\u00ednum loknum mun hann sj\u00e1 lj\u00f3s<br \/>og se\u00f0jast af \u00feekkingu sinni.<br \/>\u00dej\u00f3nn minn mun r\u00e9ttl\u00e6ta marga<br \/>\u00fev\u00ed a\u00f0 hann bar syndir \u00feeirra.<br \/> <\/span> <span class=\"ljodatexti\"> <a name=\"12\"><span class=\"versanumer_ljod\">12<\/span><\/a>\u00deess vegna f\u00e6 \u00e9g honum hlutdeild me\u00f0 st\u00f3rmennum<br \/>og hann mun skipta feng me\u00f0 voldugum<br \/>vegna \u00feess a\u00f0 hann gaf l\u00edf sitt \u00ed dau\u00f0ann<br \/>og var talinn me\u00f0 illr\u00e6\u00f0ism\u00f6nnum.<br \/>En hann bar synd margra <br \/>og ba\u00f0 fyrir illr\u00e6\u00f0ism\u00f6nnum. <span class=\"nedan_mal\" title=\" \u00d6nnur hugsanleg \u00fe\u00fd\u00f0ing: t\u00f3k \u00fe\u00e1 a\u00f0 s\u00e9r \u00fer\u00e1tt fyrir syndir \u00feeirra. \">[<\/span> <\/p>\n","protected":false},"excerpt":{"rendered":"<p>1Hver tr\u00fa\u00f0i \u00fev\u00ed sem oss var bo\u00f0a\u00f0og hverjum opinbera\u00f0ist armleggur Drottins? 2Hann \u00f3x upp eins og vi\u00f0arteinungur fyrir augliti Drottins,eins og r\u00f3tarkvistur \u00far \u00feurri j\u00f6r\u00f0.Hann var hvorki fagur n\u00e9 gl\u00e6silegur \u00e1s\u00fdndumn\u00e9 \u00e1litlegur svo a\u00f0 oss fyndist til um hann. 3Hann var fyrirlitinn og menn for\u00f0u\u00f0ust hann,harmkv\u00e6lama\u00f0ur og kunnugur \u00fej\u00e1ningum, l\u00edkur manni sem menn byrgja augu s\u00edn fyrir, [ fyrirlitinn og v\u00e9r m\u00e1tum hann einskis. 4En vorar \u00fej\u00e1ningar voru \u00fea\u00f0 sem hann barog vor harmkv\u00e6li er hann \u00e1 sig lag\u00f0i.V\u00e9r \u00e1litum honum refsa\u00f0,hann sleginn og ni\u00f0url\u00e6g\u00f0an af Gu\u00f0i. 5En hann var s\u00e6r\u00f0ur vegna vorra synda,kraminn vegna vorra misgj\u00f6r\u00f0a.Honum var refsa\u00f0 svo <a href=\"https:\/\/biblian.is\/biblian\/jesaja-53-kafli\/\"> [&#8230;]<\/a><\/p>\n","protected":false},"author":1,"featured_media":0,"parent":0,"menu_order":0,"comment_status":"open","ping_status":"open","template":"bibliukaflar_NT.php","meta":{"footnotes":""},"class_list":["post-2349","page","type-page","status-publish","hentry"],"_links":{"self":[{"href":"https:\/\/biblian.is\/biblian\/wp-json\/wp\/v2\/pages\/2349","targetHints":{"allow":["GET"]}}],"collection":[{"href":"https:\/\/biblian.is\/biblian\/wp-json\/wp\/v2\/pages"}],"about":[{"href":"https:\/\/biblian.is\/biblian\/wp-json\/wp\/v2\/types\/page"}],"author":[{"embeddable":true,"href":"https:\/\/biblian.is\/biblian\/wp-json\/wp\/v2\/users\/1"}],"replies":[{"embeddable":true,"href":"https:\/\/biblian.is\/biblian\/wp-json\/wp\/v2\/comments?post=2349"}],"version-history":[{"count":0,"href":"https:\/\/biblian.is\/biblian\/wp-json\/wp\/v2\/pages\/2349\/revisions"}],"wp:attachment":[{"href":"https:\/\/biblian.is\/biblian\/wp-json\/wp\/v2\/media?parent=2349"}],"curies":[{"name":"wp","href":"https:\/\/api.w.org\/{rel}","templated":true}]}}