{"id":2342,"date":"2017-12-30T21:02:47","date_gmt":"2017-12-30T21:02:47","guid":{"rendered":"http:\/\/biblian.is\/biblian\/jesaja-46-kafli\/"},"modified":"2024-05-06T22:28:31","modified_gmt":"2024-05-06T22:28:31","slug":"jesaja-46-kafli","status":"publish","type":"page","link":"https:\/\/biblian.is\/biblian\/jesaja-46-kafli\/","title":{"rendered":"Jesaja 46. kafli"},"content":{"rendered":"<h3 class=\"millifyrirsogn_2007\"> Hj\u00e1lparvana skur\u00f0go\u00f0<\/h3>\n<p><span class=\"ljodatexti\"> <a name=\"1\"><span class=\"versanumer_ljod\">1<\/span><\/a>Bel er boginn, Neb\u00f3 fallinn,<br \/>l\u00edkneski \u00feeirra or\u00f0in byr\u00f0i gripa og nauta,<br \/>\u00feau sem \u00fe\u00e9r <span class=\"nedan_mal\" title=\" \u00de.e. Bab\u00fdlon\u00edumenn.\">[<\/span> \u00e1\u00f0ur b\u00e1ru\u00f0, l\u00f6g\u00f0 \u00e1 \u00fereytt bur\u00f0ard\u00fdr.<br \/> <\/span> <span class=\"ljodatexti\"> <a name=\"2\"><span class=\"versanumer_ljod\">2<\/span><\/a>\u00deau bogna og falla,<br \/>megna ekki a\u00f0 bjarga byr\u00f0inni<br \/>og ver\u00f0a sj\u00e1lf a\u00f0 fara \u00ed \u00fatleg\u00f0.<br \/> <\/span> <span class=\"ljodatexti\"> <a name=\"3\"><span class=\"versanumer_ljod\">3<\/span><\/a>Hl\u00fd\u00f0i\u00f0 \u00e1 mig, \u00e6ttmenn Jakobs<br \/>og allir sem eftir eru af \u00cdsraels \u00e6tt,<br \/>teki\u00f0 var \u00e1 m\u00f3ti y\u00f0ur vi\u00f0 f\u00e6\u00f0ingu<br \/>og \u00fe\u00e9r bornir allt fr\u00e1 m\u00f3\u00f0url\u00edfi.<br \/> <\/span> <span class=\"ljodatexti\"> <a name=\"4\"><span class=\"versanumer_ljod\">4<\/span><\/a>Allt til elli\u00e1ra y\u00f0ar ver\u00f0 \u00e9g hinn sami,<br \/>\u00e9g mun bera y\u00f0ur \u00fear til \u00fe\u00e9r ver\u00f0i\u00f0 gr\u00e1ir fyrir h\u00e6rum.<br \/>\u00deetta hef \u00e9g gert og \u00e9g mun bera y\u00f0ur,<br \/>\u00e9g mun bera y\u00f0ur og frelsa. <\/span> <\/p>\n<h3 class=\"millifyrirsogn_2007\">Hver er jafningi Drottins?<\/h3>\n<p><span class=\"ljodatexti\"> <a name=\"5\"><span class=\"versanumer_ljod\">5<\/span><\/a>Vi\u00f0 hvern vilji\u00f0 \u00fe\u00e9r l\u00edkja m\u00e9r og vi\u00f0 hvern jafna m\u00e9r,<br \/>saman vi\u00f0 hvern bera mig og telja mig l\u00edkjast honum?<br \/> <\/span> <span class=\"ljodatexti\"> <a name=\"6\"><span class=\"versanumer_ljod\">6<\/span><\/a>\u00deeir sem hrista gull \u00far pyngju sinni<br \/>og vega silfur \u00e1 vogarsk\u00e1lum<br \/>geta r\u00e1\u00f0i\u00f0 s\u00e9r gullsmi\u00f0 sem sm\u00ed\u00f0ar gu\u00f0,<br \/>\u00feeir krj\u00fapa s\u00ed\u00f0an frammi fyrir honum og tilbi\u00f0ja hann,<br \/> <\/span> <span class=\"ljodatexti\"> <a name=\"7\"><span class=\"versanumer_ljod\">7<\/span><\/a>hefja hann \u00e1 axlir s\u00e9r og bera hann um,<br \/>setja hann aftur ni\u00f0ur og \u00fe\u00e1 stendur hann kyrr,<br \/>hreyfir sig ekki \u00fea\u00f0an.<br \/>S\u00e9 hann \u00e1kalla\u00f0ur svarar hann ekki,<br \/>hann hj\u00e1lpar ekki \u00ed ney\u00f0.<br \/> <\/span> <span class=\"ljodatexti\"> <a name=\"8\"><span class=\"versanumer_ljod\">8<\/span><\/a>Minnist \u00feessa og hafi\u00f0 \u00fea\u00f0 hugfast,<br \/>leggi\u00f0 y\u00f0ur \u00fea\u00f0 \u00e1 hjarta, syndarar.<br \/> <\/span> <span class=\"ljodatexti\"> <a name=\"9\"><span class=\"versanumer_ljod\">9<\/span><\/a>Minnist \u00feess sem \u00e1\u00f0ur var fr\u00e1 \u00f6ndver\u00f0u.<br \/>\u00c9g er Gu\u00f0 og enginn annar,<br \/>enginn er sem \u00e9g.<br \/> <\/span> <span class=\"ljodatexti\"> <a name=\"10\"><span class=\"versanumer_ljod\">10<\/span><\/a>\u00c9g kunngj\u00f6r\u00f0i endalokin fr\u00e1 \u00f6ndver\u00f0u <br \/>og sag\u00f0i fyrir fram \u00fea\u00f0 sem eigi var enn fram komi\u00f0,<br \/>\u00e9g segi: \u00c1kv\u00f6r\u00f0un m\u00edn stendur,<br \/>\u00e9g geri allt sem m\u00e9r \u00fe\u00f3knast.<br \/> <\/span> <span class=\"ljodatexti\"> <a name=\"11\"><span class=\"versanumer_ljod\">11<\/span><\/a>\u00c9g kalla \u00f6rn \u00far austri,<br \/>mann \u00far fjarl\u00e6gu landi,<br \/>sem framkv\u00e6mir \u00fea\u00f0 sem \u00e9g \u00e1kve\u00f0. <span class=\"nedan_mal\" title=\" \u00c1tt er vi\u00f0 K\u00fdrus, sbr. 41.2. \">[<\/span> <br \/>\u00dea\u00f0 sem \u00e9g hef sagt l\u00e6t \u00e9g fram koma,<br \/>\u00fea\u00f0 sem \u00e9g hef \u00e1kve\u00f0i\u00f0 geri \u00e9g.<br \/> <\/span> <span class=\"ljodatexti\"> <a name=\"12\"><span class=\"versanumer_ljod\">12<\/span><\/a>Hl\u00fd\u00f0i\u00f0 \u00e1 mig, \u00fe\u00e9r forhertir, <span class=\"nedan_mal\" title=\" \u00d6nnur \u00fe\u00fd\u00f0ing: \u00fe\u00e9r sem hiki\u00f0. \">[<\/span> <br \/>sem eru\u00f0 fjarri r\u00e9ttl\u00e6tinu.<br \/> <\/span> <span class=\"ljodatexti\"> <a name=\"13\"><span class=\"versanumer_ljod\">13<\/span><\/a>Sj\u00e1lfur f\u00e6ri \u00e9g y\u00f0ur r\u00e9ttl\u00e6ti mitt,<br \/>\u00fea\u00f0 er ekki fjarri,<br \/>hj\u00e1lp minni dvelst ekki.<br \/>\u00c9g veiti hj\u00e1lp \u00e1 S\u00edon<br \/>og f\u00e6ri \u00cdsrael d\u00fdr\u00f0 m\u00edna. <\/span> <\/p>\n","protected":false},"excerpt":{"rendered":"<p>Hj\u00e1lparvana skur\u00f0go\u00f0 1Bel er boginn, Neb\u00f3 fallinn,l\u00edkneski \u00feeirra or\u00f0in byr\u00f0i gripa og nauta,\u00feau sem \u00fe\u00e9r [ \u00e1\u00f0ur b\u00e1ru\u00f0, l\u00f6g\u00f0 \u00e1 \u00fereytt bur\u00f0ard\u00fdr. 2\u00deau bogna og falla,megna ekki a\u00f0 bjarga byr\u00f0inniog ver\u00f0a sj\u00e1lf a\u00f0 fara \u00ed \u00fatleg\u00f0. 3Hl\u00fd\u00f0i\u00f0 \u00e1 mig, \u00e6ttmenn Jakobsog allir sem eftir eru af \u00cdsraels \u00e6tt,teki\u00f0 var \u00e1 m\u00f3ti y\u00f0ur vi\u00f0 f\u00e6\u00f0inguog \u00fe\u00e9r bornir allt fr\u00e1 m\u00f3\u00f0url\u00edfi. 4Allt til elli\u00e1ra y\u00f0ar ver\u00f0 \u00e9g hinn sami,\u00e9g mun bera y\u00f0ur \u00fear til \u00fe\u00e9r ver\u00f0i\u00f0 gr\u00e1ir fyrir h\u00e6rum.\u00deetta hef \u00e9g gert og \u00e9g mun bera y\u00f0ur,\u00e9g mun bera y\u00f0ur og frelsa. Hver er jafningi Drottins? 5Vi\u00f0 hvern vilji\u00f0 \u00fe\u00e9r l\u00edkja m\u00e9r <a href=\"https:\/\/biblian.is\/biblian\/jesaja-46-kafli\/\"> [&#8230;]<\/a><\/p>\n","protected":false},"author":1,"featured_media":0,"parent":0,"menu_order":0,"comment_status":"open","ping_status":"open","template":"bibliukaflar_NT.php","meta":{"footnotes":""},"class_list":["post-2342","page","type-page","status-publish","hentry"],"_links":{"self":[{"href":"https:\/\/biblian.is\/biblian\/wp-json\/wp\/v2\/pages\/2342","targetHints":{"allow":["GET"]}}],"collection":[{"href":"https:\/\/biblian.is\/biblian\/wp-json\/wp\/v2\/pages"}],"about":[{"href":"https:\/\/biblian.is\/biblian\/wp-json\/wp\/v2\/types\/page"}],"author":[{"embeddable":true,"href":"https:\/\/biblian.is\/biblian\/wp-json\/wp\/v2\/users\/1"}],"replies":[{"embeddable":true,"href":"https:\/\/biblian.is\/biblian\/wp-json\/wp\/v2\/comments?post=2342"}],"version-history":[{"count":0,"href":"https:\/\/biblian.is\/biblian\/wp-json\/wp\/v2\/pages\/2342\/revisions"}],"wp:attachment":[{"href":"https:\/\/biblian.is\/biblian\/wp-json\/wp\/v2\/media?parent=2342"}],"curies":[{"name":"wp","href":"https:\/\/api.w.org\/{rel}","templated":true}]}}