{"id":2340,"date":"2017-12-30T21:02:47","date_gmt":"2017-12-30T21:02:47","guid":{"rendered":"http:\/\/biblian.is\/biblian\/jesaja-44-kafli\/"},"modified":"2024-05-06T22:28:31","modified_gmt":"2024-05-06T22:28:31","slug":"jesaja-44-kafli","status":"publish","type":"page","link":"https:\/\/biblian.is\/biblian\/jesaja-44-kafli\/","title":{"rendered":"Jesaja 44. kafli"},"content":{"rendered":"<h3 class=\"millifyrirsogn_2007\"> Blessun yfir \u00cdsrael<\/h3>\n<p><span class=\"ljodatexti\"> <a name=\"1\"><span class=\"versanumer_ljod\">1<\/span><\/a>Hl\u00fd\u00f0 \u00fe\u00fa \u00e1, Jakob, \u00fej\u00f3nn minn,<br \/>og \u00cdsrael sem \u00e9g hef \u00fatvali\u00f0.<br \/> <\/span> <span class=\"ljodatexti\"> <a name=\"2\"><span class=\"versanumer_ljod\">2<\/span><\/a>Svo segir Drottinn sem skapa\u00f0i \u00feig,<br \/>m\u00f3ta\u00f0i \u00feig \u00ed m\u00f3\u00f0url\u00edfi og hj\u00e1lpar \u00fe\u00e9r:<br \/>\u00d3ttast ekki, Jakob, \u00fej\u00f3nn minn,<br \/>Jesj\u00far\u00fan sem \u00e9g hef \u00fatvali\u00f0<br \/> <\/span> <span class=\"ljodatexti\"> <a name=\"3\"><span class=\"versanumer_ljod\">3<\/span><\/a>\u00fev\u00ed a\u00f0 \u00e9g helli vatni yfir hi\u00f0 \u00feyrsta land<br \/>og veiti \u00e1m um \u00feurrlendi\u00f0.<br \/>\u00c9g \u00fathelli anda m\u00ednum yfir ni\u00f0ja \u00fe\u00edna<br \/>og blessun minni yfir b\u00f6rn \u00fe\u00edn.<br \/> <\/span> <span class=\"ljodatexti\"> <a name=\"4\"><span class=\"versanumer_ljod\">4<\/span><\/a>\u00deau munu dafna eins og sef vi\u00f0 vatn,<br \/>eins og p\u00edlvi\u00f0ir \u00e1 l\u00e6kjarb\u00f6kkum.<br \/> <\/span> <span class=\"ljodatexti\"> <a name=\"5\"><span class=\"versanumer_ljod\">5<\/span><\/a>Eitt \u00feeirra mun segja: \u201e\u00c9g heyri Drottni til,\u201c<br \/>anna\u00f0 mun nefna sig nafni Jakobs,<br \/>enn anna\u00f0 rita \u00e1 h\u00f6nd s\u00e9r: \u201eEign Drottins\u201c,<br \/>og taka s\u00e9r s\u00e6mdarheiti\u00f0 \u00cdsrael. <\/span> <\/p>\n<h3 class=\"millifyrirsogn_2007\">Gu\u00f0 er einn<\/h3>\n<p><span class=\"ljodatexti\"> <a name=\"6\"><span class=\"versanumer_ljod\">6<\/span><\/a>Svo segir Drottinn, konungur \u00cdsraels,<br \/>lausnarinn, Drottinn allsherjar:<br \/>\u00c9g er hinn fyrsti og \u00e9g er hinn s\u00ed\u00f0asti.<br \/>Enginn Gu\u00f0 er nema \u00e9g.<br \/> <\/span> <span class=\"ljodatexti\"> <a name=\"7\"><span class=\"versanumer_ljod\">7<\/span><\/a>Hver er sem \u00e9g? <br \/>Hann gangi fram og tali<br \/>og l\u00fdsi \u00fev\u00ed yfir, <br \/>sk\u00fdri m\u00e9r fr\u00e1 \u00fev\u00ed.<br \/>Hver sag\u00f0i fyrir um framt\u00ed\u00f0ina \u00ed upphafi?<br \/> <\/span> <span class=\"ljodatexti\"> <a name=\"8\"><span class=\"versanumer_ljod\">8<\/span><\/a>Skelfist ekki og l\u00e1ti\u00f0 ekki hugfallast.<br \/>L\u00e9t \u00e9g y\u00f0ur ekki heyra \u00feetta, <br \/>bo\u00f0a\u00f0i \u00fea\u00f0 fr\u00e1 \u00f6ndver\u00f0u?<br \/>\u00de\u00e9r eru\u00f0 vitni m\u00edn.<br \/>Er nokkur annar Gu\u00f0 en \u00e9g?<br \/>Enginn annar klettur er til \u00fea\u00f0 \u00e9g veit. <\/span> <\/p>\n<h3 class=\"millifyrirsogn_2007\">H\u00e1\u00f0syr\u00f0i um hj\u00e1gu\u00f0ad\u00fdrkun<\/h3>\n<p><span class=\"ljodatexti\"> <a name=\"9\"><span class=\"versanumer_ljod\">9<\/span><\/a>\u00deeir sem gera skur\u00f0go\u00f0 eru einskis n\u00fdtir<br \/>og gu\u00f0irnir, sem \u00feeir elska, eru f\u00e1n\u00fdti<br \/>og vitni \u00feeirra sj\u00e1 ekkert,<br \/>vita ekkert og ver\u00f0a s\u00e9r til skammar.<br \/> <\/span> <span class=\"ljodatexti\"> <a name=\"10\"><span class=\"versanumer_ljod\">10<\/span><\/a>Hver gerir skur\u00f0go\u00f0 e\u00f0a steypir l\u00edkneski<br \/>nema til \u00feess a\u00f0 hafa gagn af \u00fev\u00ed?<br \/> <\/span> <span class=\"ljodatexti\"> <a name=\"11\"><span class=\"versanumer_ljod\">11<\/span><\/a>Allir sem rei\u00f0a sig \u00e1 \u00fea\u00f0 ver\u00f0a s\u00e9r til skammar.<br \/>Smi\u00f0irnir eru a\u00f0eins menn,<br \/>\u00feeir \u00e6ttu a\u00f0 safnast saman og taka s\u00e9r st\u00f6\u00f0u, <span class=\"nedan_mal\" title=\" \u00de.e. frammi fyrir Drottni. \">[<\/span> <br \/>\u00feeir mundu allir skelfast og ver\u00f0a s\u00e9r til skammar.<br \/> <\/span> <span class=\"ljodatexti\"> <a name=\"12\"><span class=\"versanumer_ljod\">12<\/span><\/a>J\u00e1rnsmi\u00f0ur vinnur verk sitt vi\u00f0 gl\u00f3\u00f0ir, <span class=\"nedan_mal\" title=\" Annar lesh\u00e1ttur: J\u00e1rnsmi\u00f0ur hvessir \u00f6xi. \">[<\/span> <br \/>sl\u00e6r sm\u00ed\u00f0i s\u00edna til me\u00f0 hamri<br \/>og m\u00f3tar hana me\u00f0 sterkum armi. <br \/>\u00deegar hann hungrar missir hann m\u00e1ttinn,<br \/>f\u00e1i hann ekki vatn a\u00f0 drekka \u00fereytist hann.<br \/> <\/span> <span class=\"ljodatexti\"> <a name=\"13\"><span class=\"versanumer_ljod\">13<\/span><\/a>Tr\u00e9smi\u00f0ur m\u00e6lir me\u00f0 \u00fer\u00e6\u00f0i,<br \/>dregur upp \u00fatl\u00ednur me\u00f0 kr\u00edt,<br \/>sker \u00fat vi\u00f0inn me\u00f0 hn\u00edfi s\u00ednum,<br \/>markar fyrir me\u00f0 sirkli<br \/>og gerir mannsmynd,<br \/>fr\u00ed\u00f0leiksmann sem \u00e1 a\u00f0 b\u00faa \u00ed h\u00fasi.<br \/> <\/span> <span class=\"ljodatexti\"> <a name=\"14\"><span class=\"versanumer_ljod\">14<\/span><\/a>Hann fellir sedrustr\u00e9, velur s\u00e9r steineik e\u00f0a a\u00f0ra eik,<br \/>l\u00e6tur tr\u00e9n vaxa innan um \u00f6nnur sk\u00f3gartr\u00e9.<br \/>Hann gr\u00f3\u00f0ursetur ask sem regni\u00f0 veitir v\u00f6xt<br \/> <\/span> <span class=\"ljodatexti\"> <a name=\"15\"><span class=\"versanumer_ljod\">15<\/span><\/a>svo a\u00f0 hann n\u00fdtist m\u00f6nnum til eldivi\u00f0ar.<br \/>Hann tekur nokku\u00f0 af vi\u00f0num og ornar s\u00e9r,<br \/>kveikir eld vi\u00f0 hluta hans og bakar brau\u00f0,<br \/>\u00far nokkru gerir hann gu\u00f0 og fellur fram fyrir honum,<br \/>m\u00f3tar hann sem l\u00edkneski og kr\u00fdpur fyrir \u00fev\u00ed.<br \/> <\/span> <span class=\"ljodatexti\"> <a name=\"16\"><span class=\"versanumer_ljod\">16<\/span><\/a>Helminginn af vi\u00f0num brennir hann \u00ed eldi,<br \/>\u00e1 gl\u00f3\u00f0inni steikir hann kj\u00f6t,<br \/>etur steik og ver\u00f0ur saddur,<br \/>hl\u00fdjar s\u00e9r og segir:<br \/>\u201eN\u00fa er m\u00e9r vel heitt, \u00e9g n\u00fdt eldsins.\u201c<br \/> <\/span> <span class=\"ljodatexti\"> <a name=\"17\"><span class=\"versanumer_ljod\">17<\/span><\/a>\u00dar \u00fev\u00ed sem gengur af gerir hann s\u00e9r gu\u00f0,<br \/>skur\u00f0go\u00f0 sem hann kr\u00fdpur fyrir, tilbi\u00f0ur og segir:<br \/>\u201eHj\u00e1lpa m\u00e9r \u00fev\u00ed a\u00f0 \u00fe\u00fa ert gu\u00f0 minn.\u201c<br \/> <\/span> <span class=\"ljodatexti\"> <a name=\"18\"><span class=\"versanumer_ljod\">18<\/span><\/a>\u00deeir skynja hvorki n\u00e9 skilja<br \/>\u00fev\u00ed a\u00f0 augu \u00feeirra eru loku\u00f0<br \/>svo a\u00f0 \u00feeir sj\u00e1 ekki,<br \/>og hj\u00f6rtu \u00feeirra einnig<br \/>svo a\u00f0 \u00feeir skilja ekki.<br \/> <\/span> <span class=\"ljodatexti\"> <a name=\"19\"><span class=\"versanumer_ljod\">19<\/span><\/a>Hann <span class=\"nedan_mal\" title=\" \u00de.e. skur\u00f0go\u00f0asmi\u00f0urinn. \">[<\/span> hugsar ekki neitt,<br \/>hefur hvorki skyn n\u00e9 skilning til a\u00f0 segja:<br \/>\u201e\u00c9g brenndi helming vi\u00f0arins \u00ed eldi<br \/>og baka\u00f0i brau\u00f0 vi\u00f0 gl\u00e6\u00f0urnar,<br \/>steikti \u00e1 \u00feeim kj\u00f6t og neytti<br \/>en \u00far \u00fev\u00ed sem eftir var ger\u00f0i \u00e9g m\u00e9r vi\u00f0urstygg\u00f0<br \/>og \u00e9g kraup fyrir trj\u00e1drumbi.\u201c<br \/> <\/span> <span class=\"ljodatexti\"> <a name=\"20\"><span class=\"versanumer_ljod\">20<\/span><\/a>\u00deann mann, sem s\u00e6kist eftir \u00f6sku,<br \/>hefur t\u00e1ldregi\u00f0 hjarta blekkt<br \/>og hann bjargar ekki l\u00edfi s\u00ednu<br \/>og segir: \u201eEr \u00fea\u00f0 ekki t\u00e1l<br \/>sem \u00e9g hef \u00ed h\u00e6gri hendi?\u201c <\/span> <\/p>\n<h3 class=\"millifyrirsogn_2007\">Drottinn skapar og endurleysir<\/h3>\n<p><span class=\"ljodatexti\"> <a name=\"21\"><span class=\"versanumer_ljod\">21<\/span><\/a>Minnstu \u00feess, Jakob, og \u00fe\u00fa, \u00cdsrael,<br \/>a\u00f0 \u00fe\u00fa ert \u00fej\u00f3nn minn.<br \/>\u00c9g skapa\u00f0i \u00feig, \u00fe\u00fa ert \u00fej\u00f3nn minn,<br \/>\u00cdsrael, \u00fe\u00e9r gleymi \u00e9g ekki.<br \/> <\/span> <span class=\"ljodatexti\"> <a name=\"22\"><span class=\"versanumer_ljod\">22<\/span><\/a> \u00c9g feykti burt afbrotum \u00fe\u00ednum eins og sk\u00fdi,<br \/>syndum \u00fe\u00ednum l\u00edkt og \u00feoku.<br \/>Hverf aftur til m\u00edn \u00fev\u00ed a\u00f0 \u00e9g hef endurleyst \u00feig.<br \/> <\/span> <span class=\"ljodatexti\"> <a name=\"23\"><span class=\"versanumer_ljod\">23<\/span><\/a> Fagna\u00f0u, himinn, \u00fev\u00ed a\u00f0 Drottinn hefur gert \u00feetta,<br \/>gle\u00f0jist, undirdj\u00fap jar\u00f0ar.<br \/>Hefji\u00f0 fagna\u00f0ar\u00f3p, \u00fe\u00e9r fj\u00f6ll,<br \/>sk\u00f3gurinn og \u00f6ll tr\u00e9 \u00ed honum,<br \/>\u00fev\u00ed a\u00f0 Drottinn hefur endurleyst Jakob<br \/>og birt d\u00fdr\u00f0 s\u00edna \u00ed \u00cdsrael.<br \/> <\/span> <span class=\"ljodatexti\"> <a name=\"24\"><span class=\"versanumer_ljod\">24<\/span><\/a> Svo segir Drottinn, lausnari \u00feinn,<br \/>s\u00e1 sem mynda\u00f0i \u00feig \u00ed m\u00f3\u00f0url\u00edfi:<br \/>\u00c9g er Drottinn sem skapa\u00f0i allt,<br \/>\u00e9g einn \u00feandi \u00fat himininn<br \/>og breiddi \u00fat j\u00f6r\u00f0ina hj\u00e1lparlaust,<br \/> <\/span> <span class=\"ljodatexti\"> <a name=\"25\"><span class=\"versanumer_ljod\">25<\/span><\/a> \u00e9g \u00f3n\u00fdti t\u00e1kn sp\u00e1presta<br \/>og geri sp\u00e1sagnamenn a\u00f0 f\u00edflum<br \/>og vitringa afturreka<br \/>og visku \u00feeirra a\u00f0 heimsku.<br \/> <\/span> <span class=\"ljodatexti\"> <a name=\"26\"><span class=\"versanumer_ljod\">26<\/span><\/a> \u00c9g l\u00e6t or\u00f0 \u00fej\u00f3na minna r\u00e6tast<br \/>og geri \u00fea\u00f0 sem sendimenn m\u00ednir bo\u00f0a.<br \/> <\/span> <span class=\"ljodatexti\"> <a name=\"27\"><span class=\"versanumer_ljod\">27<\/span><\/a> \u00c9g segi vi\u00f0 Jer\u00fasalem: \u201e\u00de\u00fa ver\u00f0ur bygg\u00f0 aftur,\u201c<br \/>og vi\u00f0 borgirnar \u00ed J\u00fada: \u201e\u00de\u00e9r ver\u00f0i\u00f0 endurreistar,\u201c<br \/>\u00e9g reisi \u00fe\u00e6r aftur \u00far r\u00fastum.<br \/>\u00c9g segi vi\u00f0 hafi\u00f0: \u201e\u00deorna \u00fe\u00fa upp,<br \/>\u00e9g \u00feurrka upp \u00e1r \u00fe\u00ednar.\u201c<br \/> <\/span> <span class=\"ljodatexti\"> <a name=\"28\"><span class=\"versanumer_ljod\">28<\/span><\/a> \u00c9g segi vi\u00f0 K\u00fdrus: \u201e\u00de\u00fa ert hir\u00f0ir minn,\u201c<br \/>allt, sem m\u00e9r \u00fe\u00f3knast, framkv\u00e6mir hann<br \/>me\u00f0 \u00fev\u00ed a\u00f0 segja vi\u00f0 Jer\u00fasalem: \u201e\u00de\u00fa ver\u00f0ur endurreist<br \/>og grunnur musterisins lag\u00f0ur.\u201c <\/span> <\/p>\n","protected":false},"excerpt":{"rendered":"<p>Blessun yfir \u00cdsrael 1Hl\u00fd\u00f0 \u00fe\u00fa \u00e1, Jakob, \u00fej\u00f3nn minn,og \u00cdsrael sem \u00e9g hef \u00fatvali\u00f0. 2Svo segir Drottinn sem skapa\u00f0i \u00feig,m\u00f3ta\u00f0i \u00feig \u00ed m\u00f3\u00f0url\u00edfi og hj\u00e1lpar \u00fe\u00e9r:\u00d3ttast ekki, Jakob, \u00fej\u00f3nn minn,Jesj\u00far\u00fan sem \u00e9g hef \u00fatvali\u00f0 3\u00fev\u00ed a\u00f0 \u00e9g helli vatni yfir hi\u00f0 \u00feyrsta landog veiti \u00e1m um \u00feurrlendi\u00f0.\u00c9g \u00fathelli anda m\u00ednum yfir ni\u00f0ja \u00fe\u00ednaog blessun minni yfir b\u00f6rn \u00fe\u00edn. 4\u00deau munu dafna eins og sef vi\u00f0 vatn,eins og p\u00edlvi\u00f0ir \u00e1 l\u00e6kjarb\u00f6kkum. 5Eitt \u00feeirra mun segja: \u201e\u00c9g heyri Drottni til,\u201canna\u00f0 mun nefna sig nafni Jakobs,enn anna\u00f0 rita \u00e1 h\u00f6nd s\u00e9r: \u201eEign Drottins\u201c,og taka s\u00e9r s\u00e6mdarheiti\u00f0 \u00cdsrael. Gu\u00f0 er einn 6Svo segir Drottinn, <a href=\"https:\/\/biblian.is\/biblian\/jesaja-44-kafli\/\"> [&#8230;]<\/a><\/p>\n","protected":false},"author":1,"featured_media":0,"parent":0,"menu_order":0,"comment_status":"open","ping_status":"open","template":"bibliukaflar_NT.php","meta":{"footnotes":""},"class_list":["post-2340","page","type-page","status-publish","hentry"],"_links":{"self":[{"href":"https:\/\/biblian.is\/biblian\/wp-json\/wp\/v2\/pages\/2340","targetHints":{"allow":["GET"]}}],"collection":[{"href":"https:\/\/biblian.is\/biblian\/wp-json\/wp\/v2\/pages"}],"about":[{"href":"https:\/\/biblian.is\/biblian\/wp-json\/wp\/v2\/types\/page"}],"author":[{"embeddable":true,"href":"https:\/\/biblian.is\/biblian\/wp-json\/wp\/v2\/users\/1"}],"replies":[{"embeddable":true,"href":"https:\/\/biblian.is\/biblian\/wp-json\/wp\/v2\/comments?post=2340"}],"version-history":[{"count":0,"href":"https:\/\/biblian.is\/biblian\/wp-json\/wp\/v2\/pages\/2340\/revisions"}],"wp:attachment":[{"href":"https:\/\/biblian.is\/biblian\/wp-json\/wp\/v2\/media?parent=2340"}],"curies":[{"name":"wp","href":"https:\/\/api.w.org\/{rel}","templated":true}]}}