{"id":2339,"date":"2017-12-30T21:02:47","date_gmt":"2017-12-30T21:02:47","guid":{"rendered":"http:\/\/biblian.is\/biblian\/jesaja-43-kafli\/"},"modified":"2024-05-06T22:28:30","modified_gmt":"2024-05-06T22:28:30","slug":"jesaja-43-kafli","status":"publish","type":"page","link":"https:\/\/biblian.is\/biblian\/jesaja-43-kafli\/","title":{"rendered":"Jesaja 43. kafli"},"content":{"rendered":"<h3 class=\"millifyrirsogn_2007\"> Endurlausn \u00cdsraels<\/h3>\n<p><span class=\"ljodatexti\"> <a name=\"1\"><span class=\"versanumer_ljod\">1<\/span><\/a>En n\u00fa segir Drottinn svo,<br \/>s\u00e1 sem sk\u00f3p \u00feig, Jakob,<br \/>og mynda\u00f0i \u00feig, \u00cdsrael:<br \/>\u00d3ttast \u00fe\u00fa ekki \u00fev\u00ed a\u00f0 \u00e9g frelsa \u00feig,<br \/>\u00e9g kalla \u00e1 \u00feig me\u00f0 nafni, <br \/>\u00fe\u00fa ert minn.<br \/> <\/span> <span class=\"ljodatexti\"> <a name=\"2\"><span class=\"versanumer_ljod\">2<\/span><\/a>Gangir \u00fe\u00fa gegnum v\u00f6tnin<br \/>er \u00e9g me\u00f0 \u00fe\u00e9r,<br \/>gegnum vatnsf\u00f6llin, <br \/>\u00fe\u00e1 fl\u00e6\u00f0a \u00feau ekki yfir \u00feig. <br \/>Gangir \u00fe\u00fa gegnum eld<br \/>skalt \u00fe\u00fa ekki brenna \u00feig<br \/>og loginn mun ekki granda \u00fe\u00e9r. <br \/> <\/span> <span class=\"ljodatexti\"> <a name=\"3\"><span class=\"versanumer_ljod\">3<\/span><\/a>\u00dev\u00ed a\u00f0 \u00e9g, Drottinn, er Gu\u00f0 \u00feinn,<br \/>\u00e9g, Hinn heilagi \u00cdsraels, frelsari \u00feinn.<br \/>\u00c9g l\u00e6t Egyptaland \u00ed lausnargjald fyrir \u00feig,<br \/>K\u00fas og Seba \u00ed \u00feinn sta\u00f0,<br \/> <\/span> <span class=\"ljodatexti\"> <a name=\"4\"><span class=\"versanumer_ljod\">4<\/span><\/a>\u00fear sem \u00fe\u00fa ert d\u00fdrm\u00e6tur \u00ed augum m\u00ednum,<br \/>mikils metinn og \u00e9g elska \u00feig.<br \/>\u00c9g legg menn \u00ed s\u00f6lurnar fyrir \u00feig <span class=\"nedan_mal\" title=\" Annar lesh\u00e1ttur: \u00c9g l\u00e6t l\u00f6nd fyrir \u00feig. \">[<\/span> <br \/>og \u00fej\u00f3\u00f0ir fyrir l\u00edf \u00feitt.<br \/> <\/span> <span class=\"ljodatexti\"> <a name=\"5\"><span class=\"versanumer_ljod\">5<\/span><\/a>\u00d3ttast \u00fe\u00fa ekki<br \/>\u00fev\u00ed a\u00f0 \u00e9g er me\u00f0 \u00fe\u00e9r.<br \/>\u00c9g mun flytja ni\u00f0ja \u00fe\u00edna \u00far austri<br \/>og safna \u00fe\u00e9r saman \u00far vestri.<br \/> <\/span> <span class=\"ljodatexti\"> <a name=\"6\"><span class=\"versanumer_ljod\">6<\/span><\/a>\u00c9g segi vi\u00f0 nor\u00f0ri\u00f0: \u201eSlepptu \u00feeim,\u201c<br \/>og vi\u00f0 su\u00f0ri\u00f0: \u201eL\u00e1t \u00fe\u00e1 lausa.<br \/>Komdu me\u00f0 syni m\u00edna heim \u00far fjarl\u00e6g\u00f0<br \/>og d\u00e6tur m\u00ednar fr\u00e1 endim\u00f6rkum jar\u00f0ar,<br \/> <\/span> <span class=\"ljodatexti\"> <a name=\"7\"><span class=\"versanumer_ljod\">7<\/span><\/a>s\u00e9rhvern \u00feann sem vi\u00f0 nafn mitt er kenndur,<br \/>\u00fev\u00ed a\u00f0 \u00e9g hef skapa\u00f0 hann m\u00e9r til d\u00fdr\u00f0ar,<br \/>mynda\u00f0 hann og m\u00f3ta\u00f0.\u201c<br \/> <\/span> <span class=\"ljodatexti\"> <a name=\"8\"><span class=\"versanumer_ljod\">8<\/span><\/a>F\u00e6ri\u00f0 fram hina blindu \u00fej\u00f3\u00f0<br \/>sem \u00fe\u00f3 hefur augu<br \/>og hina heyrnarlausu menn<br \/>sem \u00fe\u00f3 hafa eyru.<br \/> <\/span> <span class=\"ljodatexti\"> <a name=\"9\"><span class=\"versanumer_ljod\">9<\/span><\/a>Allar \u00fej\u00f3\u00f0ir skulu safnast \u00ed einn h\u00f3p<br \/>og l\u00fd\u00f0irnir koma saman.<br \/>Hver \u00feeirra gat bo\u00f0a\u00f0 \u00feetta<br \/>og sk\u00fdrt oss fr\u00e1 \u00fev\u00ed sem var\u00f0? <br \/>Lei\u00f0i \u00feeir fram vitni s\u00edn<br \/>og f\u00e6ri s\u00f6nnur \u00e1 m\u00e1l sitt<br \/>svo a\u00f0 \u00feeir sem heyra segi: \u201e\u00deetta er r\u00e9tt.\u201c<br \/> <\/span> <span class=\"ljodatexti\"> <a name=\"10\"><span class=\"versanumer_ljod\">10<\/span><\/a>\u00de\u00e9r eru\u00f0 vottar m\u00ednir, segir Drottinn,<br \/>\u00fej\u00f3nn minn sem \u00e9g hef \u00fatvali\u00f0<br \/>svo a\u00f0 \u00fe\u00e9r viti\u00f0 og tr\u00fai\u00f0 m\u00e9r.<br \/>Skilji\u00f0 a\u00f0 \u00e9g er hann. <span class=\"nedan_mal\" title=\" \u00de.e. hinn eini Gu\u00f0. \">[<\/span> <br \/>Enginn gu\u00f0 var mynda\u00f0ur \u00e1 undan m\u00e9r<br \/>og eftir mig ver\u00f0ur enginn til.<br \/> <\/span> <span class=\"ljodatexti\"> <a name=\"11\"><span class=\"versanumer_ljod\">11<\/span><\/a>\u00c9g er Drottinn, \u00e9g einn,<br \/>og enginn frelsari er til nema \u00e9g.<br \/> <\/span> <span class=\"ljodatexti\"> <a name=\"12\"><span class=\"versanumer_ljod\">12<\/span><\/a>\u00dea\u00f0 var \u00e9g sem bo\u00f0a\u00f0i, frelsa\u00f0i og kunngj\u00f6r\u00f0i \u00feetta<br \/>en enginn framandi gu\u00f0 \u00e1 me\u00f0al y\u00f0ar.<br \/>\u00de\u00e9r eru\u00f0 vottar m\u00ednir, segir Drottinn,<br \/>a\u00f0 \u00fea\u00f0 er \u00e9g sem er Gu\u00f0.<br \/> <\/span> <span class=\"ljodatexti\"> <a name=\"13\"><span class=\"versanumer_ljod\">13<\/span><\/a>H\u00e9\u00f0an \u00ed fr\u00e1 er \u00e9g einnig hinn sami, <br \/>enginn hrifsar neitt \u00far hendi minni,<br \/>\u00e9g framkv\u00e6mi, hver f\u00e6r aftra\u00f0 \u00fev\u00ed? <\/span> <\/p>\n<h3 class=\"millifyrirsogn_2007\">Vegur um ey\u00f0im\u00f6rkina<\/h3>\n<p><span class=\"ljodatexti\"> <a name=\"14\"><span class=\"versanumer_ljod\">14<\/span><\/a>Svo segir Drottinn, lausnari y\u00f0ar, Hinn heilagi \u00cdsraels:<br \/>Y\u00f0ar vegna sendi \u00e9g til Bab\u00fdlonar,<br \/>r\u00edf ni\u00f0ur alla slagbranda<br \/>en f\u00f6gnu\u00f0ur Kaldea ver\u00f0ur harmakvein. <span class=\"nedan_mal\" title=\" \u00d6nnur hugsanleg \u00fe\u00fd\u00f0ing: en Kaldear ver\u00f0a lag\u00f0ir \u00ed hlekki.\">[<\/span> <br \/> <\/span> <span class=\"ljodatexti\"> <a name=\"15\"><span class=\"versanumer_ljod\">15<\/span><\/a>\u00c9g, Drottinn, er y\u00f0ar Heilagi,<br \/>skapari \u00cdsraels er konungur y\u00f0ar.<br \/> <\/span> <span class=\"ljodatexti\"> <a name=\"16\"><span class=\"versanumer_ljod\">16<\/span><\/a>Svo segir Drottinn sem lag\u00f0i veg yfir hafi\u00f0<br \/>og braut yfir hin str\u00f6ngu v\u00f6tn,<br \/> <\/span> <span class=\"ljodatexti\"> <a name=\"17\"><span class=\"versanumer_ljod\">17<\/span><\/a>hann sem leiddi \u00fat vagna og hesta<br \/>\u00e1samt \u00f6flugum her<br \/>en \u00feeir liggja kyrrir og r\u00edsa ekki aftur,<br \/>\u00feeir kulnu\u00f0u \u00fat eins og h\u00f6rkveikur.<br \/> <\/span> <span class=\"ljodatexti\"> <a name=\"18\"><span class=\"versanumer_ljod\">18<\/span><\/a>Minnist hvorki hins li\u00f0na<br \/>n\u00e9 huglei\u00f0i\u00f0 \u00fea\u00f0 sem var. <br \/> <\/span> <span class=\"ljodatexti\"> <a name=\"19\"><span class=\"versanumer_ljod\">19<\/span><\/a>N\u00fa hef \u00e9g n\u00fdtt fyrir stafni,<br \/>n\u00fa \u00feegar vottar fyrir \u00fev\u00ed, <br \/>sj\u00e1i\u00f0 \u00fe\u00e9r \u00fea\u00f0 ekki?<br \/>\u00c9g geri veg um ey\u00f0im\u00f6rkina<br \/>og flj\u00f3t \u00ed au\u00f0ninni.<br \/> <\/span> <span class=\"ljodatexti\"> <a name=\"20\"><span class=\"versanumer_ljod\">20<\/span><\/a>D\u00fdr merkurinnar munu tigna mig,<br \/>sjakalar og str\u00fatar,<br \/>\u00fev\u00ed a\u00f0 \u00e9g l\u00e6t vatn spretta upp \u00ed ey\u00f0im\u00f6rkinni<br \/>og flj\u00f3t \u00ed au\u00f0ninni<br \/>til a\u00f0 svala minni \u00fatv\u00f6ldu \u00fej\u00f3\u00f0.<br \/> <\/span> <span class=\"ljodatexti\"> <a name=\"21\"><span class=\"versanumer_ljod\">21<\/span><\/a>\u00dej\u00f3\u00f0in, sem \u00e9g mynda\u00f0i handa m\u00e9r,<br \/>mun flytja lofgj\u00f6r\u00f0 um mig. <\/span> <\/p>\n<h3 class=\"millifyrirsogn_2007\">Sekt \u00cdsraels fyrirgefin<\/h3>\n<p><span class=\"ljodatexti\"> <a name=\"22\"><span class=\"versanumer_ljod\">22<\/span><\/a> \u00de\u00fa hefur ekki \u00e1kalla\u00f0 mig, Jakob,<br \/>n\u00e9 \u00fereytt \u00feig m\u00edn vegna, \u00cdsrael.<br \/> <\/span> <span class=\"ljodatexti\"> <a name=\"23\"><span class=\"versanumer_ljod\">23<\/span><\/a> \u00de\u00fa f\u00e6r\u00f0ir m\u00e9r ekki l\u00f6mb \u00ed brennif\u00f3rnir<br \/>og tigna\u00f0ir mig ekki me\u00f0 sl\u00e1turf\u00f3rnum \u00fe\u00ednum.<br \/>\u00c9g hef hvorki \u00ed\u00feyngt \u00fe\u00e9r me\u00f0 kornf\u00f3rnum<br \/>n\u00e9 \u00fereytt \u00feig me\u00f0 reykelsisf\u00f3rnum,<br \/> <\/span> <span class=\"ljodatexti\"> <a name=\"24\"><span class=\"versanumer_ljod\">24<\/span><\/a> \u00fe\u00fa hefur hvorki keypt m\u00e9r ilmreyr fyrir f\u00e9<br \/>n\u00e9 satt mig \u00e1 feiti sl\u00e1turf\u00f3rna \u00feinna.<br \/>Nei, \u00fe\u00fa hefur \u00fereytt mig me\u00f0 syndum \u00fe\u00ednum,<br \/>\u00ed\u00feyngt m\u00e9r me\u00f0 sekt \u00feinni.<br \/> <\/span> <span class=\"ljodatexti\"> <a name=\"25\"><span class=\"versanumer_ljod\">25<\/span><\/a> \u00c9g afm\u00e1i afbrot \u00fe\u00edn<br \/>sj\u00e1lfs m\u00edn vegna, \u00e9g einn, <br \/>og minnist ekki synda \u00feinna.<br \/> <\/span> <span class=\"ljodatexti\"> <a name=\"26\"><span class=\"versanumer_ljod\">26<\/span><\/a> Stefndu m\u00e9r, vi\u00f0 skulum eigast l\u00f6g vi\u00f0,<br \/>ver\u00f0u \u00feig svo a\u00f0 \u00fe\u00fa getir r\u00e9ttl\u00e6tt \u00feig.<br \/> <\/span> <span class=\"ljodatexti\"> <a name=\"27\"><span class=\"versanumer_ljod\">27<\/span><\/a> Fyrsti forfa\u00f0ir \u00feinn syndga\u00f0i<br \/>og talsmenn \u00fe\u00ednir brutu gegn m\u00e9r.<br \/> <\/span> <span class=\"ljodatexti\"> <a name=\"28\"><span class=\"versanumer_ljod\">28<\/span><\/a> \u00deess vegna vanhelga\u00f0i \u00e9g hina heil\u00f6gu h\u00f6f\u00f0ingja<br \/>og ofurseldi Jakob banni og \u00cdsrael h\u00e1\u00f0ung. <\/span> <\/p>\n","protected":false},"excerpt":{"rendered":"<p>Endurlausn \u00cdsraels 1En n\u00fa segir Drottinn svo,s\u00e1 sem sk\u00f3p \u00feig, Jakob,og mynda\u00f0i \u00feig, \u00cdsrael:\u00d3ttast \u00fe\u00fa ekki \u00fev\u00ed a\u00f0 \u00e9g frelsa \u00feig,\u00e9g kalla \u00e1 \u00feig me\u00f0 nafni, \u00fe\u00fa ert minn. 2Gangir \u00fe\u00fa gegnum v\u00f6tniner \u00e9g me\u00f0 \u00fe\u00e9r,gegnum vatnsf\u00f6llin, \u00fe\u00e1 fl\u00e6\u00f0a \u00feau ekki yfir \u00feig. Gangir \u00fe\u00fa gegnum eldskalt \u00fe\u00fa ekki brenna \u00feigog loginn mun ekki granda \u00fe\u00e9r. 3\u00dev\u00ed a\u00f0 \u00e9g, Drottinn, er Gu\u00f0 \u00feinn,\u00e9g, Hinn heilagi \u00cdsraels, frelsari \u00feinn.\u00c9g l\u00e6t Egyptaland \u00ed lausnargjald fyrir \u00feig,K\u00fas og Seba \u00ed \u00feinn sta\u00f0, 4\u00fear sem \u00fe\u00fa ert d\u00fdrm\u00e6tur \u00ed augum m\u00ednum,mikils metinn og \u00e9g elska \u00feig.\u00c9g legg menn \u00ed s\u00f6lurnar fyrir \u00feig [ og <a href=\"https:\/\/biblian.is\/biblian\/jesaja-43-kafli\/\"> [&#8230;]<\/a><\/p>\n","protected":false},"author":1,"featured_media":0,"parent":0,"menu_order":0,"comment_status":"open","ping_status":"open","template":"bibliukaflar_NT.php","meta":{"footnotes":""},"class_list":["post-2339","page","type-page","status-publish","hentry"],"_links":{"self":[{"href":"https:\/\/biblian.is\/biblian\/wp-json\/wp\/v2\/pages\/2339","targetHints":{"allow":["GET"]}}],"collection":[{"href":"https:\/\/biblian.is\/biblian\/wp-json\/wp\/v2\/pages"}],"about":[{"href":"https:\/\/biblian.is\/biblian\/wp-json\/wp\/v2\/types\/page"}],"author":[{"embeddable":true,"href":"https:\/\/biblian.is\/biblian\/wp-json\/wp\/v2\/users\/1"}],"replies":[{"embeddable":true,"href":"https:\/\/biblian.is\/biblian\/wp-json\/wp\/v2\/comments?post=2339"}],"version-history":[{"count":0,"href":"https:\/\/biblian.is\/biblian\/wp-json\/wp\/v2\/pages\/2339\/revisions"}],"wp:attachment":[{"href":"https:\/\/biblian.is\/biblian\/wp-json\/wp\/v2\/media?parent=2339"}],"curies":[{"name":"wp","href":"https:\/\/api.w.org\/{rel}","templated":true}]}}