{"id":2322,"date":"2017-12-30T21:02:42","date_gmt":"2017-12-30T21:02:42","guid":{"rendered":"http:\/\/biblian.is\/biblian\/jesaja-26-kafli\/"},"modified":"2024-05-06T22:28:27","modified_gmt":"2024-05-06T22:28:27","slug":"jesaja-26-kafli","status":"publish","type":"page","link":"https:\/\/biblian.is\/biblian\/jesaja-26-kafli\/","title":{"rendered":"Jesaja 26. kafli"},"content":{"rendered":"<h3 class=\"millifyrirsogn_2007\"> Sigurs\u00f6ngur<\/h3>\n<p><a name=\"1\"><span class=\"versanumer_2007\">1<\/span><\/a> \u00c1 \u00feeim degi ver\u00f0ur \u00feetta lj\u00f3\u00f0 sungi\u00f0 \u00ed J\u00fada:<br \/> <span class=\"ljodatexti\"> V\u00e9r eigum rammgera borg,<br \/>m\u00farar og virki voru reist henni til varnar.<br \/> <\/span> <span class=\"ljodatexti\"> <a name=\"2\"><span class=\"versanumer_ljod\">2<\/span><\/a>Lj\u00faki\u00f0 upp hli\u00f0um<br \/>svo a\u00f0 r\u00e9ttl\u00e1t \u00fej\u00f3\u00f0, sem var\u00f0veitir tr\u00fana\u00f0, <br \/>megi inn ganga,<br \/> <\/span> <span class=\"ljodatexti\"> <a name=\"3\"><span class=\"versanumer_ljod\">3<\/span><\/a>\u00fej\u00f3\u00f0 sem hefur st\u00f6\u00f0ugt hugarfar. <br \/>\u00de\u00fa var\u00f0veitir heill hennar<br \/>\u00fev\u00ed a\u00f0 h\u00fan treystir \u00fe\u00e9r.<br \/> <\/span> <span class=\"ljodatexti\"> <a name=\"4\"><span class=\"versanumer_ljod\">4<\/span><\/a>Treysti\u00f0 Drottni um aldur og \u00e6vi<br \/>\u00fev\u00ed a\u00f0 Drottinn er eil\u00edft bjarg.<br \/> <\/span> <span class=\"ljodatexti\"> <a name=\"5\"><span class=\"versanumer_ljod\">5<\/span><\/a>Hann hefur l\u00edtill\u00e6kka\u00f0 \u00fe\u00e1 sem bjuggu \u00e1 h\u00e6\u00f0um, <br \/>steypt hinni h\u00e1reistu borg,<br \/>steypt henni til jar\u00f0ar<br \/>og varpa\u00f0 henni \u00ed dufti\u00f0.<br \/> <\/span> <span class=\"ljodatexti\"> <a name=\"6\"><span class=\"versanumer_ljod\">6<\/span><\/a>H\u00fan var tro\u00f0in f\u00f3tum, <br \/>f\u00f3tum f\u00e1t\u00e6kra,<br \/>tr\u00f6\u00f0ku\u00f0 iljum umkomulausra. <\/span> <\/p>\n<h3 class=\"millifyrirsogn_2007\">R\u00e9ttl\u00e6ti Drottins<\/h3>\n<p><span class=\"ljodatexti\"> <a name=\"7\"><span class=\"versanumer_ljod\">7<\/span><\/a>Bein er braut hins r\u00e9ttl\u00e1ta, <br \/>\u00fe\u00fa jafnar veg hans.<br \/> <\/span> <span class=\"ljodatexti\"> <a name=\"8\"><span class=\"versanumer_ljod\">8<\/span><\/a>V\u00e9r v\u00e6ntum lei\u00f0sagnar d\u00f3ma \u00feinna, Drottinn,<br \/>\u00fer\u00e1um heils hugar nafn \u00feitt og lofst\u00edr.<br \/> <\/span> <span class=\"ljodatexti\"> <a name=\"9\"><span class=\"versanumer_ljod\">9<\/span><\/a>\u00c9g \u00fer\u00e1i \u00feig um n\u00e6tur, <br \/>andi minn leitar \u00fe\u00edn a\u00f0 morgni. <br \/>\u00deegar d\u00f3mum \u00fe\u00ednum er fulln\u00e6gt \u00e1 j\u00f6r\u00f0u<br \/>l\u00e6ra jar\u00f0arb\u00faar r\u00e9ttl\u00e6ti.<br \/> <\/span> <span class=\"ljodatexti\"> <a name=\"10\"><span class=\"versanumer_ljod\">10<\/span><\/a>S\u00e9 \u00f3gu\u00f0legum s\u00fdnd v\u00e6g\u00f0<br \/>l\u00e6rir hann aldrei r\u00e9ttl\u00e6ti<br \/>heldur umturnar r\u00e9tti \u00e1 j\u00f6r\u00f0inni<br \/>og s\u00e9r ekki h\u00e1tign Drottins.<br \/> <\/span> <span class=\"ljodatexti\"> <a name=\"11\"><span class=\"versanumer_ljod\">11<\/span><\/a>Drottinn, h\u00f6nd \u00fe\u00edn er upphafin. <br \/>\u00de\u00f3tt \u00feeir vilji ekki sj\u00e1 \u00fea\u00f0<br \/>hlj\u00f3ta \u00feeir a\u00f0 sj\u00e1 \u00e1kafa \u00feinn vegna \u00fej\u00f3\u00f0arinnar og blyg\u00f0ast s\u00edn.<br \/>Eldur mun gleypa fjandmenn \u00fe\u00edna.<br \/> <\/span> <span class=\"ljodatexti\"> <a name=\"12\"><span class=\"versanumer_ljod\">12<\/span><\/a>Drottinn, \u00fe\u00fa veitir oss fri\u00f0.<br \/>Allt sem oss hefur hlotnast er fr\u00e1 \u00fe\u00e9r komi\u00f0.<br \/> <\/span> <span class=\"ljodatexti\"> <a name=\"13\"><span class=\"versanumer_ljod\">13<\/span><\/a>Drottinn, Gu\u00f0 vor, a\u00f0rir drottnar en \u00fe\u00fa hafa r\u00edkt yfir oss<br \/>en v\u00e9r minnumst a\u00f0eins \u00fe\u00edn, nafns \u00fe\u00edns.<br \/> <\/span> <span class=\"ljodatexti\"> <a name=\"14\"><span class=\"versanumer_ljod\">14<\/span><\/a>Dau\u00f0ir lifna ekki, skuggar r\u00edsa ekki upp. <br \/>\u00de\u00fa hefur refsa\u00f0 \u00feeim og eytt \u00feeim,<br \/>\u00fe\u00fa afm\u00e1\u00f0ir alla minningu um \u00fe\u00e1. <br \/> <\/span> <span class=\"ljodatexti\"> <a name=\"15\"><span class=\"versanumer_ljod\">15<\/span><\/a>\u00de\u00fa hefur fj\u00f6lga\u00f0 \u00fej\u00f3\u00f0inni, Drottinn, \u00fe\u00fa hefur fj\u00f6lga\u00f0 \u00fej\u00f3\u00f0inni.<br \/>\u00de\u00fa hefur gert \u00feig d\u00fdrlegan og f\u00e6rt \u00fat \u00f6ll landam\u00e6ri.<br \/> <\/span> <span class=\"ljodatexti\"> <a name=\"16\"><span class=\"versanumer_ljod\">16<\/span><\/a>Drottinn, \u00ed ney\u00f0inni leitu\u00f0um v\u00e9r \u00fe\u00edn,<br \/>\u00ed \u00ferengingunum, \u00feegar \u00fe\u00fa refsa\u00f0ir oss, hr\u00f3pu\u00f0um v\u00e9r til \u00fe\u00edn.<br \/> <\/span> <span class=\"ljodatexti\"> <a name=\"17\"><span class=\"versanumer_ljod\">17<\/span><\/a>Eins og \u00feungu\u00f0 kona, komin a\u00f0 \u00fev\u00ed a\u00f0 f\u00e6\u00f0a,<br \/>hefur hr\u00ed\u00f0ir og hlj\u00f3\u00f0ar af kv\u00f6lum,<br \/>eins vorum v\u00e9r frammi fyrir \u00fe\u00e9r, Drottinn.<br \/> <\/span> <span class=\"ljodatexti\"> <a name=\"18\"><span class=\"versanumer_ljod\">18<\/span><\/a>V\u00e9r vorum \u00feungu\u00f0, fengum hr\u00ed\u00f0ir<br \/>en \u00fea\u00f0 sem f\u00e6ddist var sem vindur.<br \/>V\u00e9r f\u00e6r\u00f0um j\u00f6r\u00f0inni enga hj\u00e1lp,<br \/>engir jar\u00f0arb\u00faar f\u00e6ddust.<br \/> <\/span> <span class=\"ljodatexti\"> <a name=\"19\"><span class=\"versanumer_ljod\">19<\/span><\/a>Menn \u00fe\u00ednir, <span class=\"nedan_mal\" title=\" \u00de.e. Drottins.\">[<\/span> sem d\u00e1nir eru, munu lifna, <br \/>l\u00edk \u00feeirra r\u00edsa upp.<br \/>\u00deeir sem \u00ed moldinni b\u00faa munu vakna og fagna.<br \/>\u00dear sem d\u00f6gg \u00fe\u00edn er d\u00f6gg lj\u00f3ssins<br \/>mun j\u00f6r\u00f0in f\u00e6\u00f0a \u00fe\u00e1 sem d\u00e1nir eru. <span class=\"nedan_mal\" title=\" Annar lesh\u00e1ttur: l\u00e6tur \u00fe\u00fa hana falla \u00e1 ver\u00f6ld skuggans.\">[<\/span> <br \/> <\/span> <span class=\"ljodatexti\"> <a name=\"20\"><span class=\"versanumer_ljod\">20<\/span><\/a>Gakktu, \u00fej\u00f3\u00f0 m\u00edn, inn \u00ed herbergi \u00fe\u00edn<br \/>og l\u00e6stu dyrum \u00e1 eftir \u00fe\u00e9r,<br \/>feldu \u00feig skamma hr\u00ed\u00f0<br \/>uns rei\u00f0in er li\u00f0in hj\u00e1. <\/span> <\/p>\n<h3 class=\"millifyrirsogn_2007\">Endurlausn \u00cdsraels<\/h3>\n<p><span class=\"ljodatexti\"> <a name=\"21\"><span class=\"versanumer_ljod\">21<\/span><\/a>Drottinn heldur fr\u00e1 b\u00fasta\u00f0 s\u00ednum<br \/>til a\u00f0 refsa \u00edb\u00faum jar\u00f0arinnar fyrir misgj\u00f6r\u00f0 \u00feeirra.<br \/>\u00de\u00e1 mun j\u00f6r\u00f0in l\u00e1ta birtast bl\u00f3\u00f0i\u00f0 sem \u00e1 henni var \u00fathellt<br \/>og ekki hylja \u00fe\u00e1 lengur sem \u00e1 henni voru vegnir.<br \/> <\/span><\/p>\n","protected":false},"excerpt":{"rendered":"<p>Sigurs\u00f6ngur 1 \u00c1 \u00feeim degi ver\u00f0ur \u00feetta lj\u00f3\u00f0 sungi\u00f0 \u00ed J\u00fada: V\u00e9r eigum rammgera borg,m\u00farar og virki voru reist henni til varnar. 2Lj\u00faki\u00f0 upp hli\u00f0umsvo a\u00f0 r\u00e9ttl\u00e1t \u00fej\u00f3\u00f0, sem var\u00f0veitir tr\u00fana\u00f0, megi inn ganga, 3\u00fej\u00f3\u00f0 sem hefur st\u00f6\u00f0ugt hugarfar. \u00de\u00fa var\u00f0veitir heill hennar\u00fev\u00ed a\u00f0 h\u00fan treystir \u00fe\u00e9r. 4Treysti\u00f0 Drottni um aldur og \u00e6vi\u00fev\u00ed a\u00f0 Drottinn er eil\u00edft bjarg. 5Hann hefur l\u00edtill\u00e6kka\u00f0 \u00fe\u00e1 sem bjuggu \u00e1 h\u00e6\u00f0um, steypt hinni h\u00e1reistu borg,steypt henni til jar\u00f0arog varpa\u00f0 henni \u00ed dufti\u00f0. 6H\u00fan var tro\u00f0in f\u00f3tum, f\u00f3tum f\u00e1t\u00e6kra,tr\u00f6\u00f0ku\u00f0 iljum umkomulausra. R\u00e9ttl\u00e6ti Drottins 7Bein er braut hins r\u00e9ttl\u00e1ta, \u00fe\u00fa jafnar veg hans. 8V\u00e9r v\u00e6ntum lei\u00f0sagnar d\u00f3ma <a href=\"https:\/\/biblian.is\/biblian\/jesaja-26-kafli\/\"> [&#8230;]<\/a><\/p>\n","protected":false},"author":1,"featured_media":0,"parent":0,"menu_order":0,"comment_status":"open","ping_status":"open","template":"bibliukaflar_NT.php","meta":{"footnotes":""},"class_list":["post-2322","page","type-page","status-publish","hentry"],"_links":{"self":[{"href":"https:\/\/biblian.is\/biblian\/wp-json\/wp\/v2\/pages\/2322","targetHints":{"allow":["GET"]}}],"collection":[{"href":"https:\/\/biblian.is\/biblian\/wp-json\/wp\/v2\/pages"}],"about":[{"href":"https:\/\/biblian.is\/biblian\/wp-json\/wp\/v2\/types\/page"}],"author":[{"embeddable":true,"href":"https:\/\/biblian.is\/biblian\/wp-json\/wp\/v2\/users\/1"}],"replies":[{"embeddable":true,"href":"https:\/\/biblian.is\/biblian\/wp-json\/wp\/v2\/comments?post=2322"}],"version-history":[{"count":0,"href":"https:\/\/biblian.is\/biblian\/wp-json\/wp\/v2\/pages\/2322\/revisions"}],"wp:attachment":[{"href":"https:\/\/biblian.is\/biblian\/wp-json\/wp\/v2\/media?parent=2322"}],"curies":[{"name":"wp","href":"https:\/\/api.w.org\/{rel}","templated":true}]}}