{"id":2317,"date":"2017-12-30T21:02:36","date_gmt":"2017-12-30T21:02:36","guid":{"rendered":"http:\/\/biblian.is\/biblian\/jesaja-21-kafli\/"},"modified":"2024-05-06T22:28:26","modified_gmt":"2024-05-06T22:28:26","slug":"jesaja-21-kafli","status":"publish","type":"page","link":"https:\/\/biblian.is\/biblian\/jesaja-21-kafli\/","title":{"rendered":"Jesaja 21. kafli"},"content":{"rendered":"<h3 class=\"millifyrirsogn_2007\"> Fall Bab\u00fdlonar<\/h3>\n<p><a name=\"1\"><span class=\"versanumer_2007\">1<\/span><\/a> Bo\u00f0skapur um ey\u00f0im\u00f6rkina vi\u00f0 hafi\u00f0: <br \/> <span class=\"ljodatexti\"> Eins og stormar,<br \/>sem \u00e6\u00f0a yfir Su\u00f0urlandi\u00f0,<br \/>kemur hann \u00far ey\u00f0im\u00f6rkinni,<br \/>hinu \u00f3gnvekjandi landi.<br \/> <\/span> <span class=\"ljodatexti\"> <a name=\"2\"><span class=\"versanumer_ljod\">2<\/span><\/a>M\u00e9r var birt \u00feungb\u00e6r opinberun:<br \/>\u201eSvikarinn sv\u00edkur,<br \/>r\u00e6ninginn r\u00e6nir.<br \/>Geri\u00f0 \u00e1r\u00e1s, Elam\u00edtar,<br \/>hefji\u00f0 ums\u00e1tur, Medar.<br \/>\u00c9g l\u00e6t \u00f6llum andv\u00f6rpum linna.\u201c <br \/> <\/span> <span class=\"ljodatexti\"> <a name=\"3\"><span class=\"versanumer_ljod\">3<\/span><\/a>\u00deess vegna skj\u00e1lfa lendar m\u00ednar,<br \/>s\u00e1rir stingir gagntaka mig<br \/>l\u00edkt og hr\u00ed\u00f0ir j\u00f3\u00f0sj\u00fakrar konu.<br \/>\u00c9g engist svo a\u00f0 \u00e9g heyri ekkert,<br \/>\u00e9g skelfist svo a\u00f0 \u00e9g s\u00e9 ekkert.<br \/> <\/span> <span class=\"ljodatexti\"> <a name=\"4\"><span class=\"versanumer_ljod\">4<\/span><\/a>Hjarta mitt er r\u00e1\u00f0villt,<br \/>\u00e9g er fullur skelfingar.<br \/>R\u00f6kkri\u00f0, sem \u00e9g \u00fer\u00e1\u00f0i,<br \/>ger\u00f0i hann m\u00e9r a\u00f0 hryllingi. <br \/> <\/span> <span class=\"ljodatexti\"> <a name=\"5\"><span class=\"versanumer_ljod\">5<\/span><\/a>Lagt er \u00e1 bor\u00f0,<br \/>sessur lag\u00f0ar fram,<br \/>\u00fea\u00f0 er eti\u00f0 og drukki\u00f0.<br \/>\u201eB\u00fai\u00f0 y\u00f0ur, h\u00f6f\u00f0ingjar.<br \/>Beri\u00f0 ol\u00edu \u00e1 skildina,\u201c<br \/> <\/span> <span class=\"ljodatexti\"> <a name=\"6\"><span class=\"versanumer_ljod\">6<\/span><\/a>\u00fev\u00ed a\u00f0 svo sag\u00f0i Drottinn vi\u00f0 mig: <br \/>\u201eFar\u00f0u og kalla\u00f0u til var\u00f0mann,<br \/>l\u00e1ttu hann sk\u00fdra fr\u00e1 \u00fev\u00ed sem hann s\u00e9r.<br \/> <\/span> <span class=\"ljodatexti\"> <a name=\"7\"><span class=\"versanumer_ljod\">7<\/span><\/a>Sj\u00e1i hann hervagna,<br \/>tv\u00edeykisvagna me\u00f0 hestum fyrir,<br \/>riddara \u00e1 \u00f6snum,<br \/>riddara \u00e1 \u00falf\u00f6ldum,<br \/>\u00fe\u00e1 leggi hann vi\u00f0 hlustir, <br \/>einbeiti s\u00e9r.\u201c<br \/> <\/span> <span class=\"ljodatexti\"> <a name=\"8\"><span class=\"versanumer_ljod\">8<\/span><\/a>\u00de\u00e1 kalla\u00f0i var\u00f0ma\u00f0urinn: <br \/>\u201eHerra, dag hvern stend \u00e9g \u00e1 var\u00f0bergi<br \/>og hverja n\u00f3tt er \u00e9g \u00e1 ver\u00f0i \u00e1 m\u00ednum sta\u00f0.\u201c<br \/> <\/span> <span class=\"ljodatexti\"> <a name=\"9\"><span class=\"versanumer_ljod\">9<\/span><\/a>Skyndilega kom einhver \u00ed tv\u00edeykisvagni,<br \/>t\u00f3k til m\u00e1ls og sag\u00f0i:<br \/>\u201eFallin er Bab\u00fdlon, fallin.<br \/>\u00d6ll l\u00edkneski gu\u00f0a hennar <br \/>liggja m\u00f6lbrotin \u00e1 j\u00f6r\u00f0inni.\u201c<br \/> <\/span> <span class=\"ljodatexti\"> <a name=\"10\"><span class=\"versanumer_ljod\">10<\/span><\/a>\u00dej\u00f3\u00f0 m\u00edn, \u00fe\u00fa sem tro\u00f0in varst \u00e1 \u00fereskivellinum.<br \/>\u00dea\u00f0 sem \u00e9g heyr\u00f0i fr\u00e1 Drottni allsherjar, <br \/>Gu\u00f0i \u00cdsraels, hef \u00e9g kunngj\u00f6rt y\u00f0ur. <\/span> <\/p>\n<h3 class=\"millifyrirsogn_2007\">Gegn Ed\u00f3m<\/h3>\n<p><a name=\"11\"><span class=\"versanumer_2007\">11<\/span><\/a> Bo\u00f0skapur um Ed\u00f3m: <br \/> <span class=\"ljodatexti\"> Kalla\u00f0 er til m\u00edn fr\u00e1 Se\u00edr:<br \/>\u201eV\u00f6kuma\u00f0ur, hva\u00f0 l\u00ed\u00f0ur n\u00f3ttinni?<br \/>V\u00f6kuma\u00f0ur, hva\u00f0 l\u00ed\u00f0ur n\u00f3ttinni?\u201c<br \/> <\/span> <span class=\"ljodatexti\"> <a name=\"12\"><span class=\"versanumer_ljod\">12<\/span><\/a>V\u00f6kuma\u00f0urinn svarar:<br \/>\u201eMorgunninn kemur og \u00fe\u00f3 er n\u00f3tt. <br \/>Vilji\u00f0 \u00fe\u00e9r spyrja, <br \/>\u00fe\u00e1 komi\u00f0 aftur og spyrji\u00f0.\u201c <\/span> <\/p>\n<h3 class=\"millifyrirsogn_2007\">Gegn Arab\u00edu<\/h3>\n<p><span class=\"ljodatexti\"> <a name=\"13\"><span class=\"versanumer_ljod\">13<\/span><\/a>Bo\u00f0skapur um Arab\u00edu: <span class=\"nedan_mal\" title=\" J\u00f3rdanardalurinn og sl\u00e9ttlendi\u00f0 sunnan vi\u00f0 Dau\u00f0ahafi\u00f0. \">[<\/span> <br \/>Kaupmannalestir Dedansmanna, <br \/>leiti\u00f0 n\u00e1ttsta\u00f0ar \u00ed kjarri \u00ed ey\u00f0im\u00f6rkinni.<br \/> <\/span> <span class=\"ljodatexti\"> <a name=\"14\"><span class=\"versanumer_ljod\">14<\/span><\/a>\u00de\u00e9r sem b\u00fai\u00f0 \u00ed Tema,<br \/>f\u00e6ri\u00f0 \u00feyrstum vatn,<br \/>gangi\u00f0 til m\u00f3ts vi\u00f0 fl\u00f3ttamennina me\u00f0 brau\u00f0 y\u00f0ar.<br \/> <\/span> <span class=\"ljodatexti\"> <a name=\"15\"><span class=\"versanumer_ljod\">15<\/span><\/a>\u00dev\u00ed a\u00f0 \u00feeir fl\u00fd\u00f0u undan sver\u00f0um,<br \/>undan brug\u00f0nu sver\u00f0i,<br \/>undan spenntum boga,<br \/>undan \u00ferautum str\u00ed\u00f0sins. <\/span> <br \/> <a name=\"16\"><span class=\"versanumer_2007\">16<\/span><\/a> \u00dev\u00ed a\u00f0 svo segir Drottinn vi\u00f0 mig: \u201eInnan \u00e1rs, eins og \u00e1r vistr\u00e1\u00f0inna eru talin, ver\u00f0ur \u00f6ll d\u00fdr\u00f0 Kedars a\u00f0 engu. <a name=\"17\"><span class=\"versanumer_2007\">17<\/span><\/a> F\u00e1ir ver\u00f0a eftir af bogm\u00f6nnum ni\u00f0ja Kedars \u00fev\u00ed a\u00f0 Drottinn, Gu\u00f0 \u00cdsraels, hefur sagt \u00fea\u00f0.\u201c<\/p>\n","protected":false},"excerpt":{"rendered":"<p>Fall Bab\u00fdlonar 1 Bo\u00f0skapur um ey\u00f0im\u00f6rkina vi\u00f0 hafi\u00f0: Eins og stormar,sem \u00e6\u00f0a yfir Su\u00f0urlandi\u00f0,kemur hann \u00far ey\u00f0im\u00f6rkinni,hinu \u00f3gnvekjandi landi. 2M\u00e9r var birt \u00feungb\u00e6r opinberun:\u201eSvikarinn sv\u00edkur,r\u00e6ninginn r\u00e6nir.Geri\u00f0 \u00e1r\u00e1s, Elam\u00edtar,hefji\u00f0 ums\u00e1tur, Medar.\u00c9g l\u00e6t \u00f6llum andv\u00f6rpum linna.\u201c 3\u00deess vegna skj\u00e1lfa lendar m\u00ednar,s\u00e1rir stingir gagntaka migl\u00edkt og hr\u00ed\u00f0ir j\u00f3\u00f0sj\u00fakrar konu.\u00c9g engist svo a\u00f0 \u00e9g heyri ekkert,\u00e9g skelfist svo a\u00f0 \u00e9g s\u00e9 ekkert. 4Hjarta mitt er r\u00e1\u00f0villt,\u00e9g er fullur skelfingar.R\u00f6kkri\u00f0, sem \u00e9g \u00fer\u00e1\u00f0i,ger\u00f0i hann m\u00e9r a\u00f0 hryllingi. 5Lagt er \u00e1 bor\u00f0,sessur lag\u00f0ar fram,\u00fea\u00f0 er eti\u00f0 og drukki\u00f0.\u201eB\u00fai\u00f0 y\u00f0ur, h\u00f6f\u00f0ingjar.Beri\u00f0 ol\u00edu \u00e1 skildina,\u201c 6\u00fev\u00ed a\u00f0 svo sag\u00f0i Drottinn vi\u00f0 mig: \u201eFar\u00f0u og kalla\u00f0u til var\u00f0mann,l\u00e1ttu hann <a href=\"https:\/\/biblian.is\/biblian\/jesaja-21-kafli\/\"> [&#8230;]<\/a><\/p>\n","protected":false},"author":1,"featured_media":0,"parent":0,"menu_order":0,"comment_status":"open","ping_status":"open","template":"bibliukaflar_NT.php","meta":{"footnotes":""},"class_list":["post-2317","page","type-page","status-publish","hentry"],"_links":{"self":[{"href":"https:\/\/biblian.is\/biblian\/wp-json\/wp\/v2\/pages\/2317","targetHints":{"allow":["GET"]}}],"collection":[{"href":"https:\/\/biblian.is\/biblian\/wp-json\/wp\/v2\/pages"}],"about":[{"href":"https:\/\/biblian.is\/biblian\/wp-json\/wp\/v2\/types\/page"}],"author":[{"embeddable":true,"href":"https:\/\/biblian.is\/biblian\/wp-json\/wp\/v2\/users\/1"}],"replies":[{"embeddable":true,"href":"https:\/\/biblian.is\/biblian\/wp-json\/wp\/v2\/comments?post=2317"}],"version-history":[{"count":0,"href":"https:\/\/biblian.is\/biblian\/wp-json\/wp\/v2\/pages\/2317\/revisions"}],"wp:attachment":[{"href":"https:\/\/biblian.is\/biblian\/wp-json\/wp\/v2\/media?parent=2317"}],"curies":[{"name":"wp","href":"https:\/\/api.w.org\/{rel}","templated":true}]}}