{"id":2301,"date":"2017-12-30T21:02:36","date_gmt":"2017-12-30T21:02:36","guid":{"rendered":"http:\/\/biblian.is\/biblian\/jesaja-5-kafli\/"},"modified":"2024-05-06T22:28:32","modified_gmt":"2024-05-06T22:28:32","slug":"jesaja-5-kafli","status":"publish","type":"page","link":"https:\/\/biblian.is\/biblian\/jesaja-5-kafli\/","title":{"rendered":"Jesaja 5. kafli"},"content":{"rendered":"<h3 class=\"millifyrirsogn_2007\"> \u00c1starkv\u00e6\u00f0i um v\u00edngar\u00f0<\/h3>\n<p><span class=\"ljodatexti\"> <a name=\"1\"><span class=\"versanumer_ljod\">1<\/span><\/a>\u00c9g vil kve\u00f0a um \u00e1stvin minn, <br \/>\u00e1starkv\u00e6\u00f0i um v\u00edngar\u00f0 hans.<br \/>\u00c1stvinur minn \u00e1tti v\u00edngar\u00f0<br \/>\u00e1 frj\u00f3samri h\u00e6\u00f0.<br \/> <\/span> <span class=\"ljodatexti\"> <a name=\"2\"><span class=\"versanumer_ljod\">2<\/span><\/a>Hann stakk upp gar\u00f0inn, t\u00edndi \u00far honum grj\u00f3ti\u00f0, <br \/>gr\u00f3\u00f0ursetti g\u00e6\u00f0av\u00ednvi\u00f0.<br \/>Hann reisti turn \u00ed honum mi\u00f0jum<br \/>og hj\u00f3 \u00fear \u00fer\u00f3 til v\u00ednger\u00f0ar.<br \/>Hann vona\u00f0i a\u00f0 gar\u00f0urinn b\u00e6ri v\u00ednber<br \/>en hann bar mu\u00f0linga.<br \/> <\/span> <span class=\"ljodatexti\"> <a name=\"3\"><span class=\"versanumer_ljod\">3<\/span><\/a>D\u00e6mi\u00f0 n\u00fa, Jer\u00fasalemb\u00faar og J\u00fadamenn, <br \/>milli m\u00edn og v\u00edngar\u00f0s m\u00edns.<br \/> <\/span> <span class=\"ljodatexti\"> <a name=\"4\"><span class=\"versanumer_ljod\">4<\/span><\/a>Hva\u00f0 var\u00f0 meira a\u00f0 gert vi\u00f0 v\u00edngar\u00f0 minn<br \/>en \u00e9g haf\u00f0i gert vi\u00f0 hann?<br \/>Hv\u00ed bar hann mu\u00f0linga \u00feegar \u00e9g vona\u00f0i a\u00f0 hann b\u00e6ri v\u00ednber?<br \/> <\/span> <span class=\"ljodatexti\"> <a name=\"5\"><span class=\"versanumer_ljod\">5<\/span><\/a>En n\u00fa vil \u00e9g kunngj\u00f6ra y\u00f0ur<br \/>hva\u00f0 \u00e9g \u00e6tla a\u00f0 gera vi\u00f0 v\u00edngar\u00f0 minn:<br \/>\u00c9g r\u00edf ni\u00f0ur limger\u00f0i\u00f0 <br \/>svo a\u00f0 hann ver\u00f0i naga\u00f0ur \u00ed r\u00f3t,<br \/>br\u00fdt ni\u00f0ur m\u00farvegginn<br \/>svo a\u00f0 hann ver\u00f0i tro\u00f0inn ni\u00f0ur.<br \/> <\/span> <span class=\"ljodatexti\"> <a name=\"6\"><span class=\"versanumer_ljod\">6<\/span><\/a>\u00c9g vil gera hann a\u00f0 au\u00f0n,<br \/>hann skal ekki ver\u00f0a sni\u00f0la\u00f0ur og ekki stunginn upp,<br \/>\u00fear skulu vaxa \u00feistlar og \u00feyrnar <br \/>og sk\u00fdjunum vil \u00e9g banna a\u00f0 v\u00f6kva hann regni.<br \/> <\/span> <span class=\"ljodatexti\"> <a name=\"7\"><span class=\"versanumer_ljod\">7<\/span><\/a>\u00dev\u00ed a\u00f0 v\u00edngar\u00f0ur Drottins er \u00cdsraels h\u00fas<br \/>og J\u00fadamenn ekran sem hann ann.<br \/>Hann v\u00e6nti r\u00e9ttl\u00e6tis <br \/>en s\u00e1 bl\u00f3\u00f0i \u00fathellt,<br \/>v\u00e6nti r\u00e9ttv\u00edsi<br \/>en ney\u00f0ar\u00f3p kv\u00e1\u00f0u vi\u00f0. <\/span> <\/p>\n<h3 class=\"millifyrirsogn_2007\">Veihr\u00f3p<\/h3>\n<p><span class=\"ljodatexti\"> <a name=\"8\"><span class=\"versanumer_ljod\">8<\/span><\/a>Vei \u00feeim sem b\u00e6ta h\u00fasi vi\u00f0 h\u00fas,<br \/>tengja akur vi\u00f0 akur<br \/>\u00fear til engin spilda er eftir<br \/>og \u00fe\u00e9r b\u00fai\u00f0 einir \u00ed landinu.<br \/> <\/span> <span class=\"ljodatexti\"> <a name=\"9\"><span class=\"versanumer_ljod\">9<\/span><\/a>Drottinn allsherjar s\u00f3r \u00ed minni \u00e1heyrn:<br \/>M\u00f6rg h\u00fas ver\u00f0a yfirgefin,<br \/>st\u00f3r og f\u00f6gur h\u00fas mannlaus.<br \/> <\/span> <span class=\"ljodatexti\"> <a name=\"10\"><span class=\"versanumer_ljod\">10<\/span><\/a>\u00dev\u00ed a\u00f0 t\u00edu pl\u00f3gl\u00f6nd \u00ed v\u00edngar\u00f0i munu gefa af s\u00e9r eitt bat<br \/>og tunna \u00fats\u00e6\u00f0is eina efu.<br \/> <\/span> <span class=\"ljodatexti\"> <a name=\"11\"><span class=\"versanumer_ljod\">11<\/span><\/a>Vei \u00feeim sem fara snemma \u00e1 f\u00e6tur<br \/>til a\u00f0 s\u00e6kja s\u00e9r \u00e1fengan drykk<br \/>og sitja langt fram \u00e1 n\u00f3tt eldrau\u00f0ir af v\u00edni.<br \/> <\/span> <span class=\"ljodatexti\"> <a name=\"12\"><span class=\"versanumer_ljod\">12<\/span><\/a>\u00deeir halda samdrykkju <br \/>vi\u00f0 undirleik g\u00edgju, h\u00f6rpu, p\u00e1ku og flautu<br \/>en gefa verkum Drottins engan gaum.<br \/>\u00deeir sj\u00e1 ekki handaverk hans.<br \/> <\/span> <span class=\"ljodatexti\"> <a name=\"13\"><span class=\"versanumer_ljod\">13<\/span><\/a>\u00deess vegna ver\u00f0ur \u00fej\u00f3\u00f0 m\u00edn hrakin \u00ed \u00fatleg\u00f0<br \/>a\u00f0 h\u00fan skilur ekki,<br \/>tignarmenn kveljast af hungri<br \/>og m\u00fagurinn er \u00fejaka\u00f0ur af \u00feorsta.<br \/> <\/span> <span class=\"ljodatexti\"> <a name=\"14\"><span class=\"versanumer_ljod\">14<\/span><\/a>\u00deess vegna \u00feenur helja upp gap sitt,<br \/>glennir upp gini\u00f0 sem mest h\u00fan m\u00e1<br \/>svo a\u00f0 spj\u00e1trungarnir \u00ed Jer\u00fasalem steypast \u00fear ni\u00f0ur <br \/>og m\u00fagurinn me\u00f0,<br \/>h\u00e1va\u00f0amenn og svallarar.<br \/> <\/span> <span class=\"ljodatexti\"> <a name=\"15\"><span class=\"versanumer_ljod\">15<\/span><\/a>Mannkyni\u00f0 skal beygt, ma\u00f0urinn au\u00f0m\u00fdktur,<br \/>augu drambsamra ver\u00f0a ni\u00f0url\u00fat.<br \/> <\/span> <span class=\"ljodatexti\"> <a name=\"16\"><span class=\"versanumer_ljod\">16<\/span><\/a>Drottinn allsherjar ver\u00f0ur upphafinn \u00ed d\u00f3minum,<br \/>hinn heilagi Gu\u00f0 birtir heilagleika sinn me\u00f0 r\u00e9ttl\u00e6ti s\u00ednu.<br \/> <\/span> <span class=\"ljodatexti\"> <a name=\"17\"><span class=\"versanumer_ljod\">17<\/span><\/a>L\u00f6mb ver\u00f0a \u00fear \u00e1 beit eins og \u00ed haga<br \/>og feitir sau\u00f0ir \u00ed r\u00fastunum. <br \/> <\/span> <span class=\"ljodatexti\"> <a name=\"18\"><span class=\"versanumer_ljod\">18<\/span><\/a>Vei \u00feeim sem draga sekt s\u00edna me\u00f0 svikab\u00f6ndum rangl\u00e6tisins<br \/>og syndina me\u00f0 aktygjum,<br \/> <\/span> <span class=\"ljodatexti\"> <a name=\"19\"><span class=\"versanumer_ljod\">19<\/span><\/a>\u00feeim sem segja: \u201eFl\u00fdti hann s\u00e9r,<br \/>l\u00e1ti hann sem fyrst til s\u00edn taka<br \/>svo a\u00f0 v\u00e9r sj\u00e1um \u00fea\u00f0.<br \/>Komi n\u00fa fram r\u00e1\u00f0ager\u00f0 Hins heilaga \u00ed \u00cdsrael<br \/>svo a\u00f0 v\u00e9r ver\u00f0um varir vi\u00f0.\u201c<br \/> <\/span> <span class=\"ljodatexti\"> <a name=\"20\"><span class=\"versanumer_ljod\">20<\/span><\/a>Vei \u00feeim sem kalla hi\u00f0 illa gott <br \/>og hi\u00f0 g\u00f3\u00f0a illt,<br \/>sem gera myrkur a\u00f0 lj\u00f3si <br \/>og lj\u00f3s a\u00f0 myrkri,<br \/>sem gera hi\u00f0 ramma s\u00e6tt <br \/>og hi\u00f0 s\u00e6ta rammt.<br \/> <\/span> <span class=\"ljodatexti\"> <a name=\"21\"><span class=\"versanumer_ljod\">21<\/span><\/a>Vei \u00feeim sem eru vitrir \u00ed eigin augum<br \/>og hyggnir a\u00f0 eigin \u00e1liti.<br \/> <\/span> <span class=\"ljodatexti\"> <a name=\"22\"><span class=\"versanumer_ljod\">22<\/span><\/a> Vei \u00feeim sem eru kappar vi\u00f0 drykkju<br \/>og afreksmenn vi\u00f0 bruggun sterkra drykkja,<br \/> <\/span> <span class=\"ljodatexti\"> <a name=\"23\"><span class=\"versanumer_ljod\">23<\/span><\/a> \u00feeim sem s\u00fdkna hinn seka fyrir m\u00fatur<br \/>en svipta saklausan r\u00e9tti s\u00ednum.<br \/> <\/span> <span class=\"ljodatexti\"> <a name=\"24\"><span class=\"versanumer_ljod\">24<\/span><\/a> Eins og eldstungur sleikja upp str\u00e1in<br \/>og hey hverfur \u00ed loga<br \/>mun r\u00f3t \u00feeirra f\u00fana<br \/>og sproti \u00feeirra feykist sem ryk.<br \/>\u00dev\u00ed a\u00f0 \u00feeir hafa hafna\u00f0 lei\u00f0s\u00f6gn Drottins allsherjar<br \/>og forsm\u00e1\u00f0 or\u00f0 Hins heilaga \u00ed \u00cdsrael.<br \/> <\/span> <span class=\"ljodatexti\"> <a name=\"25\"><span class=\"versanumer_ljod\">25<\/span><\/a> \u00deess vegna brann rei\u00f0i Drottins gegn \u00fej\u00f3\u00f0 hans<br \/>og hann r\u00e9tti \u00fat h\u00f6nd s\u00edna gegn henni og laust hana<br \/>svo a\u00f0 fj\u00f6llin skulfu og l\u00edkin l\u00e1gu eins og skarn \u00e1 str\u00e6tunum.<br \/>Samt sefa\u00f0ist rei\u00f0i hans ekki,<br \/>h\u00f6nd hans er enn \u00fatr\u00e9tt. <\/span> <\/p>\n<h3 class=\"millifyrirsogn_2007\">\u00d3gn \u00far fjarska<\/h3>\n<p><span class=\"ljodatexti\"> <a name=\"26\"><span class=\"versanumer_ljod\">26<\/span><\/a> Hann mun hefja upp gunnf\u00e1na fyrir \u00fej\u00f3\u00f0 \u00ed fjarl\u00e6g\u00f0 <span class=\"nedan_mal\" title=\" \u00de.e. Ass\u00fdringa.\">[<\/span> <br \/>og flauta til hennar a\u00f0 koma fr\u00e1 ystu m\u00f6rkum jar\u00f0ar.<br \/>Og \u00fearna kemur h\u00fan, flj\u00f3t og fr\u00e1 \u00e1 f\u00e6ti,<br \/> <\/span> <span class=\"ljodatexti\"> <a name=\"27\"><span class=\"versanumer_ljod\">27<\/span><\/a> enginn er \u00fear m\u00f3\u00f0ur og enginn hn\u00fdtur,<br \/>enginn blundar, enginn sefur,<br \/>enginn lausgyrtur um lendar,<br \/>enginn me\u00f0 slitinn sk\u00f3\u00feveng.<br \/> <\/span> <span class=\"ljodatexti\"> <a name=\"28\"><span class=\"versanumer_ljod\">28<\/span><\/a> \u00d6rvar \u00feeirra eru hvesstar,<br \/>allir bogar spenntir,<br \/>h\u00f3far hestanna tinnuhar\u00f0ir,<br \/>vagnhj\u00f3lin fellibyl l\u00edkust.<br \/> <\/span> <span class=\"ljodatexti\"> <a name=\"29\"><span class=\"versanumer_ljod\">29<\/span><\/a> Her\u00f3p \u00feeirra l\u00edkist lj\u00f3ns\u00f6skri,<br \/>\u00f6skri unglj\u00f3ns<br \/>sem urrar \u00f3gnandi og gr\u00edpur br\u00e1\u00f0 s\u00edna,<br \/>kemur henni undan og enginn f\u00e6r bjarga\u00f0.<br \/> <\/span> <span class=\"ljodatexti\"> <a name=\"30\"><span class=\"versanumer_ljod\">30<\/span><\/a> \u00c1 \u00feeim degi kemur \u00f3gnandi \u00f6skur gegn \u00fej\u00f3\u00f0inni<br \/>eins og brimgn\u00fdr.<br \/>Hann l\u00edtur til jar\u00f0ar, \u00fear er \u00fer\u00fagandi myrkur,<br \/>birtu breg\u00f0ur undir \u00feungum sk\u00fdjum. <\/span> <\/p>\n","protected":false},"excerpt":{"rendered":"<p>\u00c1starkv\u00e6\u00f0i um v\u00edngar\u00f0 1\u00c9g vil kve\u00f0a um \u00e1stvin minn, \u00e1starkv\u00e6\u00f0i um v\u00edngar\u00f0 hans.\u00c1stvinur minn \u00e1tti v\u00edngar\u00f0\u00e1 frj\u00f3samri h\u00e6\u00f0. 2Hann stakk upp gar\u00f0inn, t\u00edndi \u00far honum grj\u00f3ti\u00f0, gr\u00f3\u00f0ursetti g\u00e6\u00f0av\u00ednvi\u00f0.Hann reisti turn \u00ed honum mi\u00f0jumog hj\u00f3 \u00fear \u00fer\u00f3 til v\u00ednger\u00f0ar.Hann vona\u00f0i a\u00f0 gar\u00f0urinn b\u00e6ri v\u00ednberen hann bar mu\u00f0linga. 3D\u00e6mi\u00f0 n\u00fa, Jer\u00fasalemb\u00faar og J\u00fadamenn, milli m\u00edn og v\u00edngar\u00f0s m\u00edns. 4Hva\u00f0 var\u00f0 meira a\u00f0 gert vi\u00f0 v\u00edngar\u00f0 minnen \u00e9g haf\u00f0i gert vi\u00f0 hann?Hv\u00ed bar hann mu\u00f0linga \u00feegar \u00e9g vona\u00f0i a\u00f0 hann b\u00e6ri v\u00ednber? 5En n\u00fa vil \u00e9g kunngj\u00f6ra y\u00f0urhva\u00f0 \u00e9g \u00e6tla a\u00f0 gera vi\u00f0 v\u00edngar\u00f0 minn:\u00c9g r\u00edf ni\u00f0ur limger\u00f0i\u00f0 svo a\u00f0 hann ver\u00f0i naga\u00f0ur <a href=\"https:\/\/biblian.is\/biblian\/jesaja-5-kafli\/\"> [&#8230;]<\/a><\/p>\n","protected":false},"author":1,"featured_media":0,"parent":0,"menu_order":0,"comment_status":"open","ping_status":"open","template":"bibliukaflar_NT.php","meta":{"footnotes":""},"class_list":["post-2301","page","type-page","status-publish","hentry"],"_links":{"self":[{"href":"https:\/\/biblian.is\/biblian\/wp-json\/wp\/v2\/pages\/2301","targetHints":{"allow":["GET"]}}],"collection":[{"href":"https:\/\/biblian.is\/biblian\/wp-json\/wp\/v2\/pages"}],"about":[{"href":"https:\/\/biblian.is\/biblian\/wp-json\/wp\/v2\/types\/page"}],"author":[{"embeddable":true,"href":"https:\/\/biblian.is\/biblian\/wp-json\/wp\/v2\/users\/1"}],"replies":[{"embeddable":true,"href":"https:\/\/biblian.is\/biblian\/wp-json\/wp\/v2\/comments?post=2301"}],"version-history":[{"count":0,"href":"https:\/\/biblian.is\/biblian\/wp-json\/wp\/v2\/pages\/2301\/revisions"}],"wp:attachment":[{"href":"https:\/\/biblian.is\/biblian\/wp-json\/wp\/v2\/media?parent=2301"}],"curies":[{"name":"wp","href":"https:\/\/api.w.org\/{rel}","templated":true}]}}