{"id":2273,"date":"2017-12-30T21:02:26","date_gmt":"2017-12-30T21:02:26","guid":{"rendered":"http:\/\/biblian.is\/biblian\/or_skvi_irnir-28-kafli\/"},"modified":"2021-02-15T19:13:43","modified_gmt":"2021-02-15T19:13:43","slug":"ordskvidirnir-28-kafli","status":"publish","type":"page","link":"https:\/\/biblian.is\/biblian\/ordskvidirnir-28-kafli\/","title":{"rendered":"Or\u00f0skvi\u00f0irnir 28. kafli"},"content":{"rendered":"<p><span class=\"ljodatexti\"> <a name=\"1\"><span class=\"versanumer_ljod\">1<\/span><\/a>Hinir rangl\u00e1tu fl\u00fdja \u00fe\u00f3tt enginn elti \u00fe\u00e1 <br \/>en hinir r\u00e9ttl\u00e1tu eru \u00f3ttalausir eins og ungt lj\u00f3n. <br \/> <\/span> <span class=\"ljodatexti\"> <a name=\"2\"><span class=\"versanumer_ljod\">2<\/span><\/a>\u00deegar uppreisn ver\u00f0ur \u00ed landinu gerast \u00fear margir h\u00f6f\u00f0ingjar <br \/>en me\u00f0al skynsamra og hygginna manna mun g\u00f3\u00f0 skipan lengi standa. <br \/> <\/span> <span class=\"ljodatexti\"> <a name=\"3\"><span class=\"versanumer_ljod\">3<\/span><\/a>Ma\u00f0ur sem er f\u00e1t\u00e6kur og situr \u00e1 hlut snau\u00f0ra <br \/>er eins og steypiregn sem spillir uppskeru. <br \/> <\/span> <span class=\"ljodatexti\"> <a name=\"4\"><span class=\"versanumer_ljod\">4<\/span><\/a>\u00deeir sem hafna fr\u00e6\u00f0slu hr\u00f3sa rangl\u00e1tum <br \/>en \u00feeir sem fr\u00e6\u00f0sluna \u00feiggja berjast gegn \u00feeim. <br \/> <\/span> <span class=\"ljodatexti\"> <a name=\"5\"><span class=\"versanumer_ljod\">5<\/span><\/a>Illmenni skilja ekki hva\u00f0 r\u00e9tt er <br \/>en \u00feeir sem leita Drottins skilja allt. <br \/> <\/span> <span class=\"ljodatexti\"> <a name=\"6\"><span class=\"versanumer_ljod\">6<\/span><\/a>Betri er f\u00e1t\u00e6kur ma\u00f0ur og r\u00e1\u00f0vandur <br \/>en r\u00edkur ma\u00f0ur og undirf\u00f6rull. <br \/> <\/span> <span class=\"ljodatexti\"> <a name=\"7\"><span class=\"versanumer_ljod\">7<\/span><\/a>S\u00e1 sem var\u00f0veitir kenninguna er hygginn sonur <br \/>en s\u00e1 sem leggur lag sitt vi\u00f0 \u00f3h\u00f3fsmenn gerir f\u00f6\u00f0ur s\u00ednum sm\u00e1n. <br \/> <\/span> <span class=\"ljodatexti\"> <a name=\"8\"><span class=\"versanumer_ljod\">8<\/span><\/a>S\u00e1 sem eykur au\u00f0 sinn me\u00f0 fj\u00e1rleigu og v\u00f6xtum <br \/>safnar honum handa \u00feeim sem l\u00edknar f\u00e1t\u00e6kum. <br \/> <\/span> <span class=\"ljodatexti\"> <a name=\"9\"><span class=\"versanumer_ljod\">9<\/span><\/a>Daufheyrist ma\u00f0ur vi\u00f0 l\u00f6gm\u00e1linu<br \/>ver\u00f0ur b\u00e6n hans andstygg\u00f0. <br \/> <\/span> <span class=\"ljodatexti\"> <a name=\"10\"><span class=\"versanumer_ljod\">10<\/span><\/a>S\u00e1 sem t\u00e6lir hei\u00f0arlega menn \u00e1 glapstigu <br \/>fellur sj\u00e1lfur \u00ed gr\u00f6f s\u00edna <br \/>en r\u00e1\u00f0v\u00f6ndum mun vel farnast. <br \/> <\/span> <span class=\"ljodatexti\"> <a name=\"11\"><span class=\"versanumer_ljod\">11<\/span><\/a>R\u00edkur ma\u00f0ur \u00feykist vitur <br \/>en snau\u00f0ur ma\u00f0ur og hygginn s\u00e9r vi\u00f0 honum. <br \/> <\/span> <span class=\"ljodatexti\"> <a name=\"12\"><span class=\"versanumer_ljod\">12<\/span><\/a>\u00deegar hinir r\u00e9ttl\u00e1tu fagna er miki\u00f0 um d\u00fdr\u00f0ir <br \/>en \u00feegar vegur rangl\u00e1tra vex for\u00f0a menn s\u00e9r. <br \/> <\/span> <span class=\"ljodatexti\"> <a name=\"13\"><span class=\"versanumer_ljod\">13<\/span><\/a>S\u00e1 sem dylur yfirsj\u00f3nir s\u00ednar ver\u00f0ur ekki l\u00e1nsamur <br \/>en s\u00e1 sem j\u00e1tar \u00fe\u00e6r og l\u00e6tur af \u00feeim hl\u00fdtur miskunn. <br \/> <\/span> <span class=\"ljodatexti\"> <a name=\"14\"><span class=\"versanumer_ljod\">14<\/span><\/a>S\u00e6ll er s\u00e1 ma\u00f0ur sem \u00e1vallt er var um sig <br \/>en s\u00e1 sem her\u00f0ir hjarta sitt fellur \u00ed \u00f3g\u00e6fu. <br \/> <\/span> <span class=\"ljodatexti\"> <a name=\"15\"><span class=\"versanumer_ljod\">15<\/span><\/a>Eins og grenjandi lj\u00f3n og gr\u00e1\u00f0ugur bj\u00f6rn, <br \/>svo er rangl\u00e1tur drottnari yfir magnl\u00edtilli \u00fej\u00f3\u00f0. <br \/> <\/span> <span class=\"ljodatexti\"> <a name=\"16\"><span class=\"versanumer_ljod\">16<\/span><\/a>Skilningsslj\u00f3r h\u00f6f\u00f0ingi er har\u00f0ur k\u00fagari <br \/>en langl\u00edfur ver\u00f0ur s\u00e1 sem hatar rangfenginn au\u00f0. <br \/> <\/span> <span class=\"ljodatexti\"> <a name=\"17\"><span class=\"versanumer_ljod\">17<\/span><\/a>S\u00e1 ma\u00f0ur, sem bl\u00f3\u00f0s\u00f6k hv\u00edlir \u00e1,<br \/>er \u00e1 fl\u00f3tta fram \u00e1 grafarbakkann,<br \/>enginn a\u00f0sto\u00f0i hann. <br \/> <\/span> <span class=\"ljodatexti\"> <a name=\"18\"><span class=\"versanumer_ljod\">18<\/span><\/a>S\u00e1 sem breytir r\u00e1\u00f0vandlega mun frelsast <br \/>en s\u00e1 fellur \u00ed gryfju sem beitir undirferli. <br \/> <\/span> <span class=\"ljodatexti\"> <a name=\"19\"><span class=\"versanumer_ljod\">19<\/span><\/a>S\u00e1 sem yrkir land sitt mettast af brau\u00f0i <br \/>en s\u00e1 sem s\u00e6kist eftir h\u00e9g\u00f3ma mettast af f\u00e1t\u00e6kt. <br \/> <\/span> <span class=\"ljodatexti\"> <a name=\"20\"><span class=\"versanumer_ljod\">20<\/span><\/a>\u00c1rei\u00f0anlegur ma\u00f0ur blessast r\u00edkulega <br \/>en s\u00e1 sem flj\u00f3tt vill ver\u00f0a r\u00edkur sleppur ekki vi\u00f0 refsingu. <br \/> <\/span> <span class=\"ljodatexti\"> <a name=\"21\"><span class=\"versanumer_ljod\">21<\/span><\/a>Hlutdr\u00e6gni er r\u00f6ng <br \/>en \u00fe\u00f3 fremja menn rangl\u00e6ti fyrir einn brau\u00f0bita. <br \/> <\/span> <span class=\"ljodatexti\"> <a name=\"22\"><span class=\"versanumer_ljod\">22<\/span><\/a> N\u00edskur ma\u00f0ur er \u00e1 \u00fe\u00f6num eftir au\u00f0i <br \/>og veit ekki a\u00f0 \u00f6rbirg\u00f0in mun elta hann uppi. <br \/> <\/span> <span class=\"ljodatexti\"> <a name=\"23\"><span class=\"versanumer_ljod\">23<\/span><\/a> S\u00e1 sem \u00e1v\u00edtar mann \u00f6\u00f0last s\u00ed\u00f0ar meiri hylli <br \/>en tungumj\u00fakur smja\u00f0rari. <br \/> <\/span> <span class=\"ljodatexti\"> <a name=\"24\"><span class=\"versanumer_ljod\">24<\/span><\/a> S\u00e1 sem r\u00e6nir foreldra s\u00edna og segir: \u201e\u00dea\u00f0 er engin synd,\u201c<br \/>er lagsbr\u00f3\u00f0ir ey\u00f0andans. <br \/> <\/span> <span class=\"ljodatexti\"> <a name=\"25\"><span class=\"versanumer_ljod\">25<\/span><\/a> \u00c1gjarn ma\u00f0ur vekur deilur <br \/>en \u00feeim sem treystir Drottni farnast vel. <br \/> <\/span> <span class=\"ljodatexti\"> <a name=\"26\"><span class=\"versanumer_ljod\">26<\/span><\/a> S\u00e1 sem treystir \u00e1 eigi\u00f0 hyggjuvit er heimskingi <br \/>en s\u00e1 sem breytir viturlega mun bjargast. <br \/> <\/span> <span class=\"ljodatexti\"> <a name=\"27\"><span class=\"versanumer_ljod\">27<\/span><\/a> S\u00e1 sem gefur f\u00e1t\u00e6kum l\u00ed\u00f0ur engan skort <br \/>en \u00feeim sem byrgir augu s\u00edn ver\u00f0ur v\u00ed\u00f0a form\u00e6lt. <br \/> <\/span> <span class=\"ljodatexti\"> <a name=\"28\"><span class=\"versanumer_ljod\">28<\/span><\/a> \u00deegar vegur rangl\u00e1tra vex fela menn sig <br \/>en \u00feegar \u00feeir tort\u00edmast fj\u00f6lgar r\u00e9ttl\u00e1tum. <\/span> <\/p>\n","protected":false},"excerpt":{"rendered":"<p>1Hinir rangl\u00e1tu fl\u00fdja \u00fe\u00f3tt enginn elti \u00fe\u00e1 en hinir r\u00e9ttl\u00e1tu eru \u00f3ttalausir eins og ungt lj\u00f3n. 2\u00deegar uppreisn ver\u00f0ur \u00ed landinu gerast \u00fear margir h\u00f6f\u00f0ingjar en me\u00f0al skynsamra og hygginna manna mun g\u00f3\u00f0 skipan lengi standa. 3Ma\u00f0ur sem er f\u00e1t\u00e6kur og situr \u00e1 hlut snau\u00f0ra er eins og steypiregn sem spillir uppskeru. 4\u00deeir sem hafna fr\u00e6\u00f0slu hr\u00f3sa rangl\u00e1tum en \u00feeir sem fr\u00e6\u00f0sluna \u00feiggja berjast gegn \u00feeim. 5Illmenni skilja ekki hva\u00f0 r\u00e9tt er en \u00feeir sem leita Drottins skilja allt. 6Betri er f\u00e1t\u00e6kur ma\u00f0ur og r\u00e1\u00f0vandur en r\u00edkur ma\u00f0ur og undirf\u00f6rull. 7S\u00e1 sem var\u00f0veitir kenninguna er hygginn sonur en s\u00e1 sem <a href=\"https:\/\/biblian.is\/biblian\/ordskvidirnir-28-kafli\/\"> [&#8230;]<\/a><\/p>\n","protected":false},"author":1,"featured_media":0,"parent":0,"menu_order":0,"comment_status":"open","ping_status":"open","template":"bibliukaflar_okv.php","meta":{"footnotes":""},"class_list":["post-2273","page","type-page","status-publish","hentry"],"_links":{"self":[{"href":"https:\/\/biblian.is\/biblian\/wp-json\/wp\/v2\/pages\/2273","targetHints":{"allow":["GET"]}}],"collection":[{"href":"https:\/\/biblian.is\/biblian\/wp-json\/wp\/v2\/pages"}],"about":[{"href":"https:\/\/biblian.is\/biblian\/wp-json\/wp\/v2\/types\/page"}],"author":[{"embeddable":true,"href":"https:\/\/biblian.is\/biblian\/wp-json\/wp\/v2\/users\/1"}],"replies":[{"embeddable":true,"href":"https:\/\/biblian.is\/biblian\/wp-json\/wp\/v2\/comments?post=2273"}],"version-history":[{"count":0,"href":"https:\/\/biblian.is\/biblian\/wp-json\/wp\/v2\/pages\/2273\/revisions"}],"wp:attachment":[{"href":"https:\/\/biblian.is\/biblian\/wp-json\/wp\/v2\/media?parent=2273"}],"curies":[{"name":"wp","href":"https:\/\/api.w.org\/{rel}","templated":true}]}}