{"id":2261,"date":"2017-12-30T21:02:26","date_gmt":"2017-12-30T21:02:26","guid":{"rendered":"http:\/\/biblian.is\/biblian\/or_skvi_irnir-16-kafli\/"},"modified":"2021-02-15T19:13:39","modified_gmt":"2021-02-15T19:13:39","slug":"ordskvidirnir-16-kafli","status":"publish","type":"page","link":"https:\/\/biblian.is\/biblian\/ordskvidirnir-16-kafli\/","title":{"rendered":"Or\u00f0skvi\u00f0irnir 16. kafli"},"content":{"rendered":"<p><span class=\"ljodatexti\"> <a name=\"1\"><span class=\"versanumer_ljod\">1<\/span><\/a>Fyrir\u00e6tlanir hjartans eru \u00e1 mannsins valdi <br \/>en svar tungunnar kemur fr\u00e1 Drottni. <br \/> <\/span> <span class=\"ljodatexti\"> <a name=\"2\"><span class=\"versanumer_ljod\">2<\/span><\/a>Ma\u00f0urinn telur alla vegu s\u00edna vammlausa <br \/>en Drottinn reynir \u00e1setning hans. <br \/> <\/span> <span class=\"ljodatexti\"> <a name=\"3\"><span class=\"versanumer_ljod\">3<\/span><\/a>Fel Drottni verk \u00fe\u00edn <br \/>og \u00fe\u00e1 bera \u00e1form \u00fe\u00edn \u00e1rangur. <br \/> <\/span> <span class=\"ljodatexti\"> <a name=\"4\"><span class=\"versanumer_ljod\">4<\/span><\/a>Allt hefur Drottinn skapa\u00f0 \u00ed \u00e1kve\u00f0num tilgangi, <br \/>eins hinn rangl\u00e1ta vegna \u00f3heilladagsins. <br \/> <\/span> <span class=\"ljodatexti\"> <a name=\"5\"><span class=\"versanumer_ljod\">5<\/span><\/a>S\u00e9rhver hrokagikkur er Drottni andstygg\u00f0, <br \/>vissulega sleppur hann ekki vi\u00f0 refsingu. <br \/> <\/span> <span class=\"ljodatexti\"> <a name=\"6\"><span class=\"versanumer_ljod\">6<\/span><\/a>Misgj\u00f6r\u00f0ir afpl\u00e1na menn me\u00f0 trygg\u00f0 og vin\u00e1ttu, <br \/>a\u00f0 \u00f3ttast Drottin for\u00f0ar fr\u00e1 illu. <br \/> <\/span> <span class=\"ljodatexti\"> <a name=\"7\"><span class=\"versanumer_ljod\">7<\/span><\/a>Ef Drottni ge\u00f0jast breytni manns <br \/>sn\u00fdr hann jafnvel \u00f3vinum hans til li\u00f0s vi\u00f0 hann. <br \/> <\/span> <span class=\"ljodatexti\"> <a name=\"8\"><span class=\"versanumer_ljod\">8<\/span><\/a>Betra er l\u00edti\u00f0 me\u00f0 r\u00e9ttu <br \/>en mikill ar\u00f0ur me\u00f0 r\u00f6ngu. <br \/> <\/span> <span class=\"ljodatexti\"> <a name=\"9\"><span class=\"versanumer_ljod\">9<\/span><\/a>Hjarta mannsins velur lei\u00f0 hans <br \/>en Drottinn st\u00fdrir skrefum hans. <br \/> <\/span> <span class=\"ljodatexti\"> <a name=\"10\"><span class=\"versanumer_ljod\">10<\/span><\/a>Go\u00f0svar er \u00e1 v\u00f6rum konungsins, <br \/>\u00ed d\u00f3mi skeikar honum ekki. <br \/> <\/span> <span class=\"ljodatexti\"> <a name=\"11\"><span class=\"versanumer_ljod\">11<\/span><\/a>R\u00e9tt vog og reisla koma fr\u00e1 Drottni <br \/>en l\u00f3\u00f0in \u00e1 vogarsk\u00e1lunum <span class=\"nedan_mal\" title=\" Or\u00f0r\u00e9tt: allir steinarnir \u00ed sekknum.\">[<\/span> eru hans verk.<br \/> <\/span> <span class=\"ljodatexti\"> <a name=\"12\"><span class=\"versanumer_ljod\">12<\/span><\/a>Rangl\u00e6tisverk eru konungum andstygg\u00f0 <br \/>\u00fev\u00ed a\u00f0 h\u00e1s\u00e6ti\u00f0 er reist \u00e1 r\u00e9ttl\u00e6ti. <br \/> <\/span> <span class=\"ljodatexti\"> <a name=\"13\"><span class=\"versanumer_ljod\">13<\/span><\/a>Sannleiksor\u00f0 eru yndi konunga, <br \/>hinn hreinskilni fellur \u00feeim \u00ed ge\u00f0.<br \/> <\/span> <span class=\"ljodatexti\"> <a name=\"14\"><span class=\"versanumer_ljod\">14<\/span><\/a>Konungsrei\u00f0i er fyrirbo\u00f0i dau\u00f0ans <br \/>en vitur ma\u00f0ur sefar hana. <br \/> <\/span> <span class=\"ljodatexti\"> <a name=\"15\"><span class=\"versanumer_ljod\">15<\/span><\/a>\u00cd brosi konungs felst l\u00edf <br \/>og hylli hans er sem regnsk\u00fd \u00e1 vori. <br \/> <\/span> <span class=\"ljodatexti\"> <a name=\"16\"><span class=\"versanumer_ljod\">16<\/span><\/a>Hve miklu betra er a\u00f0 afla s\u00e9r visku en gulls <br \/>og \u00e1g\u00e6tara a\u00f0 afla s\u00e9r skynsemi en silfurs? <br \/> <\/span> <span class=\"ljodatexti\"> <a name=\"17\"><span class=\"versanumer_ljod\">17<\/span><\/a>H\u00e1ttur hreinskilinna er a\u00f0 for\u00f0ast illt, <br \/>l\u00edf sitt var\u00f0veitir s\u00e1 sem g\u00e6tir breytni sinnar. <br \/> <\/span> <span class=\"ljodatexti\"> <a name=\"18\"><span class=\"versanumer_ljod\">18<\/span><\/a>Dramb er falli n\u00e6st, <br \/>hroki veit \u00e1 hrun. <br \/> <\/span> <span class=\"ljodatexti\"> <a name=\"19\"><span class=\"versanumer_ljod\">19<\/span><\/a>Betra er a\u00f0 vera h\u00f3gv\u00e6r me\u00f0 l\u00edtill\u00e1tum <br \/>en deila feng me\u00f0 drambl\u00e1tum. <br \/> <\/span> <span class=\"ljodatexti\"> <a name=\"20\"><span class=\"versanumer_ljod\">20<\/span><\/a>Vel farnast \u00feeim sem vel r\u00e6kir erindi sitt <br \/>og s\u00e6ll er s\u00e1 sem treystir Drottni. <br \/> <\/span> <span class=\"ljodatexti\"> <a name=\"21\"><span class=\"versanumer_ljod\">21<\/span><\/a>Hinn vitri leitar r\u00e1\u00f0a spekinga <br \/>og vel m\u00e6lt or\u00f0 eykur fr\u00e6\u00f0slu. <br \/> <\/span> <span class=\"ljodatexti\"> <a name=\"22\"><span class=\"versanumer_ljod\">22<\/span><\/a> Skynsemin er l\u00edfslind \u00feeim sem hana \u00e1 <br \/>en heimskan er refsing heimskra. <br \/> <\/span> <span class=\"ljodatexti\"> <a name=\"23\"><span class=\"versanumer_ljod\">23<\/span><\/a> Hjarta spekingsins r\u00e6\u00f0ur or\u00f0um hans <br \/>og eykur fr\u00e6\u00f0sluna \u00e1 v\u00f6rum hans. <br \/> <\/span> <span class=\"ljodatexti\"> <a name=\"24\"><span class=\"versanumer_ljod\">24<\/span><\/a> Vingjarnleg or\u00f0 eru hunang, <br \/>s\u00e6t fyrir g\u00f3minn, l\u00e6kning fyrir beinin. <br \/> <\/span> <span class=\"ljodatexti\"> <a name=\"25\"><span class=\"versanumer_ljod\">25<\/span><\/a> Margur vegur vir\u00f0ist grei\u00f0f\u00e6r<br \/>en reynist \u00fe\u00f3 heljarsl\u00f3\u00f0. <br \/> <\/span> <span class=\"ljodatexti\"> <a name=\"26\"><span class=\"versanumer_ljod\">26<\/span><\/a> Hungur erfi\u00f0ismannsins kn\u00fdr hann til verka <br \/>\u00fev\u00ed a\u00f0 sulturinn rekur \u00e1 eftir honum. <br \/> <\/span> <span class=\"ljodatexti\"> <a name=\"27\"><span class=\"versanumer_ljod\">27<\/span><\/a> Varmenni\u00f0 bruggar v\u00e9lr\u00e1\u00f0, <br \/>or\u00f0 hans eru sem brennandi eldur. <br \/> <\/span> <span class=\"ljodatexti\"> <a name=\"28\"><span class=\"versanumer_ljod\">28<\/span><\/a> V\u00e9lr\u00e1\u00f0ur ma\u00f0ur kveikir illdeilur <br \/>og r\u00f3gberinn veldur vinaskilna\u00f0i. <br \/> <\/span> <span class=\"ljodatexti\"> <a name=\"29\"><span class=\"versanumer_ljod\">29<\/span><\/a> Ofbeldisma\u00f0urinn ginnir n\u00e1unga sinn <br \/>og lei\u00f0ir hann \u00ed \u00f3f\u00e6ru.<br \/> <\/span> <span class=\"ljodatexti\"> <a name=\"30\"><span class=\"versanumer_ljod\">30<\/span><\/a> H\u00e1lflukt augu vitna um ill \u00e1form, <br \/>herptar varir um unni\u00f0 \u00f3d\u00e6\u00f0i. <br \/> <\/span> <span class=\"ljodatexti\"> <a name=\"31\"><span class=\"versanumer_ljod\">31<\/span><\/a> Gr\u00e1ar h\u00e6rur eru hei\u00f0ursk\u00f3r\u00f3na, <br \/>\u00e1 vegi r\u00e9ttl\u00e6tis \u00f6\u00f0last menn hana. <br \/> <\/span> <span class=\"ljodatexti\"> <a name=\"32\"><span class=\"versanumer_ljod\">32<\/span><\/a> S\u00e1 sem er seinn til rei\u00f0i er betri en kappi <br \/>og s\u00e1 sem stj\u00f3rnar ge\u00f0i s\u00ednu er meiri en s\u00e1 sem vinnur borgir.<br \/> <\/span> <span class=\"ljodatexti\"> <a name=\"33\"><span class=\"versanumer_ljod\">33<\/span><\/a> \u00cd skikkjufellingu eru teningarnir hristir <br \/>en Drottinn r\u00e6\u00f0ur hva\u00f0 upp kemur. <\/span> <\/p>\n","protected":false},"excerpt":{"rendered":"<p>1Fyrir\u00e6tlanir hjartans eru \u00e1 mannsins valdi en svar tungunnar kemur fr\u00e1 Drottni. 2Ma\u00f0urinn telur alla vegu s\u00edna vammlausa en Drottinn reynir \u00e1setning hans. 3Fel Drottni verk \u00fe\u00edn og \u00fe\u00e1 bera \u00e1form \u00fe\u00edn \u00e1rangur. 4Allt hefur Drottinn skapa\u00f0 \u00ed \u00e1kve\u00f0num tilgangi, eins hinn rangl\u00e1ta vegna \u00f3heilladagsins. 5S\u00e9rhver hrokagikkur er Drottni andstygg\u00f0, vissulega sleppur hann ekki vi\u00f0 refsingu. 6Misgj\u00f6r\u00f0ir afpl\u00e1na menn me\u00f0 trygg\u00f0 og vin\u00e1ttu, a\u00f0 \u00f3ttast Drottin for\u00f0ar fr\u00e1 illu. 7Ef Drottni ge\u00f0jast breytni manns sn\u00fdr hann jafnvel \u00f3vinum hans til li\u00f0s vi\u00f0 hann. 8Betra er l\u00edti\u00f0 me\u00f0 r\u00e9ttu en mikill ar\u00f0ur me\u00f0 r\u00f6ngu. 9Hjarta mannsins velur lei\u00f0 hans en Drottinn <a href=\"https:\/\/biblian.is\/biblian\/ordskvidirnir-16-kafli\/\"> [&#8230;]<\/a><\/p>\n","protected":false},"author":1,"featured_media":0,"parent":0,"menu_order":0,"comment_status":"open","ping_status":"open","template":"bibliukaflar_okv.php","meta":{"footnotes":""},"class_list":["post-2261","page","type-page","status-publish","hentry"],"_links":{"self":[{"href":"https:\/\/biblian.is\/biblian\/wp-json\/wp\/v2\/pages\/2261","targetHints":{"allow":["GET"]}}],"collection":[{"href":"https:\/\/biblian.is\/biblian\/wp-json\/wp\/v2\/pages"}],"about":[{"href":"https:\/\/biblian.is\/biblian\/wp-json\/wp\/v2\/types\/page"}],"author":[{"embeddable":true,"href":"https:\/\/biblian.is\/biblian\/wp-json\/wp\/v2\/users\/1"}],"replies":[{"embeddable":true,"href":"https:\/\/biblian.is\/biblian\/wp-json\/wp\/v2\/comments?post=2261"}],"version-history":[{"count":0,"href":"https:\/\/biblian.is\/biblian\/wp-json\/wp\/v2\/pages\/2261\/revisions"}],"wp:attachment":[{"href":"https:\/\/biblian.is\/biblian\/wp-json\/wp\/v2\/media?parent=2261"}],"curies":[{"name":"wp","href":"https:\/\/api.w.org\/{rel}","templated":true}]}}