{"id":2256,"date":"2017-12-30T21:02:21","date_gmt":"2017-12-30T21:02:21","guid":{"rendered":"http:\/\/biblian.is\/biblian\/or_skvi_irnir-11-kafli\/"},"modified":"2021-02-15T19:13:38","modified_gmt":"2021-02-15T19:13:38","slug":"ordskvidirnir-11-kafli","status":"publish","type":"page","link":"https:\/\/biblian.is\/biblian\/ordskvidirnir-11-kafli\/","title":{"rendered":"Or\u00f0skvi\u00f0irnir 11. kafli"},"content":{"rendered":"<p><span class=\"ljodatexti\"> <a name=\"1\"><span class=\"versanumer_ljod\">1<\/span><\/a>Svikin vog er Drottni andstygg\u00f0 <br \/>en r\u00e9tt vog er honum ge\u00f0felld. <br \/> <\/span> <span class=\"ljodatexti\"> <a name=\"2\"><span class=\"versanumer_ljod\">2<\/span><\/a>Komi hroki kemur og sm\u00e1n <br \/>en hj\u00e1 hinum h\u00f3gv\u00e6ru er viska. <br \/> <\/span> <span class=\"ljodatexti\"> <a name=\"3\"><span class=\"versanumer_ljod\">3<\/span><\/a>R\u00e1\u00f0vendni hreinskilinna lei\u00f0ir \u00fe\u00e1 <br \/>en undirferli lygarans tort\u00edmir honum. <br \/> <\/span> <span class=\"ljodatexti\"> <a name=\"4\"><span class=\"versanumer_ljod\">4<\/span><\/a>L\u00edtt gagna au\u00f0\u00e6fi \u00e1 degi rei\u00f0innar <br \/>en r\u00e9ttl\u00e6ti frelsar fr\u00e1 dau\u00f0a. <br \/> <\/span> <span class=\"ljodatexti\"> <a name=\"5\"><span class=\"versanumer_ljod\">5<\/span><\/a>R\u00e9ttl\u00e6ti hins r\u00e1\u00f0vanda gerir veg hans sl\u00e9ttan <br \/>en hinn rangl\u00e1ti hrasar um eigin illsku. <br \/> <\/span> <span class=\"ljodatexti\"> <a name=\"6\"><span class=\"versanumer_ljod\">6<\/span><\/a>R\u00e9ttl\u00e6ti hinna hreinskilnu frelsar \u00fe\u00e1 <br \/>en lygarar \u00e1netjast eigin gr\u00e6\u00f0gi. <br \/> <\/span> <span class=\"ljodatexti\"> <a name=\"7\"><span class=\"versanumer_ljod\">7<\/span><\/a>\u00cd dau\u00f0anum brestur von hins rangl\u00e1ta <br \/>og v\u00e6ntingar illvirkjans breg\u00f0ast. <br \/> <\/span> <span class=\"ljodatexti\"> <a name=\"8\"><span class=\"versanumer_ljod\">8<\/span><\/a>Hinn r\u00e9ttl\u00e1ti frelsast \u00far nau\u00f0um, <br \/>hinn rangl\u00e1ti kemur \u00ed hans sta\u00f0.<br \/> <\/span> <span class=\"ljodatexti\"> <a name=\"9\"><span class=\"versanumer_ljod\">9<\/span><\/a>Me\u00f0 or\u00f0um tort\u00edmir hinn rangl\u00e1ti n\u00e1unga s\u00ednum <br \/>en \u00feekking hinna r\u00e9ttl\u00e1tu bjargar \u00feeim. <br \/> <\/span> <span class=\"ljodatexti\"> <a name=\"10\"><span class=\"versanumer_ljod\">10<\/span><\/a>Borgin fagnar g\u00e6fu r\u00e9ttl\u00e1tra <br \/>og \u00feegar rangl\u00e1tir menn farast gjalla gle\u00f0i\u00f3p. <br \/> <\/span> <span class=\"ljodatexti\"> <a name=\"11\"><span class=\"versanumer_ljod\">11<\/span><\/a>Blessun hinna r\u00e9tts\u00fdnu reisir borgina <br \/>en or\u00f0 rangl\u00e1tra steypa henni. <br \/> <\/span> <span class=\"ljodatexti\"> <a name=\"12\"><span class=\"versanumer_ljod\">12<\/span><\/a>\u00d3vitur ma\u00f0ur s\u00fdnir n\u00e1unga s\u00ednum fyrirlitningu <br \/>en vitur ma\u00f0ur \u00feegir. <br \/> <\/span> <span class=\"ljodatexti\"> <a name=\"13\"><span class=\"versanumer_ljod\">13<\/span><\/a>R\u00f3gberinn lj\u00f3strar upp leyndarm\u00e1li <br \/>en hinn \u00feagm\u00e6lski vir\u00f0ir tr\u00fana\u00f0. <br \/> <\/span> <span class=\"ljodatexti\"> <a name=\"14\"><span class=\"versanumer_ljod\">14<\/span><\/a>\u00c1n stj\u00f3rnar tort\u00edmist herinn <br \/>en s\u00e9u r\u00e1\u00f0gjafar margir getur allt fari\u00f0 vel. <br \/> <\/span> <span class=\"ljodatexti\"> <a name=\"15\"><span class=\"versanumer_ljod\">15<\/span><\/a>Illa fer fyrir \u00feeim sem gengur \u00ed \u00e1byrg\u00f0 fyrir annan mann, <br \/>s\u00e1 sem for\u00f0ast hands\u00f6l er \u00f3hultur. <br \/> <\/span> <span class=\"ljodatexti\"> <a name=\"16\"><span class=\"versanumer_ljod\">16<\/span><\/a>Yndisleg kona hl\u00fdtur s\u00e6md, <br \/>hinn \u00f6tuli hl\u00fdtur au\u00f0. <br \/> <\/span> <span class=\"ljodatexti\"> <a name=\"17\"><span class=\"versanumer_ljod\">17<\/span><\/a>K\u00e6rleiksr\u00edkur ma\u00f0ur vinnur sj\u00e1lfum s\u00e9r gagn, <br \/>har\u00f0lyndur ma\u00f0ur vinnur s\u00e9r mein. <br \/> <\/span> <span class=\"ljodatexti\"> <a name=\"18\"><span class=\"versanumer_ljod\">18<\/span><\/a>Hinn rangl\u00e1ti eignast s\u00fdndar\u00e1vinning <br \/>en s\u00e1 sem r\u00e9ttl\u00e6ti s\u00e1ir hl\u00fdtur \u00f3svikin laun. <br \/> <\/span> <span class=\"ljodatexti\"> <a name=\"19\"><span class=\"versanumer_ljod\">19<\/span><\/a>A\u00f0 stunda r\u00e9ttl\u00e6ti lei\u00f0ir til l\u00edfs, <br \/>a\u00f0 elta hi\u00f0 illa lei\u00f0ir til dau\u00f0a. <br \/> <\/span> <span class=\"ljodatexti\"> <a name=\"20\"><span class=\"versanumer_ljod\">20<\/span><\/a>Fl\u00e1r\u00e1\u00f0ir eru Drottni andstygg\u00f0 <br \/>en hinir vammlausu yndi hans. <br \/> <\/span> <span class=\"ljodatexti\"> <a name=\"21\"><span class=\"versanumer_ljod\">21<\/span><\/a>V\u00edst er a\u00f0 hinn illi sleppur ekki vi\u00f0 refsingu <br \/>en hinir r\u00e9ttl\u00e1tu eru \u00f3hultir. <br \/> <\/span> <span class=\"ljodatexti\"> <a name=\"22\"><span class=\"versanumer_ljod\">22<\/span><\/a> Eins og gullhringur \u00ed sv\u00ednstr\u00fdni <br \/>er fr\u00ed\u00f0 kona sem enga h\u00e1ttv\u00edsi kann. <br \/> <\/span> <span class=\"ljodatexti\"> <a name=\"23\"><span class=\"versanumer_ljod\">23<\/span><\/a> \u00d3skir hinna r\u00e9ttl\u00e1tu lei\u00f0a a\u00f0eins til g\u00f3\u00f0s <br \/>en vonir rangl\u00e1tra kalla yfir sig rei\u00f0id\u00f3m. <br \/> <\/span> <span class=\"ljodatexti\"> <a name=\"24\"><span class=\"versanumer_ljod\">24<\/span><\/a> Einn mi\u00f0lar \u00f6\u00f0rum af \u00f6rl\u00e6ti og eignast \u00e6 meira, <br \/>annar heldur \u00ed meira en r\u00e9tt er og ver\u00f0ur \u00fe\u00f3 enn snau\u00f0ari. <br \/> <\/span> <span class=\"ljodatexti\"> <a name=\"25\"><span class=\"versanumer_ljod\">25<\/span><\/a> \u00d6rl\u00e1tur ma\u00f0ur hl\u00fdtur r\u00edkulega umbun <br \/>og s\u00e1 sem gefur \u00f6\u00f0rum a\u00f0 drekka f\u00e6r \u00feorsta s\u00ednum svala\u00f0. <br \/> <\/span> <span class=\"ljodatexti\"> <a name=\"26\"><span class=\"versanumer_ljod\">26<\/span><\/a> F\u00f3lki\u00f0 form\u00e6lir \u00feeim sem heldur \u00ed korni\u00f0 <br \/>en blessun kemur yfir \u00feann sem b\u00fd\u00f0ur \u00fea\u00f0 falt. <br \/> <\/span> <span class=\"ljodatexti\"> <a name=\"27\"><span class=\"versanumer_ljod\">27<\/span><\/a> S\u00e1 sem leitar g\u00f3\u00f0s leitar vel\u00fe\u00f3knunar <br \/>en s\u00e1 sem s\u00e6kist eftir illu ver\u00f0ur fyrir \u00fev\u00ed. <br \/> <\/span> <span class=\"ljodatexti\"> <a name=\"28\"><span class=\"versanumer_ljod\">28<\/span><\/a> S\u00e1 fellur sem treystir \u00e1 au\u00f0 sinn <br \/>en hinir r\u00e9ttl\u00e1tu \u00fer\u00edfast sem trj\u00e1lauf. <br \/> <\/span> <span class=\"ljodatexti\"> <a name=\"29\"><span class=\"versanumer_ljod\">29<\/span><\/a> S\u00e1 sem spillir heimili s\u00ednu mun erfa vindinn <br \/>en heimskinginn ver\u00f0ur \u00fer\u00e6ll hins vitra. <br \/> <\/span> <span class=\"ljodatexti\"> <a name=\"30\"><span class=\"versanumer_ljod\">30<\/span><\/a> \u00c1v\u00f6xtur r\u00e9ttl\u00e6tisins er l\u00edfstr\u00e9 <br \/>og hinn vitri eignast hylli manna. <br \/> <\/span> <span class=\"ljodatexti\"> <a name=\"31\"><span class=\"versanumer_ljod\">31<\/span><\/a> F\u00e1i hinn r\u00e9ttl\u00e1ti endurgjald h\u00e9r \u00e1 j\u00f6r\u00f0u, <br \/>hva\u00f0 \u00fe\u00e1 um hinn rangl\u00e1ta og syndarann? <\/span> <\/p>\n","protected":false},"excerpt":{"rendered":"<p>1Svikin vog er Drottni andstygg\u00f0 en r\u00e9tt vog er honum ge\u00f0felld. 2Komi hroki kemur og sm\u00e1n en hj\u00e1 hinum h\u00f3gv\u00e6ru er viska. 3R\u00e1\u00f0vendni hreinskilinna lei\u00f0ir \u00fe\u00e1 en undirferli lygarans tort\u00edmir honum. 4L\u00edtt gagna au\u00f0\u00e6fi \u00e1 degi rei\u00f0innar en r\u00e9ttl\u00e6ti frelsar fr\u00e1 dau\u00f0a. 5R\u00e9ttl\u00e6ti hins r\u00e1\u00f0vanda gerir veg hans sl\u00e9ttan en hinn rangl\u00e1ti hrasar um eigin illsku. 6R\u00e9ttl\u00e6ti hinna hreinskilnu frelsar \u00fe\u00e1 en lygarar \u00e1netjast eigin gr\u00e6\u00f0gi. 7\u00cd dau\u00f0anum brestur von hins rangl\u00e1ta og v\u00e6ntingar illvirkjans breg\u00f0ast. 8Hinn r\u00e9ttl\u00e1ti frelsast \u00far nau\u00f0um, hinn rangl\u00e1ti kemur \u00ed hans sta\u00f0. 9Me\u00f0 or\u00f0um tort\u00edmir hinn rangl\u00e1ti n\u00e1unga s\u00ednum en \u00feekking hinna r\u00e9ttl\u00e1tu bjargar \u00feeim. <a href=\"https:\/\/biblian.is\/biblian\/ordskvidirnir-11-kafli\/\"> [&#8230;]<\/a><\/p>\n","protected":false},"author":1,"featured_media":0,"parent":0,"menu_order":0,"comment_status":"open","ping_status":"open","template":"bibliukaflar_okv.php","meta":{"footnotes":""},"class_list":["post-2256","page","type-page","status-publish","hentry"],"_links":{"self":[{"href":"https:\/\/biblian.is\/biblian\/wp-json\/wp\/v2\/pages\/2256","targetHints":{"allow":["GET"]}}],"collection":[{"href":"https:\/\/biblian.is\/biblian\/wp-json\/wp\/v2\/pages"}],"about":[{"href":"https:\/\/biblian.is\/biblian\/wp-json\/wp\/v2\/types\/page"}],"author":[{"embeddable":true,"href":"https:\/\/biblian.is\/biblian\/wp-json\/wp\/v2\/users\/1"}],"replies":[{"embeddable":true,"href":"https:\/\/biblian.is\/biblian\/wp-json\/wp\/v2\/comments?post=2256"}],"version-history":[{"count":0,"href":"https:\/\/biblian.is\/biblian\/wp-json\/wp\/v2\/pages\/2256\/revisions"}],"wp:attachment":[{"href":"https:\/\/biblian.is\/biblian\/wp-json\/wp\/v2\/media?parent=2256"}],"curies":[{"name":"wp","href":"https:\/\/api.w.org\/{rel}","templated":true}]}}