{"id":2250,"date":"2017-12-30T21:02:21","date_gmt":"2017-12-30T21:02:21","guid":{"rendered":"http:\/\/biblian.is\/biblian\/or_skvi_irnir-5-kafli\/"},"modified":"2021-02-15T19:13:45","modified_gmt":"2021-02-15T19:13:45","slug":"ordskvidirnir-5-kafli","status":"publish","type":"page","link":"https:\/\/biblian.is\/biblian\/ordskvidirnir-5-kafli\/","title":{"rendered":"Or\u00f0skvi\u00f0irnir 5. kafli"},"content":{"rendered":"<h3 class=\"millifyrirsogn_2007\"> Vara\u00f0 vi\u00f0 lausung<\/h3>\n<p><span class=\"ljodatexti\"> <a name=\"1\"><span class=\"versanumer_ljod\">1<\/span><\/a>Sonur minn, gef\u00f0u gaum a\u00f0 speki minni, <br \/>lj\u00e1\u00f0u eyra \u00feitt hyggindum m\u00ednum <br \/> <\/span> <span class=\"ljodatexti\"> <a name=\"2\"><span class=\"versanumer_ljod\">2<\/span><\/a>til \u00feess a\u00f0 \u00fe\u00fa var\u00f0veitir mannvit <br \/>og varir \u00fe\u00ednar geymi \u00feekkingu. <br \/> <\/span> <span class=\"ljodatexti\"> <a name=\"3\"><span class=\"versanumer_ljod\">3<\/span><\/a>Hunang dr\u00fdpur af v\u00f6rum framandi konu <br \/>og munnur hennar er h\u00e1lli en ol\u00eda. <br \/> <\/span> <span class=\"ljodatexti\"> <a name=\"4\"><span class=\"versanumer_ljod\">4<\/span><\/a>En s\u00ed\u00f0ar ver\u00f0ur h\u00fan beiskari en malurt <br \/>og beitt eins og tv\u00edeggja\u00f0 sver\u00f0. <br \/> <\/span> <span class=\"ljodatexti\"> <a name=\"5\"><span class=\"versanumer_ljod\">5<\/span><\/a>F\u00e6tur hennar feta ni\u00f0ur til dau\u00f0ans, <br \/>spor hennar liggja til heljar. <br \/> <\/span> <span class=\"ljodatexti\"> <a name=\"6\"><span class=\"versanumer_ljod\">6<\/span><\/a>H\u00fan ratar ekki \u00e1 lei\u00f0 l\u00edfsins, <br \/>brautir hennar eru \u00e1 reiki <br \/>og \u00e1ttum hefur h\u00fan glata\u00f0. <br \/> <\/span> <span class=\"ljodatexti\"> <a name=\"7\"><span class=\"versanumer_ljod\">7<\/span><\/a>Heyri\u00f0 mig \u00fev\u00ed, synir, <br \/>og v\u00edki\u00f0 ekki fr\u00e1 or\u00f0um m\u00ednum. <br \/> <\/span> <span class=\"ljodatexti\"> <a name=\"8\"><span class=\"versanumer_ljod\">8<\/span><\/a>Legg\u00f0u lei\u00f0 \u00fe\u00edna langt fr\u00e1 henni <br \/>og komdu hvergi n\u00e6rri dyrum hennar <br \/> <\/span> <span class=\"ljodatexti\"> <a name=\"9\"><span class=\"versanumer_ljod\">9<\/span><\/a>svo a\u00f0 \u00fe\u00fa gefir ekki \u00f6\u00f0rum \u00e6sku\u00fer\u00f3tt \u00feinn <br \/>og l\u00edf \u00feitt h\u00f6r\u00f0um h\u00fasb\u00f3nda, <br \/> <\/span> <span class=\"ljodatexti\"> <a name=\"10\"><span class=\"versanumer_ljod\">10<\/span><\/a>svo a\u00f0 framandi menn n\u00e6rist ekki af \u00fereki \u00fe\u00ednu <br \/>og \u00fe\u00fa erfi\u00f0ir \u00ed annarra h\u00fasi <br \/> <\/span> <span class=\"ljodatexti\"> <a name=\"11\"><span class=\"versanumer_ljod\">11<\/span><\/a>og \u00fe\u00fa andvarpir a\u00f0 lokum, <br \/>\u00feegar l\u00edkami \u00feinn og hold veslast upp, <br \/> <\/span> <span class=\"ljodatexti\"> <a name=\"12\"><span class=\"versanumer_ljod\">12<\/span><\/a>og segir: \u201eHv\u00ed fyrtist \u00e9g vi\u00f0 lei\u00f0s\u00f6gn <br \/>og l\u00e9t m\u00e9r umv\u00f6ndun \u00ed l\u00e9ttu r\u00fami liggja, <br \/> <\/span> <span class=\"ljodatexti\"> <a name=\"13\"><span class=\"versanumer_ljod\">13<\/span><\/a>a\u00f0 \u00e9g skyldi ekki hl\u00fd\u00f0a r\u00f6dd kennara minna <br \/>og hneigja eyra mitt til \u00feeirra sem fr\u00e6ddu mig. <br \/> <\/span> <span class=\"ljodatexti\"> <a name=\"14\"><span class=\"versanumer_ljod\">14<\/span><\/a>Minnstu muna\u00f0i a\u00f0 \u00e9g rata\u00f0i \u00ed har\u00f0ar raunir <br \/>\u00e1 d\u00f3m\u00feingi safna\u00f0arins.\u201c <br \/> <\/span> <span class=\"ljodatexti\"> <a name=\"15\"><span class=\"versanumer_ljod\">15<\/span><\/a>Drekktu vatn \u00far brunni \u00fe\u00ednum <br \/>og ferskt vatn \u00far eigin lind. <br \/> <\/span> <span class=\"ljodatexti\"> <a name=\"16\"><span class=\"versanumer_ljod\">16<\/span><\/a>Eiga lindir \u00fe\u00ednar a\u00f0 fl\u00f3a \u00fat \u00e1 g\u00f6tuna <br \/>og l\u00e6kir \u00fe\u00ednir \u00fat \u00e1 torgin? <br \/> <\/span> <span class=\"ljodatexti\"> <a name=\"17\"><span class=\"versanumer_ljod\">17<\/span><\/a>\u00de\u00ednar skulu \u00fe\u00e6r vera <br \/>og ekki falla \u00f6\u00f0rum \u00ed skaut. <br \/> <\/span> <span class=\"ljodatexti\"> <a name=\"18\"><span class=\"versanumer_ljod\">18<\/span><\/a>Uppspretta \u00fe\u00edn s\u00e9 blessu\u00f0 <br \/>og gleddu \u00feig yfir eiginkonu \u00e6sku \u00feinnar,<br \/> <\/span> <span class=\"ljodatexti\"> <a name=\"19\"><span class=\"versanumer_ljod\">19<\/span><\/a>\u00e1starhindinni, d\u00e1d\u00fdrinu yndislega. <br \/>Brj\u00f3st hennar geri \u00feig \u00e6t\u00ed\u00f0 drukkinn <br \/>og \u00e1st hennar fj\u00f6tri \u00feig \u00e6vinlega. <br \/> <\/span> <span class=\"ljodatexti\"> <a name=\"20\"><span class=\"versanumer_ljod\">20<\/span><\/a>Hv\u00ed skyldir \u00fe\u00fa, sonur minn, l\u00e1ta a\u00f0ra konu t\u00f6fra \u00feig <br \/>og taka framandi konu \u00ed fa\u00f0m \u00fe\u00e9r? <br \/> <\/span> <span class=\"ljodatexti\"> <a name=\"21\"><span class=\"versanumer_ljod\">21<\/span><\/a>Vegir hvers manns blasa vi\u00f0 Drottni, <br \/>hann g\u00e6tir a\u00f0 \u00f6llum lei\u00f0um hans. <br \/> <\/span> <span class=\"ljodatexti\"> <a name=\"22\"><span class=\"versanumer_ljod\">22<\/span><\/a> Misgj\u00f6r\u00f0ir hins \u00f3gu\u00f0lega fanga hann, <br \/>hann l\u00e6tur fangast \u00ed sn\u00f6rur eigin synda. <br \/> <\/span> <span class=\"ljodatexti\"> <a name=\"23\"><span class=\"versanumer_ljod\">23<\/span><\/a> Hann deyr vegna skorts \u00e1 aga, <br \/>heimskan st\u00edgur honum til h\u00f6fu\u00f0s. <\/span> <\/p>\n","protected":false},"excerpt":{"rendered":"<p>Vara\u00f0 vi\u00f0 lausung 1Sonur minn, gef\u00f0u gaum a\u00f0 speki minni, lj\u00e1\u00f0u eyra \u00feitt hyggindum m\u00ednum 2til \u00feess a\u00f0 \u00fe\u00fa var\u00f0veitir mannvit og varir \u00fe\u00ednar geymi \u00feekkingu. 3Hunang dr\u00fdpur af v\u00f6rum framandi konu og munnur hennar er h\u00e1lli en ol\u00eda. 4En s\u00ed\u00f0ar ver\u00f0ur h\u00fan beiskari en malurt og beitt eins og tv\u00edeggja\u00f0 sver\u00f0. 5F\u00e6tur hennar feta ni\u00f0ur til dau\u00f0ans, spor hennar liggja til heljar. 6H\u00fan ratar ekki \u00e1 lei\u00f0 l\u00edfsins, brautir hennar eru \u00e1 reiki og \u00e1ttum hefur h\u00fan glata\u00f0. 7Heyri\u00f0 mig \u00fev\u00ed, synir, og v\u00edki\u00f0 ekki fr\u00e1 or\u00f0um m\u00ednum. 8Legg\u00f0u lei\u00f0 \u00fe\u00edna langt fr\u00e1 henni og komdu hvergi n\u00e6rri dyrum <a href=\"https:\/\/biblian.is\/biblian\/ordskvidirnir-5-kafli\/\"> [&#8230;]<\/a><\/p>\n","protected":false},"author":1,"featured_media":0,"parent":0,"menu_order":0,"comment_status":"open","ping_status":"open","template":"bibliukaflar_okv.php","meta":{"footnotes":""},"class_list":["post-2250","page","type-page","status-publish","hentry"],"_links":{"self":[{"href":"https:\/\/biblian.is\/biblian\/wp-json\/wp\/v2\/pages\/2250","targetHints":{"allow":["GET"]}}],"collection":[{"href":"https:\/\/biblian.is\/biblian\/wp-json\/wp\/v2\/pages"}],"about":[{"href":"https:\/\/biblian.is\/biblian\/wp-json\/wp\/v2\/types\/page"}],"author":[{"embeddable":true,"href":"https:\/\/biblian.is\/biblian\/wp-json\/wp\/v2\/users\/1"}],"replies":[{"embeddable":true,"href":"https:\/\/biblian.is\/biblian\/wp-json\/wp\/v2\/comments?post=2250"}],"version-history":[{"count":0,"href":"https:\/\/biblian.is\/biblian\/wp-json\/wp\/v2\/pages\/2250\/revisions"}],"wp:attachment":[{"href":"https:\/\/biblian.is\/biblian\/wp-json\/wp\/v2\/media?parent=2250"}],"curies":[{"name":"wp","href":"https:\/\/api.w.org\/{rel}","templated":true}]}}