{"id":2249,"date":"2017-12-30T21:02:21","date_gmt":"2017-12-30T21:02:21","guid":{"rendered":"http:\/\/biblian.is\/biblian\/or_skvi_irnir-4-kafli\/"},"modified":"2021-02-15T19:13:44","modified_gmt":"2021-02-15T19:13:44","slug":"ordskvidirnir-4-kafli","status":"publish","type":"page","link":"https:\/\/biblian.is\/biblian\/ordskvidirnir-4-kafli\/","title":{"rendered":"Or\u00f0skvi\u00f0irnir 4. kafli"},"content":{"rendered":"<h3 class=\"millifyrirsogn_2007\"> \u00c1vinningur spekinnar<\/h3>\n<p><span class=\"ljodatexti\"> <a name=\"1\"><span class=\"versanumer_ljod\">1<\/span><\/a>Heyri\u00f0, synir, \u00e1minningu f\u00f6\u00f0ur y\u00f0ar <br \/>og hlusti\u00f0 \u00e1 svo a\u00f0 \u00fe\u00e9r \u00f6\u00f0list skilning.<br \/> <\/span> <span class=\"ljodatexti\"> <a name=\"2\"><span class=\"versanumer_ljod\">2<\/span><\/a>G\u00f3\u00f0an l\u00e6rd\u00f3m veiti \u00e9g y\u00f0ur, <br \/>hafni\u00f0 ekki tils\u00f6gn minni. <br \/> <\/span> <span class=\"ljodatexti\"> <a name=\"3\"><span class=\"versanumer_ljod\">3<\/span><\/a>\u00deegar \u00e9g var sonur \u00ed f\u00f6\u00f0urh\u00fasum, <br \/>vi\u00f0kv\u00e6mt einkabarn m\u00f3\u00f0ur minnar, <br \/> <\/span> <span class=\"ljodatexti\"> <a name=\"4\"><span class=\"versanumer_ljod\">4<\/span><\/a>\u00fe\u00e1 kenndi fa\u00f0ir minn m\u00e9r og sag\u00f0i vi\u00f0 mig: <br \/>\u201eHjarta \u00feitt haldi fast vi\u00f0 or\u00f0 m\u00edn, <br \/>var\u00f0veittu fyrirm\u00e6li m\u00edn og \u00fe\u00e1 muntu lifa. <br \/> <\/span> <span class=\"ljodatexti\"> <a name=\"5\"><span class=\"versanumer_ljod\">5<\/span><\/a>Afla\u00f0u \u00fe\u00e9r visku, afla\u00f0u \u00fe\u00e9r hygginda. <br \/>Gleymdu ekki or\u00f0um m\u00ednum og v\u00edktu ekki fr\u00e1 \u00feeim. <br \/> <\/span> <span class=\"ljodatexti\"> <a name=\"6\"><span class=\"versanumer_ljod\">6<\/span><\/a>Hafna\u00f0u ekki viskunni, h\u00fan mun var\u00f0veita \u00feig, <br \/>elska\u00f0u hana og \u00fe\u00e1 mun h\u00fan vernda \u00feig. <br \/> <\/span> <span class=\"ljodatexti\"> <a name=\"7\"><span class=\"versanumer_ljod\">7<\/span><\/a>Viska er fyrir \u00f6llu, afla\u00f0u \u00fe\u00e9r visku, <br \/>kosta\u00f0u \u00f6llu til a\u00f0 afla \u00fe\u00e9r hygginda. <br \/> <\/span> <span class=\"ljodatexti\"> <a name=\"8\"><span class=\"versanumer_ljod\">8<\/span><\/a>Haf\u00f0u hana \u00ed h\u00e1vegum og \u00fe\u00e1 mun h\u00fan hefja \u00feig, <br \/>fa\u00f0ma\u00f0u hana og h\u00fan mun ver\u00f0a \u00fe\u00e9r til s\u00e6mdar. <br \/> <\/span> <span class=\"ljodatexti\"> <a name=\"9\"><span class=\"versanumer_ljod\">9<\/span><\/a>H\u00fan mun setja una\u00f0slegan sveig \u00e1 h\u00f6fu\u00f0 \u00fe\u00e9r <br \/>og s\u00e6ma \u00feig gl\u00e6stri k\u00f3r\u00f3nu.\u201c <br \/> <\/span> <span class=\"ljodatexti\"> <a name=\"10\"><span class=\"versanumer_ljod\">10<\/span><\/a>Hlusta\u00f0u, sonur minn, og gef\u00f0u gaum a\u00f0 or\u00f0um m\u00ednum, <br \/>\u00fe\u00e1 ver\u00f0a \u00e6vi\u00e1r \u00fe\u00edn m\u00f6rg. <br \/> <\/span> <span class=\"ljodatexti\"> <a name=\"11\"><span class=\"versanumer_ljod\">11<\/span><\/a>\u00c9g v\u00edsa \u00fe\u00e9r veg spekinnar <br \/>og lei\u00f0i \u00feig \u00e1 braut r\u00e1\u00f0vendninnar, <br \/> <\/span> <span class=\"ljodatexti\"> <a name=\"12\"><span class=\"versanumer_ljod\">12<\/span><\/a>\u00e1 g\u00f6ngunni ver\u00f0ur lei\u00f0 \u00fe\u00edn ekki \u00fer\u00f6ng <br \/>og hlaupir\u00f0u muntu ekki hrasa. <br \/> <\/span> <span class=\"ljodatexti\"> <a name=\"13\"><span class=\"versanumer_ljod\">13<\/span><\/a>Var\u00f0veittu lei\u00f0s\u00f6gnina og slepptu henni ekki, <br \/>var\u00f0veittu hana \u00fev\u00ed a\u00f0 h\u00fan er l\u00edf \u00feitt. <br \/> <\/span> <span class=\"ljodatexti\"> <a name=\"14\"><span class=\"versanumer_ljod\">14<\/span><\/a>Far\u00f0u ekki brautir rangl\u00e1tra <br \/>og gakktu ekki \u00e1 vegi vondra manna. <br \/> <\/span> <span class=\"ljodatexti\"> <a name=\"15\"><span class=\"versanumer_ljod\">15<\/span><\/a>Sneiddu hj\u00e1 honum, far\u00f0u hann ekki, <br \/>sn\u00fa\u00f0u fr\u00e1 honum og far\u00f0u fram hj\u00e1. <br \/> <\/span> <span class=\"ljodatexti\"> <a name=\"16\"><span class=\"versanumer_ljod\">16<\/span><\/a>\u00deeir geta ekki sofi\u00f0 nema \u00feeir hafi gert illt <br \/>og \u00feeim kemur ekki d\u00far \u00e1 auga nema \u00feeir hafi fellt einhvern,<br \/> <\/span> <span class=\"ljodatexti\"> <a name=\"17\"><span class=\"versanumer_ljod\">17<\/span><\/a>brau\u00f0 gl\u00e6psins eta \u00feeir <br \/>og drekka v\u00edn ofbeldisins. <br \/> <\/span> <span class=\"ljodatexti\"> <a name=\"18\"><span class=\"versanumer_ljod\">18<\/span><\/a>Gata r\u00e9ttl\u00e1tra er eins og bjartur \u00e1rdagslj\u00f3mi, <br \/>\u00fev\u00ed bjartari sem n\u00e6r l\u00ed\u00f0ur h\u00e1degi. <br \/> <\/span> <span class=\"ljodatexti\"> <a name=\"19\"><span class=\"versanumer_ljod\">19<\/span><\/a>Vegur rangl\u00e1tra er eins og ni\u00f0amyrkur, <br \/>\u00feeir vita ekki um hva\u00f0 \u00feeir hrasa. <br \/> <\/span> <span class=\"ljodatexti\"> <a name=\"20\"><span class=\"versanumer_ljod\">20<\/span><\/a>Sonur minn, gef\u00f0u gaum a\u00f0 m\u00e1li m\u00ednu, <br \/>hneig\u00f0u eyra \u00feitt a\u00f0 or\u00f0um m\u00ednum. <br \/> <\/span> <span class=\"ljodatexti\"> <a name=\"21\"><span class=\"versanumer_ljod\">21<\/span><\/a>L\u00e1ttu \u00feau ekki v\u00edkja fr\u00e1 augum \u00fe\u00ednum, <br \/>var\u00f0veittu \u00feau innst \u00ed hjarta \u00fe\u00ednu <br \/> <\/span> <span class=\"ljodatexti\"> <a name=\"22\"><span class=\"versanumer_ljod\">22<\/span><\/a> \u00fev\u00ed a\u00f0 \u00feau eru l\u00edf \u00feeim sem hlj\u00f3ta \u00feau <br \/>og l\u00e6kning \u00f6llum l\u00edkama \u00feeirra. <br \/> <\/span> <span class=\"ljodatexti\"> <a name=\"23\"><span class=\"versanumer_ljod\">23<\/span><\/a> Var\u00f0veit hjarta \u00feitt framar \u00f6llu \u00f6\u00f0ru <br \/>\u00fev\u00ed a\u00f0 \u00fear eru uppsprettur l\u00edfsins. <br \/> <\/span> <span class=\"ljodatexti\"> <a name=\"24\"><span class=\"versanumer_ljod\">24<\/span><\/a> Haltu munni \u00fe\u00ednum fjarri fl\u00e1um or\u00f0um <br \/>og v\u00f6rum \u00fe\u00ednum fjarri lygam\u00e1lum. <br \/> <\/span> <span class=\"ljodatexti\"> <a name=\"25\"><span class=\"versanumer_ljod\">25<\/span><\/a> Beindu augum \u00fe\u00ednum fram \u00e1 vi\u00f0<br \/>og sj\u00f3num \u00fe\u00ednum a\u00f0 \u00fev\u00ed sem fram undan er. <br \/> <\/span> <span class=\"ljodatexti\"> <a name=\"26\"><span class=\"versanumer_ljod\">26<\/span><\/a> Veldu f\u00f3tum \u00fe\u00ednum beina braut,<br \/>\u00fe\u00e1 ver\u00f0ur \u00e6t\u00ed\u00f0 traust undir f\u00f3tum. <br \/> <\/span> <span class=\"ljodatexti\"> <a name=\"27\"><span class=\"versanumer_ljod\">27<\/span><\/a> V\u00edktu hvorki til h\u00e6gri n\u00e9 vinstri, <br \/>haltu f\u00e6ti \u00fe\u00ednum fr\u00e1 illu. <\/span> <\/p>\n","protected":false},"excerpt":{"rendered":"<p>\u00c1vinningur spekinnar 1Heyri\u00f0, synir, \u00e1minningu f\u00f6\u00f0ur y\u00f0ar og hlusti\u00f0 \u00e1 svo a\u00f0 \u00fe\u00e9r \u00f6\u00f0list skilning. 2G\u00f3\u00f0an l\u00e6rd\u00f3m veiti \u00e9g y\u00f0ur, hafni\u00f0 ekki tils\u00f6gn minni. 3\u00deegar \u00e9g var sonur \u00ed f\u00f6\u00f0urh\u00fasum, vi\u00f0kv\u00e6mt einkabarn m\u00f3\u00f0ur minnar, 4\u00fe\u00e1 kenndi fa\u00f0ir minn m\u00e9r og sag\u00f0i vi\u00f0 mig: \u201eHjarta \u00feitt haldi fast vi\u00f0 or\u00f0 m\u00edn, var\u00f0veittu fyrirm\u00e6li m\u00edn og \u00fe\u00e1 muntu lifa. 5Afla\u00f0u \u00fe\u00e9r visku, afla\u00f0u \u00fe\u00e9r hygginda. Gleymdu ekki or\u00f0um m\u00ednum og v\u00edktu ekki fr\u00e1 \u00feeim. 6Hafna\u00f0u ekki viskunni, h\u00fan mun var\u00f0veita \u00feig, elska\u00f0u hana og \u00fe\u00e1 mun h\u00fan vernda \u00feig. 7Viska er fyrir \u00f6llu, afla\u00f0u \u00fe\u00e9r visku, kosta\u00f0u \u00f6llu til a\u00f0 afla \u00fe\u00e9r <a href=\"https:\/\/biblian.is\/biblian\/ordskvidirnir-4-kafli\/\"> [&#8230;]<\/a><\/p>\n","protected":false},"author":1,"featured_media":0,"parent":0,"menu_order":0,"comment_status":"open","ping_status":"open","template":"bibliukaflar_okv.php","meta":{"footnotes":""},"class_list":["post-2249","page","type-page","status-publish","hentry"],"_links":{"self":[{"href":"https:\/\/biblian.is\/biblian\/wp-json\/wp\/v2\/pages\/2249","targetHints":{"allow":["GET"]}}],"collection":[{"href":"https:\/\/biblian.is\/biblian\/wp-json\/wp\/v2\/pages"}],"about":[{"href":"https:\/\/biblian.is\/biblian\/wp-json\/wp\/v2\/types\/page"}],"author":[{"embeddable":true,"href":"https:\/\/biblian.is\/biblian\/wp-json\/wp\/v2\/users\/1"}],"replies":[{"embeddable":true,"href":"https:\/\/biblian.is\/biblian\/wp-json\/wp\/v2\/comments?post=2249"}],"version-history":[{"count":0,"href":"https:\/\/biblian.is\/biblian\/wp-json\/wp\/v2\/pages\/2249\/revisions"}],"wp:attachment":[{"href":"https:\/\/biblian.is\/biblian\/wp-json\/wp\/v2\/media?parent=2249"}],"curies":[{"name":"wp","href":"https:\/\/api.w.org\/{rel}","templated":true}]}}