{"id":2238,"date":"2017-12-30T21:02:21","date_gmt":"2017-12-30T21:02:21","guid":{"rendered":"http:\/\/biblian.is\/biblian\/s%c2%87lmarnir-143-kafli\/"},"modified":"2020-05-30T18:12:31","modified_gmt":"2020-05-30T18:12:31","slug":"salmarnir-143-kafli","status":"publish","type":"page","link":"https:\/\/biblian.is\/biblian\/salmarnir-143-kafli\/","title":{"rendered":"S\u00e1lmarnir 143. kafli"},"content":{"rendered":"<p><a name=\"1\"><span class=\"versanumer_2007\">1<\/span><\/a> Dav\u00ed\u00f0ss\u00e1lmur.<br \/> <span class=\"ljodatexti\"> Drottinn, heyr \u00fe\u00fa b\u00e6n m\u00edna,<br \/>lj\u00e1 eyra gr\u00e1tbei\u00f0ni minni \u00ed tr\u00fafesti \u00feinni,<br \/>b\u00e6nheyr mig \u00ed r\u00e9ttl\u00e6ti \u00fe\u00ednu.<br \/> <\/span> <span class=\"ljodatexti\"> <a name=\"2\"><span class=\"versanumer_ljod\">2<\/span><\/a>Lei\u00f0 \u00fej\u00f3n \u00feinn ekki fyrir r\u00e9tt<br \/>\u00fev\u00ed a\u00f0 enginn sem lifir er r\u00e9ttl\u00e1tur fyrir augliti \u00fe\u00ednu.<br \/> <\/span> <span class=\"ljodatexti\"> <a name=\"3\"><span class=\"versanumer_ljod\">3<\/span><\/a>\u00d3vinur ofs\u00e6kir mig.<br \/>Hann tra\u00f0kar l\u00edf mitt ni\u00f0ur, <br \/>l\u00e6tur mig b\u00faa \u00ed myrkri eins og \u00fe\u00e1 sem l\u00f6ngu eru d\u00e1nir.<br \/> <\/span> <span class=\"ljodatexti\"> <a name=\"4\"><span class=\"versanumer_ljod\">4<\/span><\/a>Kjarkurinn bregst m\u00e9r,<br \/>hjarta\u00f0 st\u00f6\u00f0vast \u00ed brj\u00f3sti m\u00e9r.<br \/> <\/span> <span class=\"ljodatexti\"> <a name=\"5\"><span class=\"versanumer_ljod\">5<\/span><\/a>\u00c9g minnist fornra daga, <br \/>huglei\u00f0i allar gj\u00f6r\u00f0ir \u00fe\u00ednar,<br \/>\u00edgrunda verk handa \u00feinna. <br \/> <\/span> <span class=\"ljodatexti\"> <a name=\"6\"><span class=\"versanumer_ljod\">6<\/span><\/a>\u00c9g lyfti upp h\u00f6ndum m\u00ednum til \u00fe\u00edn,<br \/>mig \u00feyrstir eftir \u00fe\u00e9r eins og \u00f6rfoka land. (Sela)<br \/> <\/span> <span class=\"ljodatexti\"> <a name=\"7\"><span class=\"versanumer_ljod\">7<\/span><\/a>B\u00e6nheyr mig flj\u00f3tt, Drottinn,<br \/>\u00fev\u00ed a\u00f0 l\u00edfs\u00fer\u00f3ttur minn \u00feverr.<br \/>Byrg eigi auglit \u00feitt fyrir m\u00e9r<br \/>svo \u00e9g l\u00edkist eigi \u00feeim sem grafnir eru. <br \/> <\/span> <span class=\"ljodatexti\"> <a name=\"8\"><span class=\"versanumer_ljod\">8<\/span><\/a>L\u00e1t mig heyra miskunn \u00fe\u00edna a\u00f0 morgni dags<br \/>\u00fev\u00ed a\u00f0 \u00fe\u00e9r treysti \u00e9g.<br \/>V\u00edsa m\u00e9r veginn sem \u00e9g skal halda<br \/>\u00fev\u00ed a\u00f0 til \u00fe\u00edn hef \u00e9g s\u00e1l m\u00edna.<br \/> <\/span> <span class=\"ljodatexti\"> <a name=\"9\"><span class=\"versanumer_ljod\">9<\/span><\/a>Bjarga m\u00e9r fr\u00e1 \u00f3vinum m\u00ednum, Drottinn,<br \/>\u00e9g fl\u00fd \u00e1 n\u00e1\u00f0ir \u00fe\u00ednar. <br \/> <\/span> <span class=\"ljodatexti\"> <a name=\"10\"><span class=\"versanumer_ljod\">10<\/span><\/a>Kenn m\u00e9r a\u00f0 gera vilja \u00feinn<br \/>\u00fev\u00ed a\u00f0 \u00fe\u00fa ert Gu\u00f0 minn,<br \/>\u00feinn g\u00f3\u00f0i andi lei\u00f0i mig<br \/>um sl\u00e9tta braut.<br \/> <\/span> <span class=\"ljodatexti\"> <a name=\"11\"><span class=\"versanumer_ljod\">11<\/span><\/a>Leyf m\u00e9r a\u00f0 lifa sakir nafns \u00fe\u00edns, Drottinn,<br \/>lei\u00f0 mig \u00far nau\u00f0um sakir r\u00e9ttl\u00e6tis \u00fe\u00edns.<br \/> <\/span> <span class=\"ljodatexti\"> <a name=\"12\"><span class=\"versanumer_ljod\">12<\/span><\/a>L\u00e1t \u00f3vini m\u00edna hverfa sakir tr\u00fafesti \u00feinnar,<br \/>tort\u00edm \u00f6llum sem \u00f3gna l\u00edfi m\u00ednu<br \/>\u00fev\u00ed a\u00f0 \u00e9g er \u00fej\u00f3nn \u00feinn. <\/span> <\/p>\n","protected":false},"excerpt":{"rendered":"<p>1 Dav\u00ed\u00f0ss\u00e1lmur. Drottinn, heyr \u00fe\u00fa b\u00e6n m\u00edna,lj\u00e1 eyra gr\u00e1tbei\u00f0ni minni \u00ed tr\u00fafesti \u00feinni,b\u00e6nheyr mig \u00ed r\u00e9ttl\u00e6ti \u00fe\u00ednu. 2Lei\u00f0 \u00fej\u00f3n \u00feinn ekki fyrir r\u00e9tt\u00fev\u00ed a\u00f0 enginn sem lifir er r\u00e9ttl\u00e1tur fyrir augliti \u00fe\u00ednu. 3\u00d3vinur ofs\u00e6kir mig.Hann tra\u00f0kar l\u00edf mitt ni\u00f0ur, l\u00e6tur mig b\u00faa \u00ed myrkri eins og \u00fe\u00e1 sem l\u00f6ngu eru d\u00e1nir. 4Kjarkurinn bregst m\u00e9r,hjarta\u00f0 st\u00f6\u00f0vast \u00ed brj\u00f3sti m\u00e9r. 5\u00c9g minnist fornra daga, huglei\u00f0i allar gj\u00f6r\u00f0ir \u00fe\u00ednar,\u00edgrunda verk handa \u00feinna. 6\u00c9g lyfti upp h\u00f6ndum m\u00ednum til \u00fe\u00edn,mig \u00feyrstir eftir \u00fe\u00e9r eins og \u00f6rfoka land. (Sela) 7B\u00e6nheyr mig flj\u00f3tt, Drottinn,\u00fev\u00ed a\u00f0 l\u00edfs\u00fer\u00f3ttur minn \u00feverr.Byrg eigi auglit \u00feitt fyrir m\u00e9rsvo \u00e9g l\u00edkist eigi <a href=\"https:\/\/biblian.is\/biblian\/salmarnir-143-kafli\/\"> [&#8230;]<\/a><\/p>\n","protected":false},"author":1,"featured_media":0,"parent":0,"menu_order":0,"comment_status":"open","ping_status":"open","template":"bibliukaflar_salmarnir.php","meta":{"footnotes":""},"class_list":["post-2238","page","type-page","status-publish","hentry"],"_links":{"self":[{"href":"https:\/\/biblian.is\/biblian\/wp-json\/wp\/v2\/pages\/2238","targetHints":{"allow":["GET"]}}],"collection":[{"href":"https:\/\/biblian.is\/biblian\/wp-json\/wp\/v2\/pages"}],"about":[{"href":"https:\/\/biblian.is\/biblian\/wp-json\/wp\/v2\/types\/page"}],"author":[{"embeddable":true,"href":"https:\/\/biblian.is\/biblian\/wp-json\/wp\/v2\/users\/1"}],"replies":[{"embeddable":true,"href":"https:\/\/biblian.is\/biblian\/wp-json\/wp\/v2\/comments?post=2238"}],"version-history":[{"count":0,"href":"https:\/\/biblian.is\/biblian\/wp-json\/wp\/v2\/pages\/2238\/revisions"}],"wp:attachment":[{"href":"https:\/\/biblian.is\/biblian\/wp-json\/wp\/v2\/media?parent=2238"}],"curies":[{"name":"wp","href":"https:\/\/api.w.org\/{rel}","templated":true}]}}