{"id":2235,"date":"2017-12-30T21:02:16","date_gmt":"2017-12-30T21:02:16","guid":{"rendered":"http:\/\/biblian.is\/biblian\/s%c2%87lmarnir-140-kafli\/"},"modified":"2020-05-30T18:12:30","modified_gmt":"2020-05-30T18:12:30","slug":"salmarnir-140-kafli","status":"publish","type":"page","link":"https:\/\/biblian.is\/biblian\/salmarnir-140-kafli\/","title":{"rendered":"S\u00e1lmarnir 140. kafli"},"content":{"rendered":"<p><a name=\"1\"><span class=\"versanumer_2007\">1<\/span><\/a> Til s\u00f6ngstj\u00f3rans. Dav\u00ed\u00f0ss\u00e1lmur.<br \/> <span class=\"ljodatexti\"> <a name=\"2\"><span class=\"versanumer_ljod\">2<\/span><\/a>Bjarga m\u00e9r, Drottinn, fr\u00e1 illmennum,<br \/>vernda mig fyrir ofbeldism\u00f6nnum,<br \/> <\/span> <span class=\"ljodatexti\"> <a name=\"3\"><span class=\"versanumer_ljod\">3<\/span><\/a>fyrir \u00feeim sem hafa illt \u00ed hyggju<br \/>og daglega efna til \u00f3fri\u00f0ar.<br \/> <\/span> <span class=\"ljodatexti\"> <a name=\"4\"><span class=\"versanumer_ljod\">4<\/span><\/a>\u00deeir hvessa tungur s\u00ednar eins og h\u00f6ggormar,<br \/>n\u00f6\u00f0rueitur er undir v\u00f6rum \u00feeirra. (Sela)<br \/> <\/span> <span class=\"ljodatexti\"> <a name=\"5\"><span class=\"versanumer_ljod\">5<\/span><\/a>Var\u00f0veit mig, Drottinn, fyrir hendi \u00f3gu\u00f0legra,<br \/>vernda mig fyrir ofbeldism\u00f6nnum,<br \/>fyrir \u00feeim sem hyggjast breg\u00f0a fyrir mig f\u00e6ti.<br \/> <\/span> <span class=\"ljodatexti\"> <a name=\"6\"><span class=\"versanumer_ljod\">6<\/span><\/a>Ofstopamenn l\u00f6g\u00f0u gildrur fyrir mig,<br \/>illvilja\u00f0ir \u00fe\u00f6ndu \u00fat net s\u00edn,<br \/>l\u00f6g\u00f0u sn\u00f6rur fyrir mig vi\u00f0 veginn. (Sela)<br \/> <\/span> <span class=\"ljodatexti\"> <a name=\"7\"><span class=\"versanumer_ljod\">7<\/span><\/a>\u00c9g sag\u00f0i vi\u00f0 Drottin: \u00de\u00fa ert Gu\u00f0 minn.<br \/>Lj\u00e1 eyra gr\u00e1tbei\u00f0ni minni.<br \/> <\/span> <span class=\"ljodatexti\"> <a name=\"8\"><span class=\"versanumer_ljod\">8<\/span><\/a>Drottinn, Gu\u00f0 minn, \u00fe\u00fa ert m\u00e9r m\u00e1ttug hj\u00e1lp,<br \/>\u00fe\u00fa sk\u00fdlir h\u00f6f\u00f0i m\u00ednu \u00e1 orrustudegi. <br \/> <\/span> <span class=\"ljodatexti\"> <a name=\"9\"><span class=\"versanumer_ljod\">9<\/span><\/a>Drottinn, uppfyll eigi \u00f3skir hins \u00f3gu\u00f0lega,<br \/>l\u00e1t v\u00e9lr\u00e1\u00f0 hans ekki takast. (Sela)<br \/> <\/span> <span class=\"ljodatexti\"> <a name=\"10\"><span class=\"versanumer_ljod\">10<\/span><\/a>\u00deeir sem sitja um mig skulu ekki reigja h\u00f6fu\u00f0i\u00f0,<br \/>form\u00e6lingarnar \u00e1 v\u00f6rum \u00feeirra komi yfir \u00fe\u00e1. <br \/> <\/span> <span class=\"ljodatexti\"> <a name=\"11\"><span class=\"versanumer_ljod\">11<\/span><\/a>Yfir \u00fe\u00e1 rigni eldsgl\u00f3\u00f0um,<br \/>\u00feeir falli \u00ed gryfjur sem \u00feeir komast ekki upp \u00far.<br \/> <\/span> <span class=\"ljodatexti\"> <a name=\"12\"><span class=\"versanumer_ljod\">12<\/span><\/a>R\u00f3gberi skal ekki f\u00e1 a\u00f0 lifa \u00ed landinu,<br \/>ofbeldismanninn skal \u00f3g\u00e6fan elta me\u00f0 barsm\u00ed\u00f0.<br \/> <\/span> <span class=\"ljodatexti\"> <a name=\"13\"><span class=\"versanumer_ljod\">13<\/span><\/a>\u00c9g veit a\u00f0 Drottinn flytur m\u00e1l hins umkomulausa,<br \/>rekur r\u00e9ttar snau\u00f0ra.<br \/> <\/span> <span class=\"ljodatexti\"> <a name=\"14\"><span class=\"versanumer_ljod\">14<\/span><\/a>R\u00e9ttl\u00e1tir skulu lofa nafn \u00feitt,<br \/>hreinlyndir b\u00faa fyrir augliti \u00fe\u00ednu. <\/span> <\/p>\n","protected":false},"excerpt":{"rendered":"<p>1 Til s\u00f6ngstj\u00f3rans. Dav\u00ed\u00f0ss\u00e1lmur. 2Bjarga m\u00e9r, Drottinn, fr\u00e1 illmennum,vernda mig fyrir ofbeldism\u00f6nnum, 3fyrir \u00feeim sem hafa illt \u00ed hyggjuog daglega efna til \u00f3fri\u00f0ar. 4\u00deeir hvessa tungur s\u00ednar eins og h\u00f6ggormar,n\u00f6\u00f0rueitur er undir v\u00f6rum \u00feeirra. (Sela) 5Var\u00f0veit mig, Drottinn, fyrir hendi \u00f3gu\u00f0legra,vernda mig fyrir ofbeldism\u00f6nnum,fyrir \u00feeim sem hyggjast breg\u00f0a fyrir mig f\u00e6ti. 6Ofstopamenn l\u00f6g\u00f0u gildrur fyrir mig,illvilja\u00f0ir \u00fe\u00f6ndu \u00fat net s\u00edn,l\u00f6g\u00f0u sn\u00f6rur fyrir mig vi\u00f0 veginn. (Sela) 7\u00c9g sag\u00f0i vi\u00f0 Drottin: \u00de\u00fa ert Gu\u00f0 minn.Lj\u00e1 eyra gr\u00e1tbei\u00f0ni minni. 8Drottinn, Gu\u00f0 minn, \u00fe\u00fa ert m\u00e9r m\u00e1ttug hj\u00e1lp,\u00fe\u00fa sk\u00fdlir h\u00f6f\u00f0i m\u00ednu \u00e1 orrustudegi. 9Drottinn, uppfyll eigi \u00f3skir hins \u00f3gu\u00f0lega,l\u00e1t v\u00e9lr\u00e1\u00f0 hans ekki takast. <a href=\"https:\/\/biblian.is\/biblian\/salmarnir-140-kafli\/\"> [&#8230;]<\/a><\/p>\n","protected":false},"author":1,"featured_media":0,"parent":0,"menu_order":0,"comment_status":"open","ping_status":"open","template":"bibliukaflar_salmarnir.php","meta":{"footnotes":""},"class_list":["post-2235","page","type-page","status-publish","hentry"],"_links":{"self":[{"href":"https:\/\/biblian.is\/biblian\/wp-json\/wp\/v2\/pages\/2235","targetHints":{"allow":["GET"]}}],"collection":[{"href":"https:\/\/biblian.is\/biblian\/wp-json\/wp\/v2\/pages"}],"about":[{"href":"https:\/\/biblian.is\/biblian\/wp-json\/wp\/v2\/types\/page"}],"author":[{"embeddable":true,"href":"https:\/\/biblian.is\/biblian\/wp-json\/wp\/v2\/users\/1"}],"replies":[{"embeddable":true,"href":"https:\/\/biblian.is\/biblian\/wp-json\/wp\/v2\/comments?post=2235"}],"version-history":[{"count":0,"href":"https:\/\/biblian.is\/biblian\/wp-json\/wp\/v2\/pages\/2235\/revisions"}],"wp:attachment":[{"href":"https:\/\/biblian.is\/biblian\/wp-json\/wp\/v2\/media?parent=2235"}],"curies":[{"name":"wp","href":"https:\/\/api.w.org\/{rel}","templated":true}]}}