{"id":2233,"date":"2017-12-30T21:02:16","date_gmt":"2017-12-30T21:02:16","guid":{"rendered":"http:\/\/biblian.is\/biblian\/s%c2%87lmarnir-138-kafli\/"},"modified":"2020-05-30T18:12:29","modified_gmt":"2020-05-30T18:12:29","slug":"salmarnir-138-kafli","status":"publish","type":"page","link":"https:\/\/biblian.is\/biblian\/salmarnir-138-kafli\/","title":{"rendered":"S\u00e1lmarnir 138. kafli"},"content":{"rendered":"<p><a name=\"1\"><span class=\"versanumer_2007\">1<\/span><\/a> Eftir Dav\u00ed\u00f0.<br \/> <span class=\"ljodatexti\"> \u00c9g vil \u00feakka \u00fe\u00e9r af \u00f6llu hjarta,<br \/>lofsyngja \u00fe\u00e9r frammi fyrir gu\u00f0unum. <br \/> <\/span> <span class=\"ljodatexti\"> <a name=\"2\"><span class=\"versanumer_ljod\">2<\/span><\/a>\u00c9g fell fram, sn\u00fd a\u00f0 \u00fe\u00ednu heilaga musteri<br \/>og lofa nafn \u00feitt sakir miskunnar \u00feinnar og tr\u00fafesti <br \/>\u00fev\u00ed a\u00f0 \u00fe\u00fa ger\u00f0ir nafn \u00feitt og or\u00f0 meira \u00f6llu \u00f6\u00f0ru.<br \/> <\/span> <span class=\"ljodatexti\"> <a name=\"3\"><span class=\"versanumer_ljod\">3<\/span><\/a>\u00deegar \u00e9g hr\u00f3pa\u00f0i b\u00e6nheyr\u00f0ir \u00fe\u00fa mig,<br \/>\u00fe\u00fa veittir m\u00e9r hugrekki og j\u00f3kst m\u00e9r kraft.<br \/> <\/span> <span class=\"ljodatexti\"> <a name=\"4\"><span class=\"versanumer_ljod\">4<\/span><\/a>Allir konungar jar\u00f0ar skulu lofa \u00feig, Drottinn,<br \/>er \u00feeir heyra or\u00f0in af munni \u00fe\u00ednum.<br \/> <\/span> <span class=\"ljodatexti\"> <a name=\"5\"><span class=\"versanumer_ljod\">5<\/span><\/a>\u00deeir skulu syngja um vegu Drottins<br \/>\u00fev\u00ed a\u00f0 mikil er d\u00fdr\u00f0 Drottins.<br \/> <\/span> <span class=\"ljodatexti\"> <a name=\"6\"><span class=\"versanumer_ljod\">6<\/span><\/a>Drottinn er h\u00e1r en l\u00edtur \u00fe\u00f3 til hins l\u00e1ga,<br \/>\u00feekkir hinn drambl\u00e1ta \u00ed fjarska.<br \/> <\/span> <span class=\"ljodatexti\"> <a name=\"7\"><span class=\"versanumer_ljod\">7<\/span><\/a>Gangi \u00e9g \u00ed gegnum \u00ferengingar<br \/>l\u00e6tur \u00fe\u00fa mig l\u00edfi halda, <br \/>\u00fe\u00e1 r\u00e9ttir \u00fe\u00fa fram h\u00f6nd \u00fe\u00edna gegn rei\u00f0i \u00f3vina minna <br \/>og h\u00e6gri h\u00f6nd \u00fe\u00edn bjargar m\u00e9r.<br \/> <\/span> <span class=\"ljodatexti\"> <a name=\"8\"><span class=\"versanumer_ljod\">8<\/span><\/a>Drottinn mun fullna verk sitt fyrir mig.<br \/>Drottinn, miskunn \u00fe\u00edn varir a\u00f0 eil\u00edfu. <br \/>Yfirgef eigi verk handa \u00feinna. <\/span> <\/p>\n","protected":false},"excerpt":{"rendered":"<p>1 Eftir Dav\u00ed\u00f0. \u00c9g vil \u00feakka \u00fe\u00e9r af \u00f6llu hjarta,lofsyngja \u00fe\u00e9r frammi fyrir gu\u00f0unum. 2\u00c9g fell fram, sn\u00fd a\u00f0 \u00fe\u00ednu heilaga musteriog lofa nafn \u00feitt sakir miskunnar \u00feinnar og tr\u00fafesti \u00fev\u00ed a\u00f0 \u00fe\u00fa ger\u00f0ir nafn \u00feitt og or\u00f0 meira \u00f6llu \u00f6\u00f0ru. 3\u00deegar \u00e9g hr\u00f3pa\u00f0i b\u00e6nheyr\u00f0ir \u00fe\u00fa mig,\u00fe\u00fa veittir m\u00e9r hugrekki og j\u00f3kst m\u00e9r kraft. 4Allir konungar jar\u00f0ar skulu lofa \u00feig, Drottinn,er \u00feeir heyra or\u00f0in af munni \u00fe\u00ednum. 5\u00deeir skulu syngja um vegu Drottins\u00fev\u00ed a\u00f0 mikil er d\u00fdr\u00f0 Drottins. 6Drottinn er h\u00e1r en l\u00edtur \u00fe\u00f3 til hins l\u00e1ga,\u00feekkir hinn drambl\u00e1ta \u00ed fjarska. 7Gangi \u00e9g \u00ed gegnum \u00ferengingarl\u00e6tur \u00fe\u00fa mig l\u00edfi halda, <a href=\"https:\/\/biblian.is\/biblian\/salmarnir-138-kafli\/\"> [&#8230;]<\/a><\/p>\n","protected":false},"author":1,"featured_media":0,"parent":0,"menu_order":0,"comment_status":"open","ping_status":"open","template":"bibliukaflar_salmarnir.php","meta":{"footnotes":""},"class_list":["post-2233","page","type-page","status-publish","hentry"],"_links":{"self":[{"href":"https:\/\/biblian.is\/biblian\/wp-json\/wp\/v2\/pages\/2233","targetHints":{"allow":["GET"]}}],"collection":[{"href":"https:\/\/biblian.is\/biblian\/wp-json\/wp\/v2\/pages"}],"about":[{"href":"https:\/\/biblian.is\/biblian\/wp-json\/wp\/v2\/types\/page"}],"author":[{"embeddable":true,"href":"https:\/\/biblian.is\/biblian\/wp-json\/wp\/v2\/users\/1"}],"replies":[{"embeddable":true,"href":"https:\/\/biblian.is\/biblian\/wp-json\/wp\/v2\/comments?post=2233"}],"version-history":[{"count":0,"href":"https:\/\/biblian.is\/biblian\/wp-json\/wp\/v2\/pages\/2233\/revisions"}],"wp:attachment":[{"href":"https:\/\/biblian.is\/biblian\/wp-json\/wp\/v2\/media?parent=2233"}],"curies":[{"name":"wp","href":"https:\/\/api.w.org\/{rel}","templated":true}]}}