{"id":2210,"date":"2017-12-30T21:02:11","date_gmt":"2017-12-30T21:02:11","guid":{"rendered":"http:\/\/biblian.is\/biblian\/s%c2%87lmarnir-115-kafli\/"},"modified":"2020-05-30T18:12:24","modified_gmt":"2020-05-30T18:12:24","slug":"salmarnir-115-kafli","status":"publish","type":"page","link":"https:\/\/biblian.is\/biblian\/salmarnir-115-kafli\/","title":{"rendered":"S\u00e1lmarnir 115. kafli"},"content":{"rendered":"<p><span class=\"ljodatexti\"> <a name=\"1\"><span class=\"versanumer_ljod\">1<\/span><\/a>Gef eigi oss, Drottinn, eigi oss<br \/>heldur \u00fe\u00ednu nafni d\u00fdr\u00f0ina<br \/>sakir miskunnar \u00feinnar og tr\u00fafesti.<br \/> <\/span> <span class=\"ljodatexti\"> <a name=\"2\"><span class=\"versanumer_ljod\">2<\/span><\/a>Hv\u00ed skyldu \u00fej\u00f3\u00f0irnar segja:<br \/>\u201eHvar er Gu\u00f0 \u00feeirra?\u201c<br \/> <\/span> <span class=\"ljodatexti\"> <a name=\"3\"><span class=\"versanumer_ljod\">3<\/span><\/a>Gu\u00f0 vor er \u00e1 himni,<br \/>allt sem honum \u00fe\u00f3knast gerir hann.<br \/> <\/span> <span class=\"ljodatexti\"> <a name=\"4\"><span class=\"versanumer_ljod\">4<\/span><\/a>Skur\u00f0go\u00f0 \u00feeirra eru silfur og gull,<br \/>handaverk manna.<br \/> <\/span> <span class=\"ljodatexti\"> <a name=\"5\"><span class=\"versanumer_ljod\">5<\/span><\/a>\u00deau hafa munn en tala ekki,<br \/>augu en sj\u00e1 ekki.<br \/> <\/span> <span class=\"ljodatexti\"> <a name=\"6\"><span class=\"versanumer_ljod\">6<\/span><\/a>\u00deau hafa eyru en heyra ekki,<br \/>nef en finna enga lykt.<br \/> <\/span> <span class=\"ljodatexti\"> <a name=\"7\"><span class=\"versanumer_ljod\">7<\/span><\/a>\u00deau hafa hendur en \u00fereifa ekki,<br \/>f\u00e6tur en ganga ekki,<br \/>\u00far barka \u00feeirra kemur ekkert hlj\u00f3\u00f0.<br \/> <\/span> <span class=\"ljodatexti\"> <a name=\"8\"><span class=\"versanumer_ljod\">8<\/span><\/a>Eins og \u00feau eru ver\u00f0a smi\u00f0ir \u00feeirra,<br \/>allir \u00feeir er \u00e1 \u00feau treysta.<br \/> <\/span> <span class=\"ljodatexti\"> <a name=\"9\"><span class=\"versanumer_ljod\">9<\/span><\/a>\u00cdsrael, treystu Drottni.<br \/>Hann er hj\u00e1lp \u00feeirra og skj\u00f6ldur.<br \/> <\/span> <span class=\"ljodatexti\"> <a name=\"10\"><span class=\"versanumer_ljod\">10<\/span><\/a>Arons \u00e6tt, treystu Drottni.<br \/>Hann er hj\u00e1lp \u00feeirra og skj\u00f6ldur.<br \/> <\/span> <span class=\"ljodatexti\"> <a name=\"11\"><span class=\"versanumer_ljod\">11<\/span><\/a>\u00de\u00e9r, sem \u00f3ttist Drottin, treysti\u00f0 Drottni.<br \/>Hann er hj\u00e1lp \u00feeirra og skj\u00f6ldur.<br \/> <\/span> <span class=\"ljodatexti\"> <a name=\"12\"><span class=\"versanumer_ljod\">12<\/span><\/a>Drottinn minnist vor, hann mun blessa, <br \/>hann mun blessa \u00cdsraels \u00e6tt,<br \/>hann mun blessa Arons \u00e6tt,<br \/> <\/span> <span class=\"ljodatexti\"> <a name=\"13\"><span class=\"versanumer_ljod\">13<\/span><\/a>hann mun blessa \u00fe\u00e1 er \u00f3ttast Drottin,<br \/>h\u00e1a sem l\u00e1ga.<br \/> <\/span> <span class=\"ljodatexti\"> <a name=\"14\"><span class=\"versanumer_ljod\">14<\/span><\/a>Drottinn fj\u00f6lgi y\u00f0ur,<br \/>sj\u00e1lfum y\u00f0ur og b\u00f6rnum y\u00f0ar.<br \/> <\/span> <span class=\"ljodatexti\"> <a name=\"15\"><span class=\"versanumer_ljod\">15<\/span><\/a>\u00de\u00e9r s\u00e9u\u00f0 blessa\u00f0ir af Drottni,<br \/>skapara himins og jar\u00f0ar.<br \/> <\/span> <span class=\"ljodatexti\"> <a name=\"16\"><span class=\"versanumer_ljod\">16<\/span><\/a>Himinninn er himinn Drottins<br \/>en j\u00f6r\u00f0ina gaf hann mannanna b\u00f6rnum. <br \/> <\/span> <span class=\"ljodatexti\"> <a name=\"17\"><span class=\"versanumer_ljod\">17<\/span><\/a>Hvorki lofa d\u00e1nir menn Drottin<br \/>n\u00e9 \u00feeir sem eru hnignir \u00ed dau\u00f0a\u00fe\u00f6gn,<br \/> <\/span> <span class=\"ljodatexti\"> <a name=\"18\"><span class=\"versanumer_ljod\">18<\/span><\/a>en v\u00e9r viljum lofa Drottin<br \/>h\u00e9\u00f0an \u00ed fr\u00e1 og a\u00f0 eil\u00edfu.<br \/>Hallel\u00faja. <\/span> <\/p>\n","protected":false},"excerpt":{"rendered":"<p>1Gef eigi oss, Drottinn, eigi ossheldur \u00fe\u00ednu nafni d\u00fdr\u00f0inasakir miskunnar \u00feinnar og tr\u00fafesti. 2Hv\u00ed skyldu \u00fej\u00f3\u00f0irnar segja:\u201eHvar er Gu\u00f0 \u00feeirra?\u201c 3Gu\u00f0 vor er \u00e1 himni,allt sem honum \u00fe\u00f3knast gerir hann. 4Skur\u00f0go\u00f0 \u00feeirra eru silfur og gull,handaverk manna. 5\u00deau hafa munn en tala ekki,augu en sj\u00e1 ekki. 6\u00deau hafa eyru en heyra ekki,nef en finna enga lykt. 7\u00deau hafa hendur en \u00fereifa ekki,f\u00e6tur en ganga ekki,\u00far barka \u00feeirra kemur ekkert hlj\u00f3\u00f0. 8Eins og \u00feau eru ver\u00f0a smi\u00f0ir \u00feeirra,allir \u00feeir er \u00e1 \u00feau treysta. 9\u00cdsrael, treystu Drottni.Hann er hj\u00e1lp \u00feeirra og skj\u00f6ldur. 10Arons \u00e6tt, treystu Drottni.Hann er hj\u00e1lp \u00feeirra og skj\u00f6ldur. 11\u00de\u00e9r, <a href=\"https:\/\/biblian.is\/biblian\/salmarnir-115-kafli\/\"> [&#8230;]<\/a><\/p>\n","protected":false},"author":1,"featured_media":0,"parent":0,"menu_order":0,"comment_status":"open","ping_status":"open","template":"bibliukaflar_salmarnir.php","meta":{"footnotes":""},"class_list":["post-2210","page","type-page","status-publish","hentry"],"_links":{"self":[{"href":"https:\/\/biblian.is\/biblian\/wp-json\/wp\/v2\/pages\/2210","targetHints":{"allow":["GET"]}}],"collection":[{"href":"https:\/\/biblian.is\/biblian\/wp-json\/wp\/v2\/pages"}],"about":[{"href":"https:\/\/biblian.is\/biblian\/wp-json\/wp\/v2\/types\/page"}],"author":[{"embeddable":true,"href":"https:\/\/biblian.is\/biblian\/wp-json\/wp\/v2\/users\/1"}],"replies":[{"embeddable":true,"href":"https:\/\/biblian.is\/biblian\/wp-json\/wp\/v2\/comments?post=2210"}],"version-history":[{"count":0,"href":"https:\/\/biblian.is\/biblian\/wp-json\/wp\/v2\/pages\/2210\/revisions"}],"wp:attachment":[{"href":"https:\/\/biblian.is\/biblian\/wp-json\/wp\/v2\/media?parent=2210"}],"curies":[{"name":"wp","href":"https:\/\/api.w.org\/{rel}","templated":true}]}}