{"id":2209,"date":"2017-12-30T21:02:11","date_gmt":"2017-12-30T21:02:11","guid":{"rendered":"http:\/\/biblian.is\/biblian\/s%c2%87lmarnir-114-kafli\/"},"modified":"2020-05-30T18:12:24","modified_gmt":"2020-05-30T18:12:24","slug":"salmarnir-114-kafli","status":"publish","type":"page","link":"https:\/\/biblian.is\/biblian\/salmarnir-114-kafli\/","title":{"rendered":"S\u00e1lmarnir 114. kafli"},"content":{"rendered":"<p><span class=\"ljodatexti\"> <a name=\"1\"><span class=\"versanumer_ljod\">1<\/span><\/a>\u00deegar \u00cdsrael f\u00f3r \u00fat af Egyptalandi,<br \/>Jakobs \u00e6tt fr\u00e1 \u00fej\u00f3\u00f0 sem m\u00e6lti \u00e1 framandi tungu,<br \/> <\/span> <span class=\"ljodatexti\"> <a name=\"2\"><span class=\"versanumer_ljod\">2<\/span><\/a>var\u00f0 J\u00fada helgid\u00f3mur hans,<br \/>\u00cdsrael konungsr\u00edki hans.<br \/> <\/span> <span class=\"ljodatexti\"> <a name=\"3\"><span class=\"versanumer_ljod\">3<\/span><\/a>Hafi\u00f0 s\u00e1 \u00fea\u00f0 og fl\u00fd\u00f0i,<br \/>J\u00f3rdan h\u00f6rfa\u00f0i undan,<br \/> <\/span> <span class=\"ljodatexti\"> <a name=\"4\"><span class=\"versanumer_ljod\">4<\/span><\/a>fj\u00f6llin stukku sem hr\u00fatar,<br \/>h\u00e6\u00f0irnar sem l\u00f6mb.<br \/> <\/span> <span class=\"ljodatexti\"> <a name=\"5\"><span class=\"versanumer_ljod\">5<\/span><\/a>Hva\u00f0 veldur \u00fev\u00ed, haf, a\u00f0 \u00fe\u00fa fl\u00fdr\u00f0, <br \/>J\u00f3rdan, a\u00f0 \u00fe\u00fa h\u00f6rfar undan, <br \/> <\/span> <span class=\"ljodatexti\"> <a name=\"6\"><span class=\"versanumer_ljod\">6<\/span><\/a>fj\u00f6ll, a\u00f0 \u00fe\u00e9r st\u00f6kkvi\u00f0 sem hr\u00fatar, <br \/>og \u00fe\u00e9r, h\u00e6\u00f0ir, sem l\u00f6mb?<br \/> <\/span> <span class=\"ljodatexti\"> <a name=\"7\"><span class=\"versanumer_ljod\">7<\/span><\/a>Titra \u00fe\u00fa j\u00f6r\u00f0 fyrir augliti Drottins,<br \/>fyrir augliti Jakobs Gu\u00f0s<br \/> <\/span> <span class=\"ljodatexti\"> <a name=\"8\"><span class=\"versanumer_ljod\">8<\/span><\/a>sem ger\u00f0i klettinn a\u00f0 vatnsflaumi<br \/>og tinnusteininn a\u00f0 vatnslind. <\/span> <\/p>\n","protected":false},"excerpt":{"rendered":"<p>1\u00deegar \u00cdsrael f\u00f3r \u00fat af Egyptalandi,Jakobs \u00e6tt fr\u00e1 \u00fej\u00f3\u00f0 sem m\u00e6lti \u00e1 framandi tungu, 2var\u00f0 J\u00fada helgid\u00f3mur hans,\u00cdsrael konungsr\u00edki hans. 3Hafi\u00f0 s\u00e1 \u00fea\u00f0 og fl\u00fd\u00f0i,J\u00f3rdan h\u00f6rfa\u00f0i undan, 4fj\u00f6llin stukku sem hr\u00fatar,h\u00e6\u00f0irnar sem l\u00f6mb. 5Hva\u00f0 veldur \u00fev\u00ed, haf, a\u00f0 \u00fe\u00fa fl\u00fdr\u00f0, J\u00f3rdan, a\u00f0 \u00fe\u00fa h\u00f6rfar undan, 6fj\u00f6ll, a\u00f0 \u00fe\u00e9r st\u00f6kkvi\u00f0 sem hr\u00fatar, og \u00fe\u00e9r, h\u00e6\u00f0ir, sem l\u00f6mb? 7Titra \u00fe\u00fa j\u00f6r\u00f0 fyrir augliti Drottins,fyrir augliti Jakobs Gu\u00f0s 8sem ger\u00f0i klettinn a\u00f0 vatnsflaumiog tinnusteininn a\u00f0 vatnslind.<\/p>\n","protected":false},"author":1,"featured_media":0,"parent":0,"menu_order":0,"comment_status":"open","ping_status":"open","template":"bibliukaflar_salmarnir.php","meta":{"footnotes":""},"class_list":["post-2209","page","type-page","status-publish","hentry"],"_links":{"self":[{"href":"https:\/\/biblian.is\/biblian\/wp-json\/wp\/v2\/pages\/2209","targetHints":{"allow":["GET"]}}],"collection":[{"href":"https:\/\/biblian.is\/biblian\/wp-json\/wp\/v2\/pages"}],"about":[{"href":"https:\/\/biblian.is\/biblian\/wp-json\/wp\/v2\/types\/page"}],"author":[{"embeddable":true,"href":"https:\/\/biblian.is\/biblian\/wp-json\/wp\/v2\/users\/1"}],"replies":[{"embeddable":true,"href":"https:\/\/biblian.is\/biblian\/wp-json\/wp\/v2\/comments?post=2209"}],"version-history":[{"count":0,"href":"https:\/\/biblian.is\/biblian\/wp-json\/wp\/v2\/pages\/2209\/revisions"}],"wp:attachment":[{"href":"https:\/\/biblian.is\/biblian\/wp-json\/wp\/v2\/media?parent=2209"}],"curies":[{"name":"wp","href":"https:\/\/api.w.org\/{rel}","templated":true}]}}