{"id":2201,"date":"2017-12-30T21:02:11","date_gmt":"2017-12-30T21:02:11","guid":{"rendered":"http:\/\/biblian.is\/biblian\/s%c2%87lmarnir-106-kafli\/"},"modified":"2020-05-30T18:12:22","modified_gmt":"2020-05-30T18:12:22","slug":"salmarnir-106-kafli","status":"publish","type":"page","link":"https:\/\/biblian.is\/biblian\/salmarnir-106-kafli\/","title":{"rendered":"S\u00e1lmarnir 106. kafli"},"content":{"rendered":"<p><span class=\"ljodatexti\"> <a name=\"1\"><span class=\"versanumer_ljod\">1<\/span><\/a>Hallel\u00faja.<br \/>\u00deakki\u00f0 Drottni \u00fev\u00ed a\u00f0 hann er g\u00f3\u00f0ur,<br \/>\u00fev\u00ed a\u00f0 miskunn hans varir a\u00f0 eil\u00edfu.<br \/> <\/span> <span class=\"ljodatexti\"> <a name=\"2\"><span class=\"versanumer_ljod\">2<\/span><\/a>Hver getur sagt fr\u00e1 m\u00e1ttarverkum Drottins, <br \/>kunngj\u00f6rt allan lofst\u00edr hans? <br \/> <\/span> <span class=\"ljodatexti\"> <a name=\"3\"><span class=\"versanumer_ljod\">3<\/span><\/a>S\u00e6lir eru \u00feeir sem g\u00e6ta r\u00e9ttarins, <br \/>sem i\u00f0ka r\u00e9ttl\u00e6ti alla t\u00edma.<br \/> <\/span> <span class=\"ljodatexti\"> <a name=\"4\"><span class=\"versanumer_ljod\">4<\/span><\/a>Minnstu m\u00edn, Drottinn, <br \/>er \u00fe\u00fa miskunnar l\u00fd\u00f0 \u00fe\u00ednum, <br \/>vitja m\u00edn me\u00f0 hj\u00e1lpr\u00e6\u00f0i \u00fe\u00ednu.<br \/> <\/span> <span class=\"ljodatexti\"> <a name=\"5\"><span class=\"versanumer_ljod\">5<\/span><\/a>L\u00e1t mig sj\u00e1 heill \u00feinna \u00fatv\u00f6ldu,<br \/>gle\u00f0jast me\u00f0 \u00fej\u00f3\u00f0 \u00feinni<br \/>og fagna me\u00f0 eignarl\u00fd\u00f0 \u00fe\u00ednum. <br \/> <\/span> <span class=\"ljodatexti\"> <a name=\"6\"><span class=\"versanumer_ljod\">6<\/span><\/a>V\u00e9r h\u00f6fum syndga\u00f0 eins og fe\u00f0ur vorir,<br \/>h\u00f6fum breytt illa og \u00f3gu\u00f0lega.<br \/> <\/span> <span class=\"ljodatexti\"> <a name=\"7\"><span class=\"versanumer_ljod\">7<\/span><\/a>Fe\u00f0ur vorir \u00ed Egyptalandi g\u00e1fu ekki gaum a\u00f0 undrum \u00fe\u00ednum,<br \/>minntust ekki mikillar miskunnar \u00feinnar<br \/>en risu gegn Hinum h\u00e6sta vi\u00f0 Sefhafi\u00f0.<br \/> <\/span> <span class=\"ljodatexti\"> <a name=\"8\"><span class=\"versanumer_ljod\">8<\/span><\/a>Hann bjarga\u00f0i \u00feeim vegna nafns s\u00edns<br \/>til a\u00f0 kunngj\u00f6ra m\u00e1tt sinn. <br \/> <\/span> <span class=\"ljodatexti\"> <a name=\"9\"><span class=\"versanumer_ljod\">9<\/span><\/a>Hann hasta\u00f0i \u00e1 Sefhafi\u00f0 og \u00fea\u00f0 \u00feorna\u00f0i,<br \/>leiddi \u00fe\u00e1 yfir dj\u00fapin eins og um ey\u00f0im\u00f6rk.<br \/> <\/span> <span class=\"ljodatexti\"> <a name=\"10\"><span class=\"versanumer_ljod\">10<\/span><\/a>Hann bjarga\u00f0i \u00feeim \u00far greipum hatursmanna \u00feeirra,<br \/>leysti \u00fe\u00e1 \u00far \u00f3vinah\u00f6ndum.<br \/> <\/span> <span class=\"ljodatexti\"> <a name=\"11\"><span class=\"versanumer_ljod\">11<\/span><\/a>V\u00f6tnin huldu ofs\u00e6kjendur \u00feeirra, <br \/>enginn \u00feeirra komst undan.<br \/> <\/span> <span class=\"ljodatexti\"> <a name=\"12\"><span class=\"versanumer_ljod\">12<\/span><\/a>\u00de\u00e1 treystu \u00feeir or\u00f0um hans<br \/>og sungu honum lof.<br \/> <\/span> <span class=\"ljodatexti\"> <a name=\"13\"><span class=\"versanumer_ljod\">13<\/span><\/a>En \u00feeir gleymdu flj\u00f3tt verkum hans,<br \/>bi\u00f0u ekki r\u00e1\u00f0a hans. <br \/> <\/span> <span class=\"ljodatexti\"> <a name=\"14\"><span class=\"versanumer_ljod\">14<\/span><\/a>\u00deeir fylltust gr\u00e6\u00f0gi \u00ed ey\u00f0im\u00f6rkinni<br \/>og freistu\u00f0u Gu\u00f0s \u00ed au\u00f0ninni. <br \/> <\/span> <span class=\"ljodatexti\"> <a name=\"15\"><span class=\"versanumer_ljod\">15<\/span><\/a>Hann uppfyllti \u00f3sk \u00feeirra <br \/>en sendi \u00feeim t\u00e6randi sj\u00fakd\u00f3m.<br \/> <\/span> <span class=\"ljodatexti\"> <a name=\"16\"><span class=\"versanumer_ljod\">16<\/span><\/a>\u00de\u00e1 \u00f6fundu\u00f0u \u00feeir M\u00f3se \u00ed herb\u00fa\u00f0unum<br \/>og Aron, hinn heilaga Drottins.<br \/> <\/span> <span class=\"ljodatexti\"> <a name=\"17\"><span class=\"versanumer_ljod\">17<\/span><\/a>J\u00f6r\u00f0in opna\u00f0ist og gleypti Datan<br \/>og huldi flokk Ab\u00edrams.<br \/> <\/span> <span class=\"ljodatexti\"> <a name=\"18\"><span class=\"versanumer_ljod\">18<\/span><\/a>Eldur kvikna\u00f0i \u00ed flokki \u00feeirra,<br \/>logi gleypti hina \u00f3gu\u00f0legu.<br \/> <\/span> <span class=\"ljodatexti\"> <a name=\"19\"><span class=\"versanumer_ljod\">19<\/span><\/a>\u00deeir ger\u00f0u k\u00e1lf vi\u00f0 H\u00f3reb<br \/>og f\u00e9llu fram fyrir steyptu l\u00edkneski,<br \/> <\/span> <span class=\"ljodatexti\"> <a name=\"20\"><span class=\"versanumer_ljod\">20<\/span><\/a>l\u00e9tu vegsemd s\u00edna \u00ed skiptum<br \/>fyrir mynd af nauti sem b\u00edtur gras.<br \/> <\/span> <span class=\"ljodatexti\"> <a name=\"21\"><span class=\"versanumer_ljod\">21<\/span><\/a>\u00deeir gleymdu Gu\u00f0i, frelsara s\u00ednum,<br \/>sem vann m\u00e1ttarverk \u00ed Egyptalandi,<br \/> <\/span> <span class=\"ljodatexti\"> <a name=\"22\"><span class=\"versanumer_ljod\">22<\/span><\/a> ger\u00f0i undur \u00ed landi Kams,<br \/>\u00f3gnvekjandi d\u00e1\u00f0ir vi\u00f0 Sefhafi\u00f0.<br \/> <\/span> <span class=\"ljodatexti\"> <a name=\"23\"><span class=\"versanumer_ljod\">23<\/span><\/a> Hann hug\u00f0ist tort\u00edma \u00feeim<br \/>en M\u00f3se, sem hann haf\u00f0i \u00fatvali\u00f0, <br \/>gekk \u00e1 milli og b\u00e6g\u00f0i fr\u00e1 tort\u00edmandi rei\u00f0i hans.<br \/> <\/span> <span class=\"ljodatexti\"> <a name=\"24\"><span class=\"versanumer_ljod\">24<\/span><\/a> \u00deeir fyrirlitu hi\u00f0 una\u00f0slega land<br \/>og treystu ekki or\u00f0um hans,<br \/> <\/span> <span class=\"ljodatexti\"> <a name=\"25\"><span class=\"versanumer_ljod\">25<\/span><\/a> m\u00f6glu\u00f0u \u00ed tj\u00f6ldum s\u00ednum<br \/>og hl\u00fdddu ekki \u00e1 bo\u00f0 Drottins.<br \/> <\/span> <span class=\"ljodatexti\"> <a name=\"26\"><span class=\"versanumer_ljod\">26<\/span><\/a> \u00de\u00e1 h\u00f3f hann h\u00f6nd s\u00edna gegn \u00feeim<br \/>til a\u00f0 fella \u00fe\u00e1 \u00ed ey\u00f0im\u00f6rkinni, <br \/> <\/span> <span class=\"ljodatexti\"> <a name=\"27\"><span class=\"versanumer_ljod\">27<\/span><\/a> fella ni\u00f0ja \u00feeirra me\u00f0al framandi \u00fej\u00f3\u00f0a<br \/>og dreifa \u00feeim um l\u00f6ndin.<br \/> <\/span> <span class=\"ljodatexti\"> <a name=\"28\"><span class=\"versanumer_ljod\">28<\/span><\/a> \u00deeir gengu Baal Pe\u00f3r \u00e1 h\u00f6nd<br \/>og neyttu \u00feess sem dau\u00f0um go\u00f0um var f\u00f3rna\u00f0. <br \/> <\/span> <span class=\"ljodatexti\"> <a name=\"29\"><span class=\"versanumer_ljod\">29<\/span><\/a> \u00deeir egndu hann til rei\u00f0i me\u00f0 ath\u00e6fi s\u00ednu<br \/>og \u00fev\u00ed braust \u00fat pl\u00e1ga me\u00f0al \u00feeirra.<br \/> <\/span> <span class=\"ljodatexti\"> <a name=\"30\"><span class=\"versanumer_ljod\">30<\/span><\/a> \u00de\u00e1 gekk P\u00ednehas fram og kva\u00f0 upp d\u00f3m<br \/>og l\u00e9tti \u00fe\u00e1 pl\u00e1gunni.<br \/> <\/span> <span class=\"ljodatexti\"> <a name=\"31\"><span class=\"versanumer_ljod\">31<\/span><\/a> \u00deetta var reikna\u00f0 honum til r\u00e9ttl\u00e6tis,<br \/>fr\u00e1 kyni til kyns, \u00e6vinlega.<br \/> <\/span> <span class=\"ljodatexti\"> <a name=\"32\"><span class=\"versanumer_ljod\">32<\/span><\/a> \u00deeir reittu hann til rei\u00f0i vi\u00f0 Mer\u00edbav\u00f6tn <br \/>og M\u00f3se var\u00f0 fyrir m\u00f3tl\u00e6ti \u00feeirra vegna<br \/> <\/span> <span class=\"ljodatexti\"> <a name=\"33\"><span class=\"versanumer_ljod\">33<\/span><\/a> \u00fev\u00ed a\u00f0 \u00feeir risu gegn vilja hans <br \/>og honum hrutu vanhugsu\u00f0 or\u00f0 af v\u00f6rum.<br \/> <\/span> <span class=\"ljodatexti\"> <a name=\"34\"><span class=\"versanumer_ljod\">34<\/span><\/a> \u00deeir eyddu eigi \u00fej\u00f3\u00f0unum<br \/>eins og Drottinn haf\u00f0i bo\u00f0i\u00f0 \u00feeim<br \/> <\/span> <span class=\"ljodatexti\"> <a name=\"35\"><span class=\"versanumer_ljod\">35<\/span><\/a> heldur l\u00f6g\u00f0u lag sitt vi\u00f0 a\u00f0rar \u00fej\u00f3\u00f0ir<br \/>og t\u00f3ku upp h\u00e6tti \u00feeirra.<br \/> <\/span> <span class=\"ljodatexti\"> <a name=\"36\"><span class=\"versanumer_ljod\">36<\/span><\/a> \u00deeir d\u00fdrku\u00f0u skur\u00f0go\u00f0 \u00feeirra<br \/>og \u00feau ur\u00f0u \u00feeim a\u00f0 f\u00f3takefli.<br \/> <\/span> <span class=\"ljodatexti\"> <a name=\"37\"><span class=\"versanumer_ljod\">37<\/span><\/a> \u00deeir f\u00e6r\u00f0u illum v\u00e6ttum syni s\u00edna og d\u00e6tur a\u00f0 f\u00f3rn,<br \/> <\/span> <span class=\"ljodatexti\"> <a name=\"38\"><span class=\"versanumer_ljod\">38<\/span><\/a> \u00fathelltu saklausu bl\u00f3\u00f0i,<br \/>bl\u00f3\u00f0i sona sinna og d\u00e6tra<br \/>sem \u00feeir f\u00f3rnu\u00f0u go\u00f0um Kanaans<br \/>svo a\u00f0 landi\u00f0 vanhelga\u00f0ist af bl\u00f3\u00f0inu.<br \/> <\/span> <span class=\"ljodatexti\"> <a name=\"39\"><span class=\"versanumer_ljod\">39<\/span><\/a> \u00deeir saurgu\u00f0ust af verkum s\u00ednum<br \/>og fr\u00f6mdu trygg\u00f0arof me\u00f0 ath\u00e6fi s\u00ednu.<br \/> <\/span> <span class=\"ljodatexti\"> <a name=\"40\"><span class=\"versanumer_ljod\">40<\/span><\/a> \u00de\u00e1 blossa\u00f0i rei\u00f0i Drottins upp gegn l\u00fd\u00f0 s\u00ednum<br \/>og hann f\u00e9kk andstygg\u00f0 \u00e1 arfleif\u00f0 sinni.<br \/> <\/span> <span class=\"ljodatexti\"> <a name=\"41\"><span class=\"versanumer_ljod\">41<\/span><\/a> Hann seldi \u00fe\u00e1 \u00f6\u00f0rum \u00fej\u00f3\u00f0um \u00ed hendur,<br \/>hatursmenn \u00feeirra drottnu\u00f0u yfir \u00feeim,<br \/> <\/span> <span class=\"ljodatexti\"> <a name=\"42\"><span class=\"versanumer_ljod\">42<\/span><\/a> fjandmenn \u00feeirra k\u00fagu\u00f0u \u00fe\u00e1<br \/>og \u00feeir ur\u00f0u a\u00f0 beygja sig undir vald \u00feeirra. <br \/> <\/span> <span class=\"ljodatexti\"> <a name=\"43\"><span class=\"versanumer_ljod\">43<\/span><\/a> Hva\u00f0 eftir anna\u00f0 bjarga\u00f0i hann \u00feeim<br \/>en \u00feeir \u00ferj\u00f3sku\u00f0ust gegn r\u00e1\u00f0um hans<br \/>og sukku d\u00fdpra \u00ed synd s\u00edna.<br \/> <\/span> <span class=\"ljodatexti\"> <a name=\"44\"><span class=\"versanumer_ljod\">44<\/span><\/a> Hann leit til \u00feeirra \u00ed ney\u00f0inni<br \/>\u00feegar hann heyr\u00f0i kvein \u00feeirra.<br \/> <\/span> <span class=\"ljodatexti\"> <a name=\"45\"><span class=\"versanumer_ljod\">45<\/span><\/a> Hann minntist s\u00e1ttm\u00e1la s\u00edns vi\u00f0 \u00fe\u00e1,<br \/>aumka\u00f0ist yfir \u00fe\u00e1 vegna mikillar miskunnar sinnar<br \/> <\/span> <span class=\"ljodatexti\"> <a name=\"46\"><span class=\"versanumer_ljod\">46<\/span><\/a> og l\u00e9t \u00fe\u00e1 finna miskunn<br \/>hj\u00e1 \u00f6llum \u00feeim sem h\u00f6f\u00f0u flutt \u00fe\u00e1 \u00ed \u00fatleg\u00f0.<br \/> <\/span> <span class=\"ljodatexti\"> <a name=\"47\"><span class=\"versanumer_ljod\">47<\/span><\/a> Hj\u00e1lpa \u00fe\u00fa oss, Drottinn, Gu\u00f0 vor,<br \/>og safna oss saman fr\u00e1 \u00fej\u00f3\u00f0unum,<br \/>svo a\u00f0 v\u00e9r getum lofa\u00f0 \u00feitt heilaga nafn<br \/>og fagnandi sungi\u00f0 \u00fe\u00e9r lof.<br \/> <\/span> <span class=\"ljodatexti\"> <a name=\"48\"><span class=\"versanumer_ljod\">48<\/span><\/a> Lofa\u00f0ur s\u00e9 Drottinn, \u00cdsraels Gu\u00f0,<br \/>fr\u00e1 eil\u00edf\u00f0 til eil\u00edf\u00f0ar.<br \/>Allur l\u00fd\u00f0urinn segi: Amen.<br \/>Hallel\u00faja. <\/span> <\/p>\n","protected":false},"excerpt":{"rendered":"<p>1Hallel\u00faja.\u00deakki\u00f0 Drottni \u00fev\u00ed a\u00f0 hann er g\u00f3\u00f0ur,\u00fev\u00ed a\u00f0 miskunn hans varir a\u00f0 eil\u00edfu. 2Hver getur sagt fr\u00e1 m\u00e1ttarverkum Drottins, kunngj\u00f6rt allan lofst\u00edr hans? 3S\u00e6lir eru \u00feeir sem g\u00e6ta r\u00e9ttarins, sem i\u00f0ka r\u00e9ttl\u00e6ti alla t\u00edma. 4Minnstu m\u00edn, Drottinn, er \u00fe\u00fa miskunnar l\u00fd\u00f0 \u00fe\u00ednum, vitja m\u00edn me\u00f0 hj\u00e1lpr\u00e6\u00f0i \u00fe\u00ednu. 5L\u00e1t mig sj\u00e1 heill \u00feinna \u00fatv\u00f6ldu,gle\u00f0jast me\u00f0 \u00fej\u00f3\u00f0 \u00feinniog fagna me\u00f0 eignarl\u00fd\u00f0 \u00fe\u00ednum. 6V\u00e9r h\u00f6fum syndga\u00f0 eins og fe\u00f0ur vorir,h\u00f6fum breytt illa og \u00f3gu\u00f0lega. 7Fe\u00f0ur vorir \u00ed Egyptalandi g\u00e1fu ekki gaum a\u00f0 undrum \u00fe\u00ednum,minntust ekki mikillar miskunnar \u00feinnaren risu gegn Hinum h\u00e6sta vi\u00f0 Sefhafi\u00f0. 8Hann bjarga\u00f0i \u00feeim vegna nafns s\u00ednstil a\u00f0 kunngj\u00f6ra m\u00e1tt <a href=\"https:\/\/biblian.is\/biblian\/salmarnir-106-kafli\/\"> [&#8230;]<\/a><\/p>\n","protected":false},"author":1,"featured_media":0,"parent":0,"menu_order":0,"comment_status":"open","ping_status":"open","template":"bibliukaflar_salmarnir.php","meta":{"footnotes":""},"class_list":["post-2201","page","type-page","status-publish","hentry"],"_links":{"self":[{"href":"https:\/\/biblian.is\/biblian\/wp-json\/wp\/v2\/pages\/2201","targetHints":{"allow":["GET"]}}],"collection":[{"href":"https:\/\/biblian.is\/biblian\/wp-json\/wp\/v2\/pages"}],"about":[{"href":"https:\/\/biblian.is\/biblian\/wp-json\/wp\/v2\/types\/page"}],"author":[{"embeddable":true,"href":"https:\/\/biblian.is\/biblian\/wp-json\/wp\/v2\/users\/1"}],"replies":[{"embeddable":true,"href":"https:\/\/biblian.is\/biblian\/wp-json\/wp\/v2\/comments?post=2201"}],"version-history":[{"count":0,"href":"https:\/\/biblian.is\/biblian\/wp-json\/wp\/v2\/pages\/2201\/revisions"}],"wp:attachment":[{"href":"https:\/\/biblian.is\/biblian\/wp-json\/wp\/v2\/media?parent=2201"}],"curies":[{"name":"wp","href":"https:\/\/api.w.org\/{rel}","templated":true}]}}