{"id":2200,"date":"2017-12-30T21:02:11","date_gmt":"2017-12-30T21:02:11","guid":{"rendered":"http:\/\/biblian.is\/biblian\/s%c2%87lmarnir-105-kafli\/"},"modified":"2020-05-30T18:12:21","modified_gmt":"2020-05-30T18:12:21","slug":"salmarnir-105-kafli","status":"publish","type":"page","link":"https:\/\/biblian.is\/biblian\/salmarnir-105-kafli\/","title":{"rendered":"S\u00e1lmarnir 105. kafli"},"content":{"rendered":"<p><span class=\"ljodatexti\"> <a name=\"1\"><span class=\"versanumer_ljod\">1<\/span><\/a>\u00deakki\u00f0 Drottni, \u00e1kalli\u00f0 nafn hans, <br \/>geri\u00f0 m\u00e1ttarverk hans kunn me\u00f0al \u00fej\u00f3\u00f0anna.<br \/> <\/span> <span class=\"ljodatexti\"> <a name=\"2\"><span class=\"versanumer_ljod\">2<\/span><\/a>Syngi\u00f0 honum lof, leiki\u00f0 fyrir hann,<br \/>segi\u00f0 fr\u00e1 \u00f6llum m\u00e1ttarverkum hans.<br \/> <\/span> <span class=\"ljodatexti\"> <a name=\"3\"><span class=\"versanumer_ljod\">3<\/span><\/a>Hr\u00f3si\u00f0 y\u00f0ur af hans heilaga nafni,<br \/>hjarta \u00feeirra sem leita Drottins gle\u00f0jist.<br \/> <\/span> <span class=\"ljodatexti\"> <a name=\"4\"><span class=\"versanumer_ljod\">4<\/span><\/a>Leiti\u00f0 Drottins og m\u00e1ttar hans, <br \/>leiti\u00f0 s\u00edfellt eftir augliti hans. <br \/> <\/span> <span class=\"ljodatexti\"> <a name=\"5\"><span class=\"versanumer_ljod\">5<\/span><\/a>Minnist d\u00e1semdarverkanna sem hann vann,<br \/>t\u00e1kna hans og d\u00f3manna sem hann kva\u00f0 upp,<br \/> <\/span> <span class=\"ljodatexti\"> <a name=\"6\"><span class=\"versanumer_ljod\">6<\/span><\/a>\u00fe\u00e9r ni\u00f0jar Abrahams, \u00fej\u00f3ns hans,<br \/>synir Jakobs sem hann \u00fatvaldi.<br \/> <\/span> <span class=\"ljodatexti\"> <a name=\"7\"><span class=\"versanumer_ljod\">7<\/span><\/a>Hann er Drottinn, Gu\u00f0 vor,<br \/>um v\u00ed\u00f0a ver\u00f6ld gilda bo\u00f0 hans. <br \/> <\/span> <span class=\"ljodatexti\"> <a name=\"8\"><span class=\"versanumer_ljod\">8<\/span><\/a>Hann minnist a\u00f0 eil\u00edfu s\u00e1ttm\u00e1la s\u00edns, <br \/>fyrirheitanna sem hann gaf \u00fe\u00fasund kynsl\u00f3\u00f0um,<br \/> <\/span> <span class=\"ljodatexti\"> <a name=\"9\"><span class=\"versanumer_ljod\">9<\/span><\/a>s\u00e1ttm\u00e1lans sem hann ger\u00f0i vi\u00f0 Abraham<br \/>og ei\u00f0sins sem hann s\u00f3r \u00cdsak<br \/> <\/span> <span class=\"ljodatexti\"> <a name=\"10\"><span class=\"versanumer_ljod\">10<\/span><\/a>og setti sem l\u00f6g fyrir Jakob,<br \/>\u00e6varandi s\u00e1ttm\u00e1la fyrir \u00cdsrael.<br \/> <\/span> <span class=\"ljodatexti\"> <a name=\"11\"><span class=\"versanumer_ljod\">11<\/span><\/a>Hann sag\u00f0i: \u201e\u00de\u00e9r f\u00e6 \u00e9g Kanaansland,<br \/>\u00fea\u00f0 skal vera erf\u00f0ahlutur y\u00f0ar,\u201c<br \/> <\/span> <span class=\"ljodatexti\"> <a name=\"12\"><span class=\"versanumer_ljod\">12<\/span><\/a>\u00feegar \u00feeir voru f\u00e1mennur h\u00f3pur<br \/>og bjuggu \u00fear sem f\u00e1li\u00f0a\u00f0ir \u00fatlendingar. <br \/> <\/span> <span class=\"ljodatexti\"> <a name=\"13\"><span class=\"versanumer_ljod\">13<\/span><\/a>\u00deeir reiku\u00f0u fr\u00e1 einni \u00fej\u00f3\u00f0 til annarrar,<br \/>fr\u00e1 einu konungsr\u00edki til annars. <br \/> <\/span> <span class=\"ljodatexti\"> <a name=\"14\"><span class=\"versanumer_ljod\">14<\/span><\/a>Hann lei\u00f0 engum a\u00f0 k\u00faga \u00fe\u00e1<br \/>en hegndi konungum \u00feeirra vegna.<br \/> <\/span> <span class=\"ljodatexti\"> <a name=\"15\"><span class=\"versanumer_ljod\">15<\/span><\/a>\u201eSnerti\u00f0 eigi m\u00edna smur\u00f0u<br \/>og geri\u00f0 eigi sp\u00e1m\u00f6nnum m\u00ednum mein.\u201c<br \/> <\/span> <span class=\"ljodatexti\"> <a name=\"16\"><span class=\"versanumer_ljod\">16<\/span><\/a>\u00deegar hann kalla\u00f0i hungur yfir landi\u00f0,<br \/>svipti \u00fe\u00e1 \u00f6llum birg\u00f0um brau\u00f0s,<span class=\"nedan_mal\" title=\"Or\u00f0r\u00e9tt: braut s\u00e9rhvern staf brau\u00f0s.\">[<\/span><br \/> <\/span> <span class=\"ljodatexti\"> <a name=\"17\"><span class=\"versanumer_ljod\">17<\/span><\/a>sendi hann mann \u00e1 undan \u00feeim.<br \/>J\u00f3sef var seldur sem \u00fer\u00e6ll,<br \/> <\/span> <span class=\"ljodatexti\"> <a name=\"18\"><span class=\"versanumer_ljod\">18<\/span><\/a>\u00feeir s\u00e6r\u00f0u f\u00e6tur hans me\u00f0 fj\u00f6trum, <br \/>settu h\u00e1ls hans \u00ed j\u00e1rn<br \/> <\/span> <span class=\"ljodatexti\"> <a name=\"19\"><span class=\"versanumer_ljod\">19<\/span><\/a>\u00fear til or\u00f0 hans r\u00e6ttust<br \/>og or\u00f0 Drottins s\u00f6nnu\u00f0u m\u00e1l hans. <br \/> <\/span> <span class=\"ljodatexti\"> <a name=\"20\"><span class=\"versanumer_ljod\">20<\/span><\/a>Konungur sendi bo\u00f0 og l\u00e9t leysa hann, <br \/>drottnari \u00fej\u00f3\u00f0anna leysti fj\u00f6tra hans,<br \/> <\/span> <span class=\"ljodatexti\"> <a name=\"21\"><span class=\"versanumer_ljod\">21<\/span><\/a>ger\u00f0i hann herra h\u00fass s\u00edns<br \/>og stj\u00f3rnanda allra eigna sinna<br \/> <\/span> <span class=\"ljodatexti\"> <a name=\"22\"><span class=\"versanumer_ljod\">22<\/span><\/a> svo a\u00f0 hann g\u00e6ti lei\u00f0beint hir\u00f0m\u00f6nnum a\u00f0 vild<br \/>og kennt \u00f6ldungum hans speki.<br \/> <\/span> <span class=\"ljodatexti\"> <a name=\"23\"><span class=\"versanumer_ljod\">23<\/span><\/a> \u00cdsrael kom til Egyptalands,<br \/>Jakob var\u00f0 gestur \u00ed landi Kams.<br \/> <\/span> <span class=\"ljodatexti\"> <a name=\"24\"><span class=\"versanumer_ljod\">24<\/span><\/a> Drottinn j\u00f3k st\u00f3rum frj\u00f3semi l\u00fd\u00f0s s\u00edns,<br \/>ger\u00f0i hann fj\u00f6lmennari en fjandmenn hans.<br \/> <\/span> <span class=\"ljodatexti\"> <a name=\"25\"><span class=\"versanumer_ljod\">25<\/span><\/a> Hann sneri hjarta Egypta til haturs \u00e1 l\u00fd\u00f0 s\u00ednum,<br \/>til l\u00e6v\u00edsi gegn \u00fej\u00f3num s\u00ednum.<br \/> <\/span> <span class=\"ljodatexti\"> <a name=\"26\"><span class=\"versanumer_ljod\">26<\/span><\/a> Hann sendi M\u00f3se, \u00fej\u00f3n sinn,<br \/>og Aron sem hann haf\u00f0i vali\u00f0 s\u00e9r. <br \/> <\/span> <span class=\"ljodatexti\"> <a name=\"27\"><span class=\"versanumer_ljod\">27<\/span><\/a> \u00deeir ger\u00f0u t\u00e1kn hans \u00ed Egyptalandi <br \/>og undur \u00ed landi Kams.<br \/> <\/span> <span class=\"ljodatexti\"> <a name=\"28\"><span class=\"versanumer_ljod\">28<\/span><\/a> Hann sendi sorta og myrkva\u00f0i landi\u00f0<br \/>en \u00feeir \u00ferj\u00f3sku\u00f0ust gegn bo\u00f0um hans.<br \/> <\/span> <span class=\"ljodatexti\"> <a name=\"29\"><span class=\"versanumer_ljod\">29<\/span><\/a> Hann breytti v\u00f6tnum \u00feeirra \u00ed bl\u00f3\u00f0<br \/>og drap fiska \u00feeirra,<br \/> <\/span> <span class=\"ljodatexti\"> <a name=\"30\"><span class=\"versanumer_ljod\">30<\/span><\/a> land \u00feeirra var\u00f0 kvikt af froskum<br \/>alla lei\u00f0 inn \u00ed herbergi konungs.<br \/> <\/span> <span class=\"ljodatexti\"> <a name=\"31\"><span class=\"versanumer_ljod\">31<\/span><\/a> Hann bau\u00f0 og \u00fe\u00e1 komu flugur,<br \/>m\u00fdvargur um allt land \u00feeirra.<br \/> <\/span> <span class=\"ljodatexti\"> <a name=\"32\"><span class=\"versanumer_ljod\">32<\/span><\/a> Hann sendi hagl fyrir regn,<br \/>logandi eld yfir land \u00feeirra,<br \/> <\/span> <span class=\"ljodatexti\"> <a name=\"33\"><span class=\"versanumer_ljod\">33<\/span><\/a> sl\u00f3 ni\u00f0ur v\u00ednvi\u00f0 \u00feeirra og f\u00edkjutr\u00e9<br \/>og braut ni\u00f0ur tr\u00e9n \u00ed landi \u00feeirra.<br \/> <\/span> <span class=\"ljodatexti\"> <a name=\"34\"><span class=\"versanumer_ljod\">34<\/span><\/a> Hann bau\u00f0 og engisprettur komu,<br \/>lirfur sem ekki var\u00f0 t\u00f6lu \u00e1 komi\u00f0,<br \/> <\/span> <span class=\"ljodatexti\"> <a name=\"35\"><span class=\"versanumer_ljod\">35<\/span><\/a> sem \u00e1tu allar jurtir \u00ed landi \u00feeirra,<br \/>allan \u00e1v\u00f6xt \u00e1 \u00f6krum \u00feeirra.<br \/> <\/span> <span class=\"ljodatexti\"> <a name=\"36\"><span class=\"versanumer_ljod\">36<\/span><\/a> Hann laust alla frumbur\u00f0i \u00ed landi \u00feeirra til bana,<br \/>frumgr\u00f3\u00f0a karlmennsku \u00feeirra. <br \/> <\/span> <span class=\"ljodatexti\"> <a name=\"37\"><span class=\"versanumer_ljod\">37<\/span><\/a> S\u00ed\u00f0an leiddi hann \u00fe\u00e1 \u00fat me\u00f0 silfri og gulli<br \/>og enginn af \u00e6ttb\u00e1lkum hans hrasa\u00f0i.<br \/> <\/span> <span class=\"ljodatexti\"> <a name=\"38\"><span class=\"versanumer_ljod\">38<\/span><\/a> Egyptar gl\u00f6ddust yfir brottf\u00f6r \u00feeirra <br \/>\u00fev\u00ed a\u00f0 \u00f3tti var kominn yfir \u00fe\u00e1. <br \/> <\/span> <span class=\"ljodatexti\"> <a name=\"39\"><span class=\"versanumer_ljod\">39<\/span><\/a> Hann breiddi \u00fat sk\u00fd sem hl\u00edf<br \/>og eld til a\u00f0 l\u00fdsa um n\u00e6tur.<br \/> <\/span> <span class=\"ljodatexti\"> <a name=\"40\"><span class=\"versanumer_ljod\">40<\/span><\/a> \u00deeir b\u00e1\u00f0u, \u00fe\u00e1 sendi hann lyngh\u00e6nsn<br \/>og metta\u00f0i \u00fe\u00e1 me\u00f0 brau\u00f0i af himni. <br \/> <\/span> <span class=\"ljodatexti\"> <a name=\"41\"><span class=\"versanumer_ljod\">41<\/span><\/a> Hann klauf klett og vatn vall fram, <br \/>rann sem flj\u00f3t um skr\u00e6lna\u00f0 land.<br \/> <\/span> <span class=\"ljodatexti\"> <a name=\"42\"><span class=\"versanumer_ljod\">42<\/span><\/a> \u00dear sem hann minntist s\u00edns heilaga heits<br \/>vi\u00f0 Abraham \u00fej\u00f3n sinn<br \/> <\/span> <span class=\"ljodatexti\"> <a name=\"43\"><span class=\"versanumer_ljod\">43<\/span><\/a> leiddi hann l\u00fd\u00f0 sinn me\u00f0 gle\u00f0i, <br \/>s\u00edna \u00fatv\u00f6ldu me\u00f0 f\u00f6gnu\u00f0i.<br \/> <\/span> <span class=\"ljodatexti\"> <a name=\"44\"><span class=\"versanumer_ljod\">44<\/span><\/a> Hann gaf \u00feeim l\u00f6nd annarra \u00fej\u00f3\u00f0a, <br \/>\u00feeir eignu\u00f0ust \u00e1v\u00f6xt af erfi\u00f0i \u00fej\u00f3\u00f0anna<br \/> <\/span> <span class=\"ljodatexti\"> <a name=\"45\"><span class=\"versanumer_ljod\">45<\/span><\/a> svo a\u00f0 \u00feeir h\u00e9ldu l\u00f6g hans<br \/>og var\u00f0veittu bo\u00f0or\u00f0 hans.<br \/>Hallel\u00faja. <\/span> <\/p>\n","protected":false},"excerpt":{"rendered":"<p>1\u00deakki\u00f0 Drottni, \u00e1kalli\u00f0 nafn hans, geri\u00f0 m\u00e1ttarverk hans kunn me\u00f0al \u00fej\u00f3\u00f0anna. 2Syngi\u00f0 honum lof, leiki\u00f0 fyrir hann,segi\u00f0 fr\u00e1 \u00f6llum m\u00e1ttarverkum hans. 3Hr\u00f3si\u00f0 y\u00f0ur af hans heilaga nafni,hjarta \u00feeirra sem leita Drottins gle\u00f0jist. 4Leiti\u00f0 Drottins og m\u00e1ttar hans, leiti\u00f0 s\u00edfellt eftir augliti hans. 5Minnist d\u00e1semdarverkanna sem hann vann,t\u00e1kna hans og d\u00f3manna sem hann kva\u00f0 upp, 6\u00fe\u00e9r ni\u00f0jar Abrahams, \u00fej\u00f3ns hans,synir Jakobs sem hann \u00fatvaldi. 7Hann er Drottinn, Gu\u00f0 vor,um v\u00ed\u00f0a ver\u00f6ld gilda bo\u00f0 hans. 8Hann minnist a\u00f0 eil\u00edfu s\u00e1ttm\u00e1la s\u00edns, fyrirheitanna sem hann gaf \u00fe\u00fasund kynsl\u00f3\u00f0um, 9s\u00e1ttm\u00e1lans sem hann ger\u00f0i vi\u00f0 Abrahamog ei\u00f0sins sem hann s\u00f3r \u00cdsak 10og setti sem l\u00f6g <a href=\"https:\/\/biblian.is\/biblian\/salmarnir-105-kafli\/\"> [&#8230;]<\/a><\/p>\n","protected":false},"author":1,"featured_media":0,"parent":0,"menu_order":0,"comment_status":"open","ping_status":"open","template":"bibliukaflar_salmarnir.php","meta":{"footnotes":""},"class_list":["post-2200","page","type-page","status-publish","hentry"],"_links":{"self":[{"href":"https:\/\/biblian.is\/biblian\/wp-json\/wp\/v2\/pages\/2200","targetHints":{"allow":["GET"]}}],"collection":[{"href":"https:\/\/biblian.is\/biblian\/wp-json\/wp\/v2\/pages"}],"about":[{"href":"https:\/\/biblian.is\/biblian\/wp-json\/wp\/v2\/types\/page"}],"author":[{"embeddable":true,"href":"https:\/\/biblian.is\/biblian\/wp-json\/wp\/v2\/users\/1"}],"replies":[{"embeddable":true,"href":"https:\/\/biblian.is\/biblian\/wp-json\/wp\/v2\/comments?post=2200"}],"version-history":[{"count":0,"href":"https:\/\/biblian.is\/biblian\/wp-json\/wp\/v2\/pages\/2200\/revisions"}],"wp:attachment":[{"href":"https:\/\/biblian.is\/biblian\/wp-json\/wp\/v2\/media?parent=2200"}],"curies":[{"name":"wp","href":"https:\/\/api.w.org\/{rel}","templated":true}]}}