{"id":2197,"date":"2017-12-30T21:02:05","date_gmt":"2017-12-30T21:02:05","guid":{"rendered":"http:\/\/biblian.is\/biblian\/s%c2%87lmarnir-102-kafli\/"},"modified":"2020-05-30T18:12:21","modified_gmt":"2020-05-30T18:12:21","slug":"salmarnir-102-kafli","status":"publish","type":"page","link":"https:\/\/biblian.is\/biblian\/salmarnir-102-kafli\/","title":{"rendered":"S\u00e1lmarnir 102. kafli"},"content":{"rendered":"<p><a name=\"1\"><span class=\"versanumer_2007\">1<\/span><\/a> B\u00e6n hrj\u00e1\u00f0s manns \u00fe\u00e1 er hann \u00f6rmagnast <br \/>og \u00fathellir harmi s\u00ednum fyrir augliti Drottins.<br \/> <span class=\"ljodatexti\"> <a name=\"2\"><span class=\"versanumer_ljod\">2<\/span><\/a>Drottinn, heyr \u00fe\u00fa b\u00e6n m\u00edna,<br \/>hr\u00f3p mitt berist til \u00fe\u00edn.<br \/> <\/span> <span class=\"ljodatexti\"> <a name=\"3\"><span class=\"versanumer_ljod\">3<\/span><\/a>Byrg eigi auglit \u00feitt fyrir m\u00e9r<br \/>\u00feegar \u00e9g er \u00ed nau\u00f0um staddur,<br \/>hneig eyra \u00feitt a\u00f0 m\u00e9r, <br \/>svara m\u00e9r skj\u00f3tt \u00feegar \u00e9g kalla.<br \/> <\/span> <span class=\"ljodatexti\"> <a name=\"4\"><span class=\"versanumer_ljod\">4<\/span><\/a>Dagar m\u00ednir l\u00ed\u00f0a hj\u00e1 sem reykur<br \/>og bein m\u00edn brenna sem \u00ed eldi, <br \/> <\/span> <span class=\"ljodatexti\"> <a name=\"5\"><span class=\"versanumer_ljod\">5<\/span><\/a>hjarta mitt er morna\u00f0 og \u00feorna\u00f0 sem gras <br \/>\u00fev\u00ed a\u00f0 \u00e9g gleymi a\u00f0 eta brau\u00f0 mitt. <br \/> <\/span> <span class=\"ljodatexti\"> <a name=\"6\"><span class=\"versanumer_ljod\">6<\/span><\/a>Af kveinst\u00f6fum m\u00ednum<br \/>er \u00e9g sem skinin bein.<br \/> <\/span> <span class=\"ljodatexti\"> <a name=\"7\"><span class=\"versanumer_ljod\">7<\/span><\/a>\u00c9g l\u00edkist pel\u00edkana \u00ed ey\u00f0im\u00f6rkinni,<br \/>er eins og ugla \u00ed ey\u00f0ir\u00fast, <br \/> <\/span> <span class=\"ljodatexti\"> <a name=\"8\"><span class=\"versanumer_ljod\">8<\/span><\/a>\u00e9g ligg andvaka, <br \/>l\u00edkist einmana fugli \u00e1 \u00feaki.<br \/> <\/span> <span class=\"ljodatexti\"> <a name=\"9\"><span class=\"versanumer_ljod\">9<\/span><\/a>Fjandmenn m\u00ednir sm\u00e1na mig li\u00f0langan daginn;<br \/>\u00feeir sem hamast gegn m\u00e9r nota nafn mitt til form\u00e6linga.<br \/> <\/span> <span class=\"ljodatexti\"> <a name=\"10\"><span class=\"versanumer_ljod\">10<\/span><\/a>J\u00e1, \u00e9g neyti \u00f6sku sem brau\u00f0s,<br \/>blanda drykk minn t\u00e1rum<br \/> <\/span> <span class=\"ljodatexti\"> <a name=\"11\"><span class=\"versanumer_ljod\">11<\/span><\/a>vegna rei\u00f0i \u00feinnar og br\u00e6\u00f0i<br \/>\u00fev\u00ed a\u00f0 \u00fe\u00fa h\u00f3fst mig upp og varpa\u00f0ir m\u00e9r aftur til jar\u00f0ar.<br \/> <\/span> <span class=\"ljodatexti\"> <a name=\"12\"><span class=\"versanumer_ljod\">12<\/span><\/a>Dagar m\u00ednir eru sem s\u00ed\u00f0degisskuggi<br \/>og \u00e9g visna sem gras.<br \/> <\/span> <span class=\"ljodatexti\"> <a name=\"13\"><span class=\"versanumer_ljod\">13<\/span><\/a>En \u00fe\u00fa, Drottinn, r\u00edkir a\u00f0 eil\u00edfu<br \/>og \u00fe\u00edn er minnst fr\u00e1 kyni til kyns.<br \/> <\/span> <span class=\"ljodatexti\"> <a name=\"14\"><span class=\"versanumer_ljod\">14<\/span><\/a>\u00de\u00fa munt r\u00edsa upp, s\u00fdna S\u00edon miskunn<br \/>\u00fev\u00ed a\u00f0 n\u00fa er t\u00edmi til kominn a\u00f0 l\u00edkna henni,<br \/>j\u00e1, stundin er runnin upp.<br \/> <\/span> <span class=\"ljodatexti\"> <a name=\"15\"><span class=\"versanumer_ljod\">15<\/span><\/a>\u00dev\u00ed a\u00f0 \u00fej\u00f3nar \u00fe\u00ednir elska steina S\u00edonar<br \/>og harma yfir r\u00fastum hennar.<br \/> <\/span> <span class=\"ljodatexti\"> <a name=\"16\"><span class=\"versanumer_ljod\">16<\/span><\/a>\u00de\u00e1 munu \u00fej\u00f3\u00f0irnar \u00f3ttast nafn Drottins <br \/>og allir konungar jar\u00f0arinnar d\u00fdr\u00f0 \u00fe\u00edna <br \/> <\/span> <span class=\"ljodatexti\"> <a name=\"17\"><span class=\"versanumer_ljod\">17<\/span><\/a>\u00fev\u00ed a\u00f0 Drottinn byggir upp S\u00edon<br \/>og birtist \u00ed d\u00fdr\u00f0 sinni.<br \/> <\/span> <span class=\"ljodatexti\"> <a name=\"18\"><span class=\"versanumer_ljod\">18<\/span><\/a>Hann gefur gaum a\u00f0 b\u00e6n hinna allslausu<br \/>og hafnar ekki b\u00e6n \u00feeirra.<br \/> <\/span> <span class=\"ljodatexti\"> <a name=\"19\"><span class=\"versanumer_ljod\">19<\/span><\/a>\u00deetta skal skr\u00e1\u00f0 fyrir komandi kynsl\u00f3\u00f0<br \/>og \u00fej\u00f3\u00f0, sem enn er ekki sk\u00f6pu\u00f0, skal lofa Drottin.<br \/> <\/span> <span class=\"ljodatexti\"> <a name=\"20\"><span class=\"versanumer_ljod\">20<\/span><\/a>Drottinn l\u00edtur ni\u00f0ur fr\u00e1 sinni heil\u00f6gu h\u00e6\u00f0,<br \/>horfir fr\u00e1 himni til jar\u00f0ar<br \/> <\/span> <span class=\"ljodatexti\"> <a name=\"21\"><span class=\"versanumer_ljod\">21<\/span><\/a>til a\u00f0 heyra andv\u00f6rp bandingja<br \/>og leysa b\u00f6rn dau\u00f0ans, <br \/> <\/span> <span class=\"ljodatexti\"> <a name=\"22\"><span class=\"versanumer_ljod\">22<\/span><\/a> til a\u00f0 kunngj\u00f6ra nafn Drottins \u00e1 S\u00edon<br \/>og lofa hann \u00ed Jer\u00fasalem<br \/> <\/span> <span class=\"ljodatexti\"> <a name=\"23\"><span class=\"versanumer_ljod\">23<\/span><\/a> \u00feegar \u00fej\u00f3\u00f0ir safnast \u00fear saman<br \/>og konungsr\u00edki til a\u00f0 \u00fej\u00f3na Drottni.<br \/> <\/span> <span class=\"ljodatexti\"> <a name=\"24\"><span class=\"versanumer_ljod\">24<\/span><\/a> Hann buga\u00f0i kraft minn \u00e1 mi\u00f0ri \u00e6vi, <br \/>f\u00e6kka\u00f0i \u00e6vid\u00f6gum m\u00ednum.<br \/> <\/span> <span class=\"ljodatexti\"> <a name=\"25\"><span class=\"versanumer_ljod\">25<\/span><\/a> \u00c9g segi: \u201eGu\u00f0 minn, sviptu m\u00e9r ekki burt \u00e1 mi\u00f0ri \u00e6vi<br \/>\u00fev\u00ed a\u00f0 \u00e1r \u00fe\u00edn vara fr\u00e1 kyni til kyns.\u201c<br \/> <\/span> <span class=\"ljodatexti\"> <a name=\"26\"><span class=\"versanumer_ljod\">26<\/span><\/a> \u00cd \u00f6ndver\u00f0u grundvalla\u00f0ir \u00fe\u00fa j\u00f6r\u00f0ina<br \/>og himinninn er verk handa \u00feinna;<br \/> <\/span> <span class=\"ljodatexti\"> <a name=\"27\"><span class=\"versanumer_ljod\">27<\/span><\/a> \u00feau munu l\u00ed\u00f0a undir lok en \u00fe\u00fa varir,<br \/>\u00feau munu fyrnast sem fat,<br \/>\u00fe\u00fa leggur \u00feau fr\u00e1 \u00fe\u00e9r sem kl\u00e6\u00f0i og \u00feau hverfa<br \/> <\/span> <span class=\"ljodatexti\"> <a name=\"28\"><span class=\"versanumer_ljod\">28<\/span><\/a> en \u00fe\u00fa ert hinn sami og \u00e1r \u00fe\u00edn f\u00e1 engan enda.<br \/> <a name=\"29\"><span class=\"versanumer_ljod\">29<\/span><\/a> B\u00f6rn \u00fej\u00f3na \u00feinna munu b\u00faa \u00f3hult<br \/>og ni\u00f0jar \u00feeirra standa st\u00f6\u00f0ugir fyrir augliti \u00fe\u00ednu. <\/span><\/p>\n","protected":false},"excerpt":{"rendered":"<p>1 B\u00e6n hrj\u00e1\u00f0s manns \u00fe\u00e1 er hann \u00f6rmagnast og \u00fathellir harmi s\u00ednum fyrir augliti Drottins. 2Drottinn, heyr \u00fe\u00fa b\u00e6n m\u00edna,hr\u00f3p mitt berist til \u00fe\u00edn. 3Byrg eigi auglit \u00feitt fyrir m\u00e9r\u00feegar \u00e9g er \u00ed nau\u00f0um staddur,hneig eyra \u00feitt a\u00f0 m\u00e9r, svara m\u00e9r skj\u00f3tt \u00feegar \u00e9g kalla. 4Dagar m\u00ednir l\u00ed\u00f0a hj\u00e1 sem reykurog bein m\u00edn brenna sem \u00ed eldi, 5hjarta mitt er morna\u00f0 og \u00feorna\u00f0 sem gras \u00fev\u00ed a\u00f0 \u00e9g gleymi a\u00f0 eta brau\u00f0 mitt. 6Af kveinst\u00f6fum m\u00ednumer \u00e9g sem skinin bein. 7\u00c9g l\u00edkist pel\u00edkana \u00ed ey\u00f0im\u00f6rkinni,er eins og ugla \u00ed ey\u00f0ir\u00fast, 8\u00e9g ligg andvaka, l\u00edkist einmana fugli \u00e1 \u00feaki. 9Fjandmenn m\u00ednir <a href=\"https:\/\/biblian.is\/biblian\/salmarnir-102-kafli\/\"> [&#8230;]<\/a><\/p>\n","protected":false},"author":1,"featured_media":0,"parent":0,"menu_order":0,"comment_status":"open","ping_status":"open","template":"bibliukaflar_salmarnir.php","meta":{"footnotes":""},"class_list":["post-2197","page","type-page","status-publish","hentry"],"_links":{"self":[{"href":"https:\/\/biblian.is\/biblian\/wp-json\/wp\/v2\/pages\/2197","targetHints":{"allow":["GET"]}}],"collection":[{"href":"https:\/\/biblian.is\/biblian\/wp-json\/wp\/v2\/pages"}],"about":[{"href":"https:\/\/biblian.is\/biblian\/wp-json\/wp\/v2\/types\/page"}],"author":[{"embeddable":true,"href":"https:\/\/biblian.is\/biblian\/wp-json\/wp\/v2\/users\/1"}],"replies":[{"embeddable":true,"href":"https:\/\/biblian.is\/biblian\/wp-json\/wp\/v2\/comments?post=2197"}],"version-history":[{"count":0,"href":"https:\/\/biblian.is\/biblian\/wp-json\/wp\/v2\/pages\/2197\/revisions"}],"wp:attachment":[{"href":"https:\/\/biblian.is\/biblian\/wp-json\/wp\/v2\/media?parent=2197"}],"curies":[{"name":"wp","href":"https:\/\/api.w.org\/{rel}","templated":true}]}}